Oct 31 17:35:42.421 INFO testing uranixcz/copiosis-rocket against 1.30.0 for beta-1.31-1
Oct 31 17:35:42.422 INFO running `"docker" "create" "-v" "/mnt/big/crater/work/local/target-dirs/beta-1.31-1/worker-4/1.30.0:/target:rw,Z" "-v" "/mnt/big/crater/work/local/test-source/worker-4/beta-1.31-1/1.30.0:/source:ro,Z" "-v" "/mnt/big/crater/work/local/cargo-home:/cargo-home:ro,Z" "-v" "/mnt/big/crater/work/local/rustup-home:/rustup-home:ro,Z" "-e" "USER_ID=1000" "-e" "SOURCE_DIR=/source" "-e" "USER_ID=1000" "-e" "CMD=cargo +1.30.0 build --frozen" "-e" "CARGO_TARGET_DIR=/target" "-e" "CARGO_INCREMENTAL=0" "-e" "RUST_BACKTRACE=full" "-e" "RUSTFLAGS=--cap-lints=warn" "-e" "CARGO_HOME=/cargo-home" "-e" "RUSTUP_HOME=/rustup-home" "-m" "1536M" "--network" "none" "crater"`
Oct 31 17:35:42.811 INFO blam! a33eb0f149f41cb1408f92c2dcb90d3449ad69c456d48f79154944c68f638186
Oct 31 17:35:42.814 INFO running `"docker" "start" "-a" "a33eb0f149f41cb1408f92c2dcb90d3449ad69c456d48f79154944c68f638186"`
Oct 31 17:35:45.514 INFO kablam! usermod: no changes
Oct 31 17:35:45.766 INFO kablam!    Compiling yansi v0.4.0
Oct 31 17:35:45.768 INFO kablam!    Compiling httparse v1.3.3
Oct 31 17:35:45.769 INFO kablam!    Compiling lazy_static v0.2.11
Oct 31 17:35:45.775 INFO kablam!    Compiling void v1.0.2
Oct 31 17:35:45.775 INFO kablam!    Compiling pkg-config v0.3.14
Oct 31 17:35:45.775 INFO kablam!    Compiling byteorder v1.2.6
Oct 31 17:35:45.784 INFO kablam!    Compiling safemem v0.2.0
Oct 31 17:35:45.786 INFO kablam!    Compiling untrusted v0.5.1
Oct 31 17:35:46.596 INFO kablam!    Compiling language-tags v0.2.2
Oct 31 17:35:46.908 INFO kablam!    Compiling safemem v0.3.0
Oct 31 17:35:47.147 INFO kablam!    Compiling itoa v0.4.3
Oct 31 17:35:48.261 INFO kablam!    Compiling typeable v0.1.2
Oct 31 17:35:48.319 INFO kablam!    Compiling traitobject v0.1.0
Oct 31 17:35:49.237 INFO kablam!    Compiling state v0.4.1
Oct 31 17:35:49.580 INFO kablam!    Compiling pear v0.0.20
Oct 31 17:35:49.820 INFO kablam!    Compiling pest v0.3.3
Oct 31 17:35:54.837 INFO kablam!    Compiling ordermap v0.2.13
Oct 31 17:35:54.980 INFO kablam!    Compiling unicase v1.4.2
Oct 31 17:35:54.991 INFO kablam!    Compiling crossbeam-utils v0.2.2
Oct 31 17:35:55.048 INFO kablam!    Compiling log v0.4.5
Oct 31 17:35:55.050 INFO kablam!    Compiling num_cpus v1.8.0
Oct 31 17:35:55.267 INFO kablam!    Compiling time v0.1.40
Oct 31 17:35:55.471 INFO kablam!    Compiling isatty v0.1.9
Oct 31 17:35:57.019 INFO kablam!    Compiling unreachable v1.0.0
Oct 31 17:35:57.043 INFO kablam!    Compiling base64 v0.6.0
Oct 31 17:35:59.572 INFO kablam!    Compiling base64 v0.9.3
Oct 31 17:35:59.576 INFO kablam!    Compiling pear_codegen v0.0.20
Oct 31 17:35:59.608 INFO kablam!    Compiling rocket v0.3.17
Oct 31 17:35:59.632 INFO kablam!    Compiling rocket_codegen v0.3.17
Oct 31 17:35:59.732 INFO kablam!    Compiling libsqlite3-sys v0.9.3
Oct 31 17:36:01.695 INFO kablam!    Compiling smallvec v0.6.5
Oct 31 17:36:02.375 INFO kablam!    Compiling log v0.3.9
Oct 31 17:36:04.631 INFO kablam!    Compiling toml v0.4.8
Oct 31 17:36:04.803 INFO kablam!    Compiling serde_json v1.0.32
Oct 31 17:36:05.535 INFO kablam! error: failed to run custom build command for `pear_codegen v0.0.20`
Oct 31 17:36:05.535 INFO kablam! process didn't exit successfully: `/target/debug/build/pear_codegen-f065481c891cbf91/build-script-build` (exit code: 101)
Oct 31 17:36:05.535 INFO kablam! --- stderr
Oct 31 17:36:05.536 INFO kablam! [1;31mError:[0m [37mPear requires a nightly or dev version of Rust.[0m
Oct 31 17:36:05.536 INFO kablam! [37mInstalled version is:[0m [33m1.30.0 (2018-10-24)[0m. [37mMinimum required:[0m [33m1.30.0-nightly (2018-08-23)[0m.
Oct 31 17:36:05.536 INFO kablam! thread 'main' panicked at 'Aborting compilation due to incompatible compiler.', /cargo-home/registry/src/github.com-1ecc6299db9ec823/pear_codegen-0.0.20/build.rs:31:13
Oct 31 17:36:05.536 INFO kablam! stack backtrace:
Oct 31 17:36:05.536 INFO kablam!    0:     0x55e46866e53e - std::sys::unix::backtrace::tracing::imp::unwind_backtrace::hf5316c67202e23c8
Oct 31 17:36:05.536 INFO kablam!                                at libstd/sys/unix/backtrace/tracing/gcc_s.rs:49
Oct 31 17:36:05.536 INFO kablam!    1:     0x55e46865fb66 - std::sys_common::backtrace::print::h3068ed2a6dc7ac86
Oct 31 17:36:05.536 INFO kablam!                                at libstd/sys_common/backtrace.rs:71
Oct 31 17:36:05.536 INFO kablam!                                at libstd/sys_common/backtrace.rs:59
Oct 31 17:36:05.536 INFO kablam!    2:     0x55e46865e45d - std::panicking::default_hook::{{closure}}::h1b9d29cc09d41897
Oct 31 17:36:05.536 INFO kablam!                                at libstd/panicking.rs:211
Oct 31 17:36:05.536 INFO kablam!    3:     0x55e46865e1d0 - std::panicking::default_hook::h3a27b204a313406b
Oct 31 17:36:05.536 INFO kablam!                                at libstd/panicking.rs:227
Oct 31 17:36:05.536 INFO kablam!    4:     0x55e46865ea5c - std::panicking::rust_panic_with_hook::h0e12cb2fc86d00fa
Oct 31 17:36:05.536 INFO kablam!                                at libstd/panicking.rs:477
Oct 31 17:36:05.536 INFO kablam!    5:     0x55e468641a1f - std::panicking::begin_panic::hece7245abde801b1
Oct 31 17:36:05.536 INFO kablam!                                at libstd/panicking.rs:411
Oct 31 17:36:05.536 INFO kablam!    6:     0x55e46863fb5a - build_script_build::main::h100eb028fd225bc3
Oct 31 17:36:05.536 INFO kablam!                                at /cargo-home/registry/src/github.com-1ecc6299db9ec823/pear_codegen-0.0.20/build.rs:31
Oct 31 17:36:05.536 INFO kablam!    7:     0x55e46864230f - std::rt::lang_start::{{closure}}::h58893cc0f2f8c464
Oct 31 17:36:05.536 INFO kablam!                                at libstd/rt.rs:74
Oct 31 17:36:05.536 INFO kablam!    8:     0x55e46865e502 - std::panicking::try::do_call::h572dc6f90deb1a4d
Oct 31 17:36:05.536 INFO kablam!                                at libstd/rt.rs:59
Oct 31 17:36:05.536 INFO kablam!                                at libstd/panicking.rs:310
Oct 31 17:36:05.536 INFO kablam!    9:     0x55e46867f469 - __rust_maybe_catch_panic
Oct 31 17:36:05.536 INFO kablam!                                at libpanic_unwind/lib.rs:103
Oct 31 17:36:05.536 INFO kablam!   10:     0x55e468669535 - std::rt::lang_start_internal::hce01021c3c1cf20d
Oct 31 17:36:05.536 INFO kablam!                                at libstd/panicking.rs:289
Oct 31 17:36:05.536 INFO kablam!                                at libstd/panic.rs:392
Oct 31 17:36:05.536 INFO kablam!                                at libstd/rt.rs:58
Oct 31 17:36:05.536 INFO kablam!   11:     0x55e4686422e7 - std::rt::lang_start::h50bb3dde35acaf71
Oct 31 17:36:05.536 INFO kablam!                                at libstd/rt.rs:74
Oct 31 17:36:05.536 INFO kablam!   12:     0x55e468640a09 - main
Oct 31 17:36:05.536 INFO kablam!   13:     0x7fc9b7b8182f - __libc_start_main
Oct 31 17:36:05.536 INFO kablam!   14:     0x55e46863f448 - _start
Oct 31 17:36:05.536 INFO kablam!   15:                0x0 - <unknown>
Oct 31 17:36:05.536 INFO kablam! 
Oct 31 17:36:05.537 INFO kablam! warning: build failed, waiting for other jobs to finish...
Oct 31 17:36:05.603 INFO kablam! error: failed to run custom build command for `rocket_codegen v0.3.17`
Oct 31 17:36:05.603 INFO kablam! process didn't exit successfully: `/target/debug/build/rocket_codegen-065296a954a0eadc/build-script-build` (exit code: 101)
Oct 31 17:36:05.603 INFO kablam! --- stderr
Oct 31 17:36:05.603 INFO kablam! [1;31mError:[0m [37mRocket requires a nightly or dev version of Rust.[0m
Oct 31 17:36:05.603 INFO kablam! [37mInstalled version is:[0m [33m1.30.0 (2018-10-24)[0m. [37mMinimum required:[0m [33m1.30.0-nightly (2018-08-23)[0m.
Oct 31 17:36:05.603 INFO kablam! [34mSee the getting started guide ([0m[37mhttps://rocket.rs/guide/getting-started/[0m[34m) for more information.[0m
Oct 31 17:36:05.603 INFO kablam! thread 'main' panicked at 'Aborting compilation due to incompatible compiler.', /cargo-home/registry/src/github.com-1ecc6299db9ec823/rocket_codegen-0.3.17/build.rs:38:17
Oct 31 17:36:05.603 INFO kablam! stack backtrace:
Oct 31 17:36:05.603 INFO kablam!    0:     0x5556c167475e - std::sys::unix::backtrace::tracing::imp::unwind_backtrace::hf5316c67202e23c8
Oct 31 17:36:05.603 INFO kablam!                                at libstd/sys/unix/backtrace/tracing/gcc_s.rs:49
Oct 31 17:36:05.603 INFO kablam!    1:     0x5556c1665d86 - std::sys_common::backtrace::print::h3068ed2a6dc7ac86
Oct 31 17:36:05.603 INFO kablam!                                at libstd/sys_common/backtrace.rs:71
Oct 31 17:36:05.603 INFO kablam!                                at libstd/sys_common/backtrace.rs:59
Oct 31 17:36:05.603 INFO kablam!    2:     0x5556c166467d - std::panicking::default_hook::{{closure}}::h1b9d29cc09d41897
Oct 31 17:36:05.603 INFO kablam!                                at libstd/panicking.rs:211
Oct 31 17:36:05.603 INFO kablam!    3:     0x5556c16643f0 - std::panicking::default_hook::h3a27b204a313406b
Oct 31 17:36:05.603 INFO kablam!                                at libstd/panicking.rs:227
Oct 31 17:36:05.603 INFO kablam!    4:     0x5556c1664c7c - std::panicking::rust_panic_with_hook::h0e12cb2fc86d00fa
Oct 31 17:36:05.603 INFO kablam!                                at libstd/panicking.rs:477
Oct 31 17:36:05.603 INFO kablam!    5:     0x5556c1647c3f - std::panicking::begin_panic::hddc647c8bfe12209
Oct 31 17:36:05.603 INFO kablam!                                at libstd/panicking.rs:411
Oct 31 17:36:05.603 INFO kablam!    6:     0x5556c1645d92 - build_script_build::main::hca575570882e1283
Oct 31 17:36:05.603 INFO kablam!                                at /cargo-home/registry/src/github.com-1ecc6299db9ec823/rocket_codegen-0.3.17/build.rs:38
Oct 31 17:36:05.603 INFO kablam!    7:     0x5556c164852f - std::rt::lang_start::{{closure}}::hc1d08fec889ab574
Oct 31 17:36:05.603 INFO kablam!                                at libstd/rt.rs:74
Oct 31 17:36:05.603 INFO kablam!    8:     0x5556c1664722 - std::panicking::try::do_call::h572dc6f90deb1a4d
Oct 31 17:36:05.603 INFO kablam!                                at libstd/rt.rs:59
Oct 31 17:36:05.603 INFO kablam!                                at libstd/panicking.rs:310
Oct 31 17:36:05.603 INFO kablam!    9:     0x5556c1685689 - __rust_maybe_catch_panic
Oct 31 17:36:05.603 INFO kablam!                                at libpanic_unwind/lib.rs:103
Oct 31 17:36:05.603 INFO kablam!   10:     0x5556c166f755 - std::rt::lang_start_internal::hce01021c3c1cf20d
Oct 31 17:36:05.603 INFO kablam!                                at libstd/panicking.rs:289
Oct 31 17:36:05.603 INFO kablam!                                at libstd/panic.rs:392
Oct 31 17:36:05.603 INFO kablam!                                at libstd/rt.rs:58
Oct 31 17:36:05.603 INFO kablam!   11:     0x5556c1648507 - std::rt::lang_start::h5c29b5ab0953ccbf
Oct 31 17:36:05.603 INFO kablam!                                at libstd/rt.rs:74
Oct 31 17:36:05.603 INFO kablam!   12:     0x5556c1646c29 - main
Oct 31 17:36:05.603 INFO kablam!   13:     0x7f882228482f - __libc_start_main
Oct 31 17:36:05.603 INFO kablam!   14:     0x5556c1645448 - _start
Oct 31 17:36:05.603 INFO kablam!   15:                0x0 - <unknown>
Oct 31 17:36:05.603 INFO kablam! 
Oct 31 17:36:05.604 INFO kablam! warning: build failed, waiting for other jobs to finish...
Oct 31 17:36:05.605 INFO kablam! error: failed to run custom build command for `rocket v0.3.17`
Oct 31 17:36:05.605 INFO kablam! process didn't exit successfully: `/target/debug/build/rocket-6d353c63f1f09831/build-script-build` (exit code: 101)
Oct 31 17:36:05.605 INFO kablam! --- stderr
Oct 31 17:36:05.605 INFO kablam! [1;31mError:[0m [37mRocket requires a nightly or dev version of Rust.[0m
Oct 31 17:36:05.605 INFO kablam! [37mInstalled version is:[0m [33m1.30.0 (2018-10-24)[0m. [37mMinimum required:[0m [33m1.27.0-nightly (2018-04-26)[0m.
Oct 31 17:36:05.605 INFO kablam! [34mSee the getting started guide ([0m[37mhttps://rocket.rs/guide/getting-started/[0m[34m) for more information.[0m
Oct 31 17:36:05.605 INFO kablam! thread 'main' panicked at 'Aborting compilation due to incompatible compiler.', /cargo-home/registry/src/github.com-1ecc6299db9ec823/rocket-0.3.17/build.rs:38:13
Oct 31 17:36:05.605 INFO kablam! stack backtrace:
Oct 31 17:36:05.605 INFO kablam!    0:     0x55562c46f76e - std::sys::unix::backtrace::tracing::imp::unwind_backtrace::hf5316c67202e23c8
Oct 31 17:36:05.605 INFO kablam!                                at libstd/sys/unix/backtrace/tracing/gcc_s.rs:49
Oct 31 17:36:05.605 INFO kablam!    1:     0x55562c460d96 - std::sys_common::backtrace::print::h3068ed2a6dc7ac86
Oct 31 17:36:05.605 INFO kablam!                                at libstd/sys_common/backtrace.rs:71
Oct 31 17:36:05.605 INFO kablam!                                at libstd/sys_common/backtrace.rs:59
Oct 31 17:36:05.605 INFO kablam!    2:     0x55562c45f68d - std::panicking::default_hook::{{closure}}::h1b9d29cc09d41897
Oct 31 17:36:05.605 INFO kablam!                                at libstd/panicking.rs:211
Oct 31 17:36:05.605 INFO kablam!    3:     0x55562c45f400 - std::panicking::default_hook::h3a27b204a313406b
Oct 31 17:36:05.605 INFO kablam!                                at libstd/panicking.rs:227
Oct 31 17:36:05.605 INFO kablam!    4:     0x55562c45fc8c - std::panicking::rust_panic_with_hook::h0e12cb2fc86d00fa
Oct 31 17:36:05.605 INFO kablam!                                at libstd/panicking.rs:477
Oct 31 17:36:05.605 INFO kablam!    5:     0x55562c442c4f - std::panicking::begin_panic::h6f76a9aa2200ec68
Oct 31 17:36:05.605 INFO kablam!                                at libstd/panicking.rs:411
Oct 31 17:36:05.605 INFO kablam!    6:     0x55562c440d93 - build_script_build::main::hbdc2e7f0601811f1
Oct 31 17:36:05.605 INFO kablam!                                at /cargo-home/registry/src/github.com-1ecc6299db9ec823/rocket-0.3.17/build.rs:38
Oct 31 17:36:05.605 INFO kablam!    7:     0x55562c44353f - std::rt::lang_start::{{closure}}::he5f3ef7254d2e862
Oct 31 17:36:05.605 INFO kablam!                                at libstd/rt.rs:74
Oct 31 17:36:05.605 INFO kablam!    8:     0x55562c45f732 - std::panicking::try::do_call::h572dc6f90deb1a4d
Oct 31 17:36:05.605 INFO kablam!                                at libstd/rt.rs:59
Oct 31 17:36:05.605 INFO kablam!                                at libstd/panicking.rs:310
Oct 31 17:36:05.605 INFO kablam!    9:     0x55562c480699 - __rust_maybe_catch_panic
Oct 31 17:36:05.605 INFO kablam!                                at libpanic_unwind/lib.rs:103
Oct 31 17:36:05.605 INFO kablam!   10:     0x55562c46a765 - std::rt::lang_start_internal::hce01021c3c1cf20d
Oct 31 17:36:05.605 INFO kablam!                                at libstd/panicking.rs:289
Oct 31 17:36:05.605 INFO kablam!                                at libstd/panic.rs:392
Oct 31 17:36:05.605 INFO kablam!                                at libstd/rt.rs:58
Oct 31 17:36:05.605 INFO kablam!   11:     0x55562c443517 - std::rt::lang_start::hd42ba4a60edfcdb8
Oct 31 17:36:05.605 INFO kablam!                                at libstd/rt.rs:74
Oct 31 17:36:05.605 INFO kablam!   12:     0x55562c441c39 - main
Oct 31 17:36:05.605 INFO kablam!   13:     0x7f17cb7ad82f - __libc_start_main
Oct 31 17:36:05.605 INFO kablam!   14:     0x55562c440448 - _start
Oct 31 17:36:05.605 INFO kablam!   15:                0x0 - <unknown>
Oct 31 17:36:05.607 INFO kablam! 
Oct 31 17:36:05.607 INFO kablam! warning: build failed, waiting for other jobs to finish...
Oct 31 17:36:14.842 INFO kablam! error: build failed
Oct 31 17:36:14.849 INFO kablam! su: No module specific data is present
Oct 31 17:36:15.717 INFO running `"docker" "rm" "-f" "a33eb0f149f41cb1408f92c2dcb90d3449ad69c456d48f79154944c68f638186"`
Oct 31 17:36:16.015 INFO blam! a33eb0f149f41cb1408f92c2dcb90d3449ad69c456d48f79154944c68f638186
