Oct 31 17:55:44.510 INFO testing twissel/tickets-search against beta-2018-10-30 for beta-1.31-1
Oct 31 17:55:44.510 INFO running `"docker" "create" "-v" "/mnt/big/crater/work/local/target-dirs/beta-1.31-1/worker-6/beta-2018-10-30:/target:rw,Z" "-v" "/mnt/big/crater/work/local/test-source/worker-6/beta-1.31-1/beta-2018-10-30:/source:ro,Z" "-v" "/mnt/big/crater/work/local/cargo-home:/cargo-home:ro,Z" "-v" "/mnt/big/crater/work/local/rustup-home:/rustup-home:ro,Z" "-e" "USER_ID=1000" "-e" "SOURCE_DIR=/source" "-e" "USER_ID=1000" "-e" "CMD=cargo +beta-2018-10-30 build --frozen" "-e" "CARGO_TARGET_DIR=/target" "-e" "CARGO_INCREMENTAL=0" "-e" "RUST_BACKTRACE=full" "-e" "RUSTFLAGS=--cap-lints=warn" "-e" "CARGO_HOME=/cargo-home" "-e" "RUSTUP_HOME=/rustup-home" "-m" "1536M" "--network" "none" "crater"`
Oct 31 17:55:45.403 INFO blam! 3e1977f3a18be9c19b4e79e93ccb5d95b1ebc29bfd2012f3bd5b7f1a0b9cb837
Oct 31 17:55:45.405 INFO running `"docker" "start" "-a" "3e1977f3a18be9c19b4e79e93ccb5d95b1ebc29bfd2012f3bd5b7f1a0b9cb837"`
Oct 31 17:55:46.978 INFO kablam! usermod: no changes
Oct 31 17:55:47.410 INFO kablam!    Compiling httparse v1.3.2
Oct 31 17:55:47.419 INFO kablam!    Compiling fixedbitset v0.1.9
Oct 31 17:55:47.419 INFO kablam!    Compiling ordermap v0.3.5
Oct 31 17:55:47.419 INFO kablam!    Compiling crossbeam-utils v0.3.2
Oct 31 17:55:47.427 INFO kablam!    Compiling log v0.4.3
Oct 31 17:55:47.427 INFO kablam!    Compiling crossbeam-utils v0.2.2
Oct 31 17:55:47.427 INFO kablam!    Compiling net2 v0.2.33
Oct 31 17:55:47.459 INFO kablam!    Compiling actix-web v0.6.14
Oct 31 17:55:49.383 INFO kablam!    Compiling uuid v0.6.5
Oct 31 17:55:49.411 INFO kablam!    Compiling aho-corasick v0.6.5
Oct 31 17:55:52.716 INFO kablam!    Compiling tokio-timer v0.2.4
Oct 31 17:55:52.721 INFO kablam!    Compiling http v0.1.7
Oct 31 17:55:52.755 INFO kablam!    Compiling crossbeam-epoch v0.3.1
Oct 31 17:55:52.991 INFO kablam!    Compiling crossbeam-epoch v0.4.3
Oct 31 17:55:55.464 INFO kablam!    Compiling tokio-io v0.1.7
Oct 31 17:55:55.581 INFO kablam!    Compiling mio v0.6.15
Oct 31 17:55:55.719 INFO kablam!    Compiling syn v0.14.4
Oct 31 17:55:56.060 INFO kablam!    Compiling serde_json v1.0.22
Oct 31 17:56:01.795 INFO kablam!    Compiling semver v0.9.0
Oct 31 17:56:01.876 INFO kablam!    Compiling regex v1.0.1
Oct 31 17:56:02.231 INFO kablam!    Compiling petgraph v0.4.12
Oct 31 17:56:06.376 INFO kablam!    Compiling mime v0.3.8
Oct 31 17:56:14.228 INFO kablam!    Compiling crossbeam-deque v0.2.0
Oct 31 17:56:14.244 INFO kablam!    Compiling crossbeam-deque v0.3.1
Oct 31 17:56:14.497 INFO kablam!    Compiling crossbeam-channel v0.1.3
Oct 31 17:56:16.419 INFO kablam! error[E0034]: multiple applicable items in scope
Oct 31 17:56:16.419 INFO kablam!     --> /cargo-home/registry/src/github.com-1ecc6299db9ec823/petgraph-0.4.12/src/graph_impl/stable_graph/mod.rs:1171:19
Oct 31 17:56:16.419 INFO kablam!      |
Oct 31 17:56:16.419 INFO kablam! 1171 |         self.iter.find_map(|(i, node)| {
Oct 31 17:56:16.419 INFO kablam!      |                   ^^^^^^^^ multiple `find_map` found
Oct 31 17:56:16.420 INFO kablam!      |
Oct 31 17:56:16.421 INFO kablam! note: candidate #1 is defined in an impl of the trait `iter_utils::IterUtilsExt` for the type `_`
Oct 31 17:56:16.421 INFO kablam!     --> /cargo-home/registry/src/github.com-1ecc6299db9ec823/petgraph-0.4.12/src/iter_utils.rs:5:5
Oct 31 17:56:16.421 INFO kablam!      |
Oct 31 17:56:16.421 INFO kablam! 5    | /     fn find_map<F, R>(&mut self, mut f: F) -> Option<R>
Oct 31 17:56:16.421 INFO kablam! 6    | |         where F: FnMut(Self::Item) -> Option<R>
Oct 31 17:56:16.421 INFO kablam! 7    | |     {
Oct 31 17:56:16.421 INFO kablam! 8    | |         while let Some(elt) = self.next() {
Oct 31 17:56:16.421 INFO kablam! ...    |
Oct 31 17:56:16.422 INFO kablam! 13   | |         None
Oct 31 17:56:16.422 INFO kablam! 14   | |     }
Oct 31 17:56:16.422 INFO kablam!      | |_____^
Oct 31 17:56:16.423 INFO kablam!      = note: candidate #2 is defined in an impl of the trait `std::iter::Iterator` for the type `std::iter::Enumerate<_>`
Oct 31 17:56:16.423 INFO kablam! 
Oct 31 17:56:16.583 INFO kablam! error[E0034]: multiple applicable items in scope
Oct 31 17:56:16.583 INFO kablam!     --> /cargo-home/registry/src/github.com-1ecc6299db9ec823/petgraph-0.4.12/src/graph_impl/stable_graph/mod.rs:1363:19
Oct 31 17:56:16.584 INFO kablam!      |
Oct 31 17:56:16.584 INFO kablam! 1363 |         self.iter.find_map(|(i, edge)|
Oct 31 17:56:16.584 INFO kablam!      |                   ^^^^^^^^ multiple `find_map` found
Oct 31 17:56:16.585 INFO kablam!      |
Oct 31 17:56:16.585 INFO kablam! note: candidate #1 is defined in an impl of the trait `iter_utils::IterUtilsExt` for the type `_`
Oct 31 17:56:16.586 INFO kablam!     --> /cargo-home/registry/src/github.com-1ecc6299db9ec823/petgraph-0.4.12/src/iter_utils.rs:5:5
Oct 31 17:56:16.586 INFO kablam!      |
Oct 31 17:56:16.587 INFO kablam! 5    | /     fn find_map<F, R>(&mut self, mut f: F) -> Option<R>
Oct 31 17:56:16.587 INFO kablam! 6    | |         where F: FnMut(Self::Item) -> Option<R>
Oct 31 17:56:16.588 INFO kablam! 7    | |     {
Oct 31 17:56:16.588 INFO kablam! 8    | |         while let Some(elt) = self.next() {
Oct 31 17:56:16.588 INFO kablam! ...    |
Oct 31 17:56:16.588 INFO kablam! 13   | |         None
Oct 31 17:56:16.588 INFO kablam! 14   | |     }
Oct 31 17:56:16.588 INFO kablam!      | |_____^
Oct 31 17:56:16.591 INFO kablam!      = note: candidate #2 is defined in an impl of the trait `std::iter::Iterator` for the type `std::iter::Enumerate<_>`
Oct 31 17:56:16.591 INFO kablam! 
Oct 31 17:56:16.671 INFO kablam! error[E0034]: multiple applicable items in scope
Oct 31 17:56:16.672 INFO kablam!     --> /cargo-home/registry/src/github.com-1ecc6299db9ec823/petgraph-0.4.12/src/graph_impl/stable_graph/mod.rs:1527:19
Oct 31 17:56:16.673 INFO kablam!      |
Oct 31 17:56:16.673 INFO kablam! 1527 |         self.iter.find_map(|(i, node)| {
Oct 31 17:56:16.674 INFO kablam!      |                   ^^^^^^^^ multiple `find_map` found
Oct 31 17:56:16.674 INFO kablam!      |
Oct 31 17:56:16.675 INFO kablam! note: candidate #1 is defined in an impl of the trait `iter_utils::IterUtilsExt` for the type `_`
Oct 31 17:56:16.675 INFO kablam!     --> /cargo-home/registry/src/github.com-1ecc6299db9ec823/petgraph-0.4.12/src/iter_utils.rs:5:5
Oct 31 17:56:16.676 INFO kablam!      |
Oct 31 17:56:16.676 INFO kablam! 5    | /     fn find_map<F, R>(&mut self, mut f: F) -> Option<R>
Oct 31 17:56:16.677 INFO kablam! 6    | |         where F: FnMut(Self::Item) -> Option<R>
Oct 31 17:56:16.677 INFO kablam! 7    | |     {
Oct 31 17:56:16.678 INFO kablam! 8    | |         while let Some(elt) = self.next() {
Oct 31 17:56:16.679 INFO kablam! ...    |
Oct 31 17:56:16.679 INFO kablam! 13   | |         None
Oct 31 17:56:16.680 INFO kablam! 14   | |     }
Oct 31 17:56:16.680 INFO kablam!      | |_____^
Oct 31 17:56:16.681 INFO kablam!      = note: candidate #2 is defined in an impl of the trait `std::iter::Iterator` for the type `std::iter::Enumerate<_>`
Oct 31 17:56:16.681 INFO kablam! 
Oct 31 17:56:16.715 INFO kablam! error[E0034]: multiple applicable items in scope
Oct 31 17:56:16.716 INFO kablam!     --> /cargo-home/registry/src/github.com-1ecc6299db9ec823/petgraph-0.4.12/src/graph_impl/stable_graph/mod.rs:1573:19
Oct 31 17:56:16.716 INFO kablam!      |
Oct 31 17:56:16.717 INFO kablam! 1573 |         self.iter.find_map(|(i, node)| {
Oct 31 17:56:16.717 INFO kablam!      |                   ^^^^^^^^ multiple `find_map` found
Oct 31 17:56:16.718 INFO kablam!      |
Oct 31 17:56:16.718 INFO kablam! note: candidate #1 is defined in an impl of the trait `iter_utils::IterUtilsExt` for the type `_`
Oct 31 17:56:16.719 INFO kablam!     --> /cargo-home/registry/src/github.com-1ecc6299db9ec823/petgraph-0.4.12/src/iter_utils.rs:5:5
Oct 31 17:56:16.719 INFO kablam!      |
Oct 31 17:56:16.720 INFO kablam! 5    | /     fn find_map<F, R>(&mut self, mut f: F) -> Option<R>
Oct 31 17:56:16.721 INFO kablam! 6    | |         where F: FnMut(Self::Item) -> Option<R>
Oct 31 17:56:16.721 INFO kablam! 7    | |     {
Oct 31 17:56:16.722 INFO kablam! 8    | |         while let Some(elt) = self.next() {
Oct 31 17:56:16.722 INFO kablam! ...    |
Oct 31 17:56:16.723 INFO kablam! 13   | |         None
Oct 31 17:56:16.723 INFO kablam! 14   | |     }
Oct 31 17:56:16.724 INFO kablam!      | |_____^
Oct 31 17:56:16.724 INFO kablam!      = note: candidate #2 is defined in an impl of the trait `std::iter::Iterator` for the type `std::iter::Enumerate<_>`
Oct 31 17:56:16.725 INFO kablam! 
Oct 31 17:56:19.043 INFO kablam! error: aborting due to 4 previous errors
Oct 31 17:56:19.055 INFO kablam! 
Oct 31 17:56:19.056 INFO kablam! For more information about this error, try `rustc --explain E0034`.
Oct 31 17:56:19.120 INFO kablam! error: Could not compile `petgraph`.
Oct 31 17:56:19.121 INFO kablam! warning: build failed, waiting for other jobs to finish...
Oct 31 17:56:40.614 INFO kablam! error: build failed
Oct 31 17:56:40.617 INFO kablam! su: No module specific data is present
Oct 31 17:56:42.421 INFO running `"docker" "rm" "-f" "3e1977f3a18be9c19b4e79e93ccb5d95b1ebc29bfd2012f3bd5b7f1a0b9cb837"`
Oct 31 17:56:42.821 INFO blam! 3e1977f3a18be9c19b4e79e93ccb5d95b1ebc29bfd2012f3bd5b7f1a0b9cb837
