Nov 01 00:38:53.801 INFO testing pepyakin/substrate-contracts-adder against beta-2018-10-30 for beta-1.31-1
Nov 01 00:38:53.802 INFO running `"docker" "create" "-v" "/mnt/big/crater/work/local/target-dirs/beta-1.31-1/worker-7/beta-2018-10-30:/target:rw,Z" "-v" "/mnt/big/crater/work/local/test-source/worker-7/beta-1.31-1/beta-2018-10-30:/source:ro,Z" "-v" "/mnt/big/crater/work/local/cargo-home:/cargo-home:ro,Z" "-v" "/mnt/big/crater/work/local/rustup-home:/rustup-home:ro,Z" "-e" "USER_ID=1000" "-e" "SOURCE_DIR=/source" "-e" "USER_ID=1000" "-e" "CMD=cargo +beta-2018-10-30 build --frozen" "-e" "CARGO_TARGET_DIR=/target" "-e" "CARGO_INCREMENTAL=0" "-e" "RUST_BACKTRACE=full" "-e" "RUSTFLAGS=--cap-lints=warn" "-e" "CARGO_HOME=/cargo-home" "-e" "RUSTUP_HOME=/rustup-home" "-m" "1536M" "--network" "none" "crater"`
Nov 01 00:38:54.283 INFO blam! a8e29129b57efc4198c54e003f1fa87e4b4c69b062f8636a3f730fe5b293c85e
Nov 01 00:38:54.295 INFO running `"docker" "start" "-a" "a8e29129b57efc4198c54e003f1fa87e4b4c69b062f8636a3f730fe5b293c85e"`
Nov 01 00:38:56.038 INFO kablam! usermod: no changes
Nov 01 00:38:56.127 INFO kablam!    Compiling wee_alloc v0.4.2
Nov 01 00:38:56.127 INFO kablam!    Compiling libc v0.2.43
Nov 01 00:38:56.129 INFO kablam!    Compiling memory_units v0.4.0
Nov 01 00:38:56.135 INFO kablam!    Compiling parity-codec v2.0.3
Nov 01 00:38:56.135 INFO kablam!    Compiling parity-codec-derive v2.0.4
Nov 01 00:38:56.821 INFO kablam! error[E0554]: #![feature] may not be used on the beta release channel
Nov 01 00:38:56.821 INFO kablam!   --> /cargo-home/registry/src/github.com-1ecc6299db9ec823/parity-codec-2.0.3/src/lib.rs:20:35
Nov 01 00:38:56.821 INFO kablam!    |
Nov 01 00:38:56.821 INFO kablam! 20 | #![cfg_attr(not(feature = "std"), feature(alloc))]
Nov 01 00:38:56.821 INFO kablam!    |                                   ^^^^^^^^^^^^^^
Nov 01 00:38:56.827 INFO kablam! 
Nov 01 00:38:56.859 INFO kablam! error: aborting due to previous error
Nov 01 00:38:56.859 INFO kablam! 
Nov 01 00:38:56.859 INFO kablam! For more information about this error, try `rustc --explain E0554`.
Nov 01 00:38:56.879 INFO kablam! error: Could not compile `parity-codec`.
Nov 01 00:38:56.879 INFO kablam! warning: build failed, waiting for other jobs to finish...
Nov 01 00:38:58.587 INFO kablam! error[E0554]: #![feature] may not be used on the beta release channel
Nov 01 00:38:58.587 INFO kablam!   --> /cargo-home/registry/src/github.com-1ecc6299db9ec823/parity-codec-derive-2.0.4/src/lib.rs:18:35
Nov 01 00:38:58.587 INFO kablam!    |
Nov 01 00:38:58.587 INFO kablam! 18 | #![cfg_attr(not(feature = "std"), feature(core_intrinsics))]
Nov 01 00:38:58.588 INFO kablam!    |                                   ^^^^^^^^^^^^^^^^^^^^^^^^
Nov 01 00:38:58.588 INFO kablam! 
Nov 01 00:38:58.588 INFO kablam! error[E0554]: #![feature] may not be used on the beta release channel
Nov 01 00:38:58.588 INFO kablam!   --> /cargo-home/registry/src/github.com-1ecc6299db9ec823/parity-codec-derive-2.0.4/src/lib.rs:19:35
Nov 01 00:38:58.588 INFO kablam!    |
Nov 01 00:38:58.588 INFO kablam! 19 | #![cfg_attr(not(feature = "std"), feature(alloc))]
Nov 01 00:38:58.589 INFO kablam!    |                                   ^^^^^^^^^^^^^^
Nov 01 00:38:58.589 INFO kablam! 
Nov 01 00:38:58.589 INFO kablam! error: aborting due to 2 previous errors
Nov 01 00:38:58.589 INFO kablam! 
Nov 01 00:38:58.595 INFO kablam! For more information about this error, try `rustc --explain E0554`.
Nov 01 00:38:58.601 INFO kablam! error: Could not compile `parity-codec-derive`.
Nov 01 00:38:58.602 INFO kablam! warning: build failed, waiting for other jobs to finish...
Nov 01 00:38:58.855 INFO kablam! error: build failed
Nov 01 00:38:58.855 INFO kablam! su: No module specific data is present
Nov 01 00:38:59.547 INFO running `"docker" "rm" "-f" "a8e29129b57efc4198c54e003f1fa87e4b4c69b062f8636a3f730fe5b293c85e"`
Nov 01 00:38:59.709 INFO blam! a8e29129b57efc4198c54e003f1fa87e4b4c69b062f8636a3f730fe5b293c85e
