Nov 01 00:38:54.172 INFO testing pepyakin/substrate-contracts-adder against 1.30.0 for beta-1.31-1
Nov 01 00:38:54.172 INFO running `"docker" "create" "-v" "/mnt/big/crater/work/local/target-dirs/beta-1.31-1/worker-3/1.30.0:/target:rw,Z" "-v" "/mnt/big/crater/work/local/test-source/worker-3/beta-1.31-1/1.30.0:/source:ro,Z" "-v" "/mnt/big/crater/work/local/cargo-home:/cargo-home:ro,Z" "-v" "/mnt/big/crater/work/local/rustup-home:/rustup-home:ro,Z" "-e" "USER_ID=1000" "-e" "SOURCE_DIR=/source" "-e" "USER_ID=1000" "-e" "CMD=cargo +1.30.0 build --frozen" "-e" "CARGO_TARGET_DIR=/target" "-e" "CARGO_INCREMENTAL=0" "-e" "RUST_BACKTRACE=full" "-e" "RUSTFLAGS=--cap-lints=warn" "-e" "CARGO_HOME=/cargo-home" "-e" "RUSTUP_HOME=/rustup-home" "-m" "1536M" "--network" "none" "crater"`
Nov 01 00:38:54.575 INFO blam! 96b80270d8053d9a24f5a6edefe3a2d5dad6055cf845bd8fc73e70d22026e7e5
Nov 01 00:38:54.581 INFO running `"docker" "start" "-a" "96b80270d8053d9a24f5a6edefe3a2d5dad6055cf845bd8fc73e70d22026e7e5"`
Nov 01 00:38:56.038 INFO kablam! usermod: no changes
Nov 01 00:38:56.135 INFO kablam!    Compiling wee_alloc v0.4.2
Nov 01 00:38:56.139 INFO kablam!    Compiling memory_units v0.4.0
Nov 01 00:38:56.139 INFO kablam!    Compiling libc v0.2.43
Nov 01 00:38:56.139 INFO kablam!    Compiling parity-codec v2.0.3
Nov 01 00:38:56.139 INFO kablam!    Compiling parity-codec-derive v2.0.4
Nov 01 00:38:56.775 INFO kablam! error[E0554]: #![feature] may not be used on the stable release channel
Nov 01 00:38:56.776 INFO kablam!   --> /cargo-home/registry/src/github.com-1ecc6299db9ec823/parity-codec-2.0.3/src/lib.rs:20:35
Nov 01 00:38:56.777 INFO kablam!    |
Nov 01 00:38:56.778 INFO kablam! 20 | #![cfg_attr(not(feature = "std"), feature(alloc))]
Nov 01 00:38:56.778 INFO kablam!    |                                   ^^^^^^^^^^^^^^^
Nov 01 00:38:56.779 INFO kablam! 
Nov 01 00:38:56.810 INFO kablam! error: aborting due to previous error
Nov 01 00:38:56.810 INFO kablam! 
Nov 01 00:38:56.810 INFO kablam! For more information about this error, try `rustc --explain E0554`.
Nov 01 00:38:56.830 INFO kablam! error: Could not compile `parity-codec`.
Nov 01 00:38:56.831 INFO kablam! warning: build failed, waiting for other jobs to finish...
Nov 01 00:38:58.782 INFO kablam! error[E0554]: #![feature] may not be used on the stable release channel
Nov 01 00:38:58.782 INFO kablam!   --> /cargo-home/registry/src/github.com-1ecc6299db9ec823/parity-codec-derive-2.0.4/src/lib.rs:18:35
Nov 01 00:38:58.782 INFO kablam!    |
Nov 01 00:38:58.782 INFO kablam! 18 | #![cfg_attr(not(feature = "std"), feature(core_intrinsics))]
Nov 01 00:38:58.782 INFO kablam!    |                                   ^^^^^^^^^^^^^^^^^^^^^^^^^
Nov 01 00:38:58.782 INFO kablam! 
Nov 01 00:38:58.782 INFO kablam! error[E0554]: #![feature] may not be used on the stable release channel
Nov 01 00:38:58.782 INFO kablam!   --> /cargo-home/registry/src/github.com-1ecc6299db9ec823/parity-codec-derive-2.0.4/src/lib.rs:19:35
Nov 01 00:38:58.782 INFO kablam!    |
Nov 01 00:38:58.782 INFO kablam! 19 | #![cfg_attr(not(feature = "std"), feature(alloc))]
Nov 01 00:38:58.782 INFO kablam!    |                                   ^^^^^^^^^^^^^^^
Nov 01 00:38:58.782 INFO kablam! 
Nov 01 00:38:58.782 INFO kablam! error: aborting due to 2 previous errors
Nov 01 00:38:58.782 INFO kablam! 
Nov 01 00:38:58.782 INFO kablam! For more information about this error, try `rustc --explain E0554`.
Nov 01 00:38:58.802 INFO kablam! error: Could not compile `parity-codec-derive`.
Nov 01 00:38:58.803 INFO kablam! warning: build failed, waiting for other jobs to finish...
Nov 01 00:38:59.068 INFO kablam! error: build failed
Nov 01 00:38:59.068 INFO kablam! su: No module specific data is present
Nov 01 00:38:59.624 INFO running `"docker" "rm" "-f" "96b80270d8053d9a24f5a6edefe3a2d5dad6055cf845bd8fc73e70d22026e7e5"`
Nov 01 00:38:59.838 INFO blam! 96b80270d8053d9a24f5a6edefe3a2d5dad6055cf845bd8fc73e70d22026e7e5
