Nov 01 00:42:53.656 INFO testing pavelkvasnikov/rust_minify against 1.30.0 for beta-1.31-1
Nov 01 00:42:53.656 INFO running `"docker" "create" "-v" "/mnt/big/crater/work/local/target-dirs/beta-1.31-1/worker-6/1.30.0:/target:rw,Z" "-v" "/mnt/big/crater/work/local/test-source/worker-6/beta-1.31-1/1.30.0:/source:ro,Z" "-v" "/mnt/big/crater/work/local/cargo-home:/cargo-home:ro,Z" "-v" "/mnt/big/crater/work/local/rustup-home:/rustup-home:ro,Z" "-e" "USER_ID=1000" "-e" "SOURCE_DIR=/source" "-e" "USER_ID=1000" "-e" "CMD=cargo +1.30.0 build --frozen" "-e" "CARGO_TARGET_DIR=/target" "-e" "CARGO_INCREMENTAL=0" "-e" "RUST_BACKTRACE=full" "-e" "RUSTFLAGS=--cap-lints=warn" "-e" "CARGO_HOME=/cargo-home" "-e" "RUSTUP_HOME=/rustup-home" "-m" "1536M" "--network" "none" "crater"`
Nov 01 00:42:53.924 INFO blam! 2fb14f43a09aa60070dae1258f201948932cc4d62ffe66f64bca63d6df327312
Nov 01 00:42:53.927 INFO running `"docker" "start" "-a" "2fb14f43a09aa60070dae1258f201948932cc4d62ffe66f64bca63d6df327312"`
Nov 01 00:42:54.405 INFO kablam! usermod: no changes
Nov 01 00:42:54.633 INFO kablam!    Compiling minifier v0.0.1
Nov 01 00:42:54.647 INFO kablam!    Compiling pear_codegen v0.0.20
Nov 01 00:42:54.648 INFO kablam!    Compiling rocket v0.3.16
Nov 01 00:42:54.657 INFO kablam!    Compiling rocket_codegen v0.3.16
Nov 01 00:42:54.668 INFO kablam!    Compiling toml v0.4.6
Nov 01 00:42:54.669 INFO kablam!    Compiling serde_json v1.0.28
Nov 01 00:42:54.669 INFO kablam!    Compiling crossbeam-deque v0.2.0
Nov 01 00:42:54.949 INFO kablam! error: failed to run custom build command for `pear_codegen v0.0.20`
Nov 01 00:42:54.949 INFO kablam! process didn't exit successfully: `/target/debug/build/pear_codegen-08de146d174bf17e/build-script-build` (exit code: 101)
Nov 01 00:42:54.949 INFO kablam! --- stderr
Nov 01 00:42:54.950 INFO kablam! [1;31mError:[0m [37mPear requires a nightly or dev version of Rust.[0m
Nov 01 00:42:54.950 INFO kablam! [37mInstalled version is:[0m [33m1.30.0 (2018-10-24)[0m. [37mMinimum required:[0m [33m1.30.0-nightly (2018-08-23)[0m.
Nov 01 00:42:54.950 INFO kablam! thread 'main' panicked at 'Aborting compilation due to incompatible compiler.', /cargo-home/registry/src/github.com-1ecc6299db9ec823/pear_codegen-0.0.20/build.rs:31:13
Nov 01 00:42:54.950 INFO kablam! stack backtrace:
Nov 01 00:42:54.951 INFO kablam!    0:     0x56019354f7de - std::sys::unix::backtrace::tracing::imp::unwind_backtrace::hf5316c67202e23c8
Nov 01 00:42:54.951 INFO kablam!                                at libstd/sys/unix/backtrace/tracing/gcc_s.rs:49
Nov 01 00:42:54.951 INFO kablam!    1:     0x560193540e06 - std::sys_common::backtrace::print::h3068ed2a6dc7ac86
Nov 01 00:42:54.952 INFO kablam!                                at libstd/sys_common/backtrace.rs:71
Nov 01 00:42:54.952 INFO kablam!                                at libstd/sys_common/backtrace.rs:59
Nov 01 00:42:54.952 INFO kablam!    2:     0x56019353f6fd - std::panicking::default_hook::{{closure}}::h1b9d29cc09d41897
Nov 01 00:42:54.952 INFO kablam!                                at libstd/panicking.rs:211
Nov 01 00:42:54.953 INFO kablam!    3:     0x56019353f470 - std::panicking::default_hook::h3a27b204a313406b
Nov 01 00:42:54.953 INFO kablam!                                at libstd/panicking.rs:227
Nov 01 00:42:54.953 INFO kablam!    4:     0x56019353fcfc - std::panicking::rust_panic_with_hook::h0e12cb2fc86d00fa
Nov 01 00:42:54.953 INFO kablam!                                at libstd/panicking.rs:477
Nov 01 00:42:54.954 INFO kablam!    5:     0x5601935239ff - std::panicking::begin_panic::hbd2af5d55136bf88
Nov 01 00:42:54.954 INFO kablam!                                at libstd/panicking.rs:411
Nov 01 00:42:54.954 INFO kablam!    6:     0x560193521b3a - build_script_build::main::h946765383e2552ff
Nov 01 00:42:54.955 INFO kablam!                                at /cargo-home/registry/src/github.com-1ecc6299db9ec823/pear_codegen-0.0.20/build.rs:31
Nov 01 00:42:54.955 INFO kablam!    7:     0x5601935242ef - std::rt::lang_start::{{closure}}::ha8726a4505c071b9
Nov 01 00:42:54.956 INFO kablam!                                at libstd/rt.rs:74
Nov 01 00:42:54.957 INFO kablam!    8:     0x56019353f7a2 - std::panicking::try::do_call::h572dc6f90deb1a4d
Nov 01 00:42:54.957 INFO kablam!                                at libstd/rt.rs:59
Nov 01 00:42:54.958 INFO kablam!                                at libstd/panicking.rs:310
Nov 01 00:42:54.958 INFO kablam!    9:     0x560193560709 - __rust_maybe_catch_panic
Nov 01 00:42:54.958 INFO kablam!                                at libpanic_unwind/lib.rs:103
Nov 01 00:42:54.959 INFO kablam!   10:     0x56019354a7d5 - std::rt::lang_start_internal::hce01021c3c1cf20d
Nov 01 00:42:54.959 INFO kablam!                                at libstd/panicking.rs:289
Nov 01 00:42:54.960 INFO kablam!                                at libstd/panic.rs:392
Nov 01 00:42:54.960 INFO kablam!                                at libstd/rt.rs:58
Nov 01 00:42:54.960 INFO kablam!   11:     0x5601935242c7 - std::rt::lang_start::h187ee695f5b7fbeb
Nov 01 00:42:54.961 INFO kablam!                                at libstd/rt.rs:74
Nov 01 00:42:54.968 INFO kablam!   12:     0x5601935229e9 - main
Nov 01 00:42:54.968 INFO kablam!   13:     0x7f3f75c5982f - __libc_start_main
Nov 01 00:42:54.968 INFO kablam!   14:     0x560193521428 - _start
Nov 01 00:42:54.968 INFO kablam!   15:                0x0 - <unknown>
Nov 01 00:42:54.969 INFO kablam! 
Nov 01 00:42:54.969 INFO kablam! warning: build failed, waiting for other jobs to finish...
Nov 01 00:42:54.969 INFO kablam! error: failed to run custom build command for `rocket_codegen v0.3.16`
Nov 01 00:42:54.970 INFO kablam! process didn't exit successfully: `/target/debug/build/rocket_codegen-79ea5d674a144dcd/build-script-build` (exit code: 101)
Nov 01 00:42:54.970 INFO kablam! --- stderr
Nov 01 00:42:54.970 INFO kablam! [1;31mError:[0m [37mRocket requires a nightly or dev version of Rust.[0m
Nov 01 00:42:54.971 INFO kablam! [37mInstalled version is:[0m [33m1.30.0 (2018-10-24)[0m. [37mMinimum required:[0m [33m1.30.0-nightly (2018-08-23)[0m.
Nov 01 00:42:54.971 INFO kablam! [34mSee the getting started guide ([0m[37mhttps://rocket.rs/guide/getting-started/[0m[34m) for more information.[0m
Nov 01 00:42:54.971 INFO kablam! thread 'main' panicked at 'Aborting compilation due to incompatible compiler.', /cargo-home/registry/src/github.com-1ecc6299db9ec823/rocket_codegen-0.3.16/build.rs:38:17
Nov 01 00:42:54.971 INFO kablam! stack backtrace:
Nov 01 00:42:54.972 INFO kablam!    0:     0x55e6da7939fe - std::sys::unix::backtrace::tracing::imp::unwind_backtrace::hf5316c67202e23c8
Nov 01 00:42:54.972 INFO kablam!                                at libstd/sys/unix/backtrace/tracing/gcc_s.rs:49
Nov 01 00:42:54.972 INFO kablam!    1:     0x55e6da785026 - std::sys_common::backtrace::print::h3068ed2a6dc7ac86
Nov 01 00:42:54.973 INFO kablam!                                at libstd/sys_common/backtrace.rs:71
Nov 01 00:42:54.973 INFO kablam!                                at libstd/sys_common/backtrace.rs:59
Nov 01 00:42:54.973 INFO kablam!    2:     0x55e6da78391d - std::panicking::default_hook::{{closure}}::h1b9d29cc09d41897
Nov 01 00:42:54.973 INFO kablam!                                at libstd/panicking.rs:211
Nov 01 00:42:54.974 INFO kablam!    3:     0x55e6da783690 - std::panicking::default_hook::h3a27b204a313406b
Nov 01 00:42:54.974 INFO kablam!                                at libstd/panicking.rs:227
Nov 01 00:42:54.974 INFO kablam!    4:     0x55e6da783f1c - std::panicking::rust_panic_with_hook::h0e12cb2fc86d00fa
Nov 01 00:42:54.975 INFO kablam!                                at libstd/panicking.rs:477
Nov 01 00:42:54.975 INFO kablam!    5:     0x55e6da767c1f - std::panicking::begin_panic::h62ce84930b3637fb
Nov 01 00:42:54.975 INFO kablam!                                at libstd/panicking.rs:411
Nov 01 00:42:54.975 INFO kablam!    6:     0x55e6da765d72 - build_script_build::main::h1178836a11e6aa63
Nov 01 00:42:54.976 INFO kablam!                                at /cargo-home/registry/src/github.com-1ecc6299db9ec823/rocket_codegen-0.3.16/build.rs:38
Nov 01 00:42:54.976 INFO kablam!    7:     0x55e6da76850f - std::rt::lang_start::{{closure}}::h2acd45176ee0f0c2
Nov 01 00:42:54.976 INFO kablam!                                at libstd/rt.rs:74
Nov 01 00:42:54.976 INFO kablam!    8:     0x55e6da7839c2 - std::panicking::try::do_call::h572dc6f90deb1a4d
Nov 01 00:42:54.977 INFO kablam!                                at libstd/rt.rs:59
Nov 01 00:42:54.979 INFO kablam!                                at libstd/panicking.rs:310
Nov 01 00:42:54.979 INFO kablam!    9:     0x55e6da7a4929 - __rust_maybe_catch_panic
Nov 01 00:42:54.979 INFO kablam!                                at libpanic_unwind/lib.rs:103
Nov 01 00:42:54.979 INFO kablam!   10:     0x55e6da78e9f5 - std::rt::lang_start_internal::hce01021c3c1cf20d
Nov 01 00:42:54.979 INFO kablam!                                at libstd/panicking.rs:289
Nov 01 00:42:54.979 INFO kablam!                                at libstd/panic.rs:392
Nov 01 00:42:54.979 INFO kablam!                                at libstd/rt.rs:58
Nov 01 00:42:54.980 INFO kablam!   11:     0x55e6da7684e7 - std::rt::lang_start::h87be2113511fc989
Nov 01 00:42:54.980 INFO kablam!                                at libstd/rt.rs:74
Nov 01 00:42:54.980 INFO kablam!   12:     0x55e6da766c09 - main
Nov 01 00:42:54.980 INFO kablam!   13:     0x7f978b9ad82f - __libc_start_main
Nov 01 00:42:54.980 INFO kablam!   14:     0x55e6da765428 - _start
Nov 01 00:42:54.980 INFO kablam!   15:                0x0 - <unknown>
Nov 01 00:42:54.980 INFO kablam! 
Nov 01 00:42:54.980 INFO kablam! warning: build failed, waiting for other jobs to finish...
Nov 01 00:42:54.980 INFO kablam! error: failed to run custom build command for `rocket v0.3.16`
Nov 01 00:42:54.980 INFO kablam! process didn't exit successfully: `/target/debug/build/rocket-5852bba5dfc76589/build-script-build` (exit code: 101)
Nov 01 00:42:54.980 INFO kablam! --- stderr
Nov 01 00:42:54.980 INFO kablam! [1;31mError:[0m [37mRocket requires a nightly or dev version of Rust.[0m
Nov 01 00:42:54.980 INFO kablam! [37mInstalled version is:[0m [33m1.30.0 (2018-10-24)[0m. [37mMinimum required:[0m [33m1.27.0-nightly (2018-04-26)[0m.
Nov 01 00:42:54.980 INFO kablam! [34mSee the getting started guide ([0m[37mhttps://rocket.rs/guide/getting-started/[0m[34m) for more information.[0m
Nov 01 00:42:54.980 INFO kablam! thread 'main' panicked at 'Aborting compilation due to incompatible compiler.', /cargo-home/registry/src/github.com-1ecc6299db9ec823/rocket-0.3.16/build.rs:38:13
Nov 01 00:42:54.980 INFO kablam! stack backtrace:
Nov 01 00:42:54.980 INFO kablam!    0:     0x55ff9e694a0e - std::sys::unix::backtrace::tracing::imp::unwind_backtrace::hf5316c67202e23c8
Nov 01 00:42:54.980 INFO kablam!                                at libstd/sys/unix/backtrace/tracing/gcc_s.rs:49
Nov 01 00:42:54.980 INFO kablam!    1:     0x55ff9e686036 - std::sys_common::backtrace::print::h3068ed2a6dc7ac86
Nov 01 00:42:54.980 INFO kablam!                                at libstd/sys_common/backtrace.rs:71
Nov 01 00:42:54.980 INFO kablam!                                at libstd/sys_common/backtrace.rs:59
Nov 01 00:42:54.980 INFO kablam!    2:     0x55ff9e68492d - std::panicking::default_hook::{{closure}}::h1b9d29cc09d41897
Nov 01 00:42:54.980 INFO kablam!                                at libstd/panicking.rs:211
Nov 01 00:42:54.980 INFO kablam!    3:     0x55ff9e6846a0 - std::panicking::default_hook::h3a27b204a313406b
Nov 01 00:42:54.984 INFO kablam!                                at libstd/panicking.rs:227
Nov 01 00:42:54.984 INFO kablam!    4:     0x55ff9e684f2c - std::panicking::rust_panic_with_hook::h0e12cb2fc86d00fa
Nov 01 00:42:54.984 INFO kablam!                                at libstd/panicking.rs:477
Nov 01 00:42:54.984 INFO kablam!    5:     0x55ff9e668c2f - std::panicking::begin_panic::hde0e552bcc1ca0ba
Nov 01 00:42:54.984 INFO kablam!                                at libstd/panicking.rs:411
Nov 01 00:42:54.984 INFO kablam!    6:     0x55ff9e666d73 - build_script_build::main::h5e5583f3a72380bc
Nov 01 00:42:54.984 INFO kablam!                                at /cargo-home/registry/src/github.com-1ecc6299db9ec823/rocket-0.3.16/build.rs:38
Nov 01 00:42:54.984 INFO kablam!    7:     0x55ff9e66951f - std::rt::lang_start::{{closure}}::h840839da89cffce0
Nov 01 00:42:54.984 INFO kablam!                                at libstd/rt.rs:74
Nov 01 00:42:54.984 INFO kablam!    8:     0x55ff9e6849d2 - std::panicking::try::do_call::h572dc6f90deb1a4d
Nov 01 00:42:54.984 INFO kablam!                                at libstd/rt.rs:59
Nov 01 00:42:54.984 INFO kablam!                                at libstd/panicking.rs:310
Nov 01 00:42:54.984 INFO kablam!    9:     0x55ff9e6a5939 - __rust_maybe_catch_panic
Nov 01 00:42:54.984 INFO kablam!                                at libpanic_unwind/lib.rs:103
Nov 01 00:42:54.984 INFO kablam!   10:     0x55ff9e68fa05 - std::rt::lang_start_internal::hce01021c3c1cf20d
Nov 01 00:42:54.984 INFO kablam!                                at libstd/panicking.rs:289
Nov 01 00:42:54.984 INFO kablam!                                at libstd/panic.rs:392
Nov 01 00:42:54.984 INFO kablam!                                at libstd/rt.rs:58
Nov 01 00:42:54.984 INFO kablam!   11:     0x55ff9e6694f7 - std::rt::lang_start::h156f7b7a5033c1a0
Nov 01 00:42:54.984 INFO kablam!                                at libstd/rt.rs:74
Nov 01 00:42:54.984 INFO kablam!   12:     0x55ff9e667c19 - main
Nov 01 00:42:54.984 INFO kablam!   13:     0x7fbe79b3082f - __libc_start_main
Nov 01 00:42:54.984 INFO kablam!   14:     0x55ff9e666428 - _start
Nov 01 00:42:54.984 INFO kablam!   15:                0x0 - <unknown>
Nov 01 00:42:54.984 INFO kablam! 
Nov 01 00:42:54.984 INFO kablam! warning: build failed, waiting for other jobs to finish...
Nov 01 00:43:00.783 INFO kablam! error: build failed
Nov 01 00:43:00.783 INFO kablam! su: No module specific data is present
Nov 01 00:43:01.545 INFO running `"docker" "rm" "-f" "2fb14f43a09aa60070dae1258f201948932cc4d62ffe66f64bca63d6df327312"`
Nov 01 00:43:01.822 INFO blam! 2fb14f43a09aa60070dae1258f201948932cc4d62ffe66f64bca63d6df327312
