Nov 01 01:07:29.334 INFO testing omaskery/asynclang against 1.30.0 for beta-1.31-1
Nov 01 01:07:29.335 INFO running `"docker" "create" "-v" "/mnt/big/crater/work/local/target-dirs/beta-1.31-1/worker-1/1.30.0:/target:rw,Z" "-v" "/mnt/big/crater/work/local/test-source/worker-1/beta-1.31-1/1.30.0:/source:ro,Z" "-v" "/mnt/big/crater/work/local/cargo-home:/cargo-home:ro,Z" "-v" "/mnt/big/crater/work/local/rustup-home:/rustup-home:ro,Z" "-e" "USER_ID=1000" "-e" "SOURCE_DIR=/source" "-e" "USER_ID=1000" "-e" "CMD=cargo +1.30.0 build --frozen" "-e" "CARGO_TARGET_DIR=/target" "-e" "CARGO_INCREMENTAL=0" "-e" "RUST_BACKTRACE=full" "-e" "RUSTFLAGS=--cap-lints=warn" "-e" "CARGO_HOME=/cargo-home" "-e" "RUSTUP_HOME=/rustup-home" "-m" "1536M" "--network" "none" "crater"`
Nov 01 01:07:29.663 INFO blam! a6b0a414324fa95283c2d697ee566899b4daa84f02fd41bdd237f6102b90016c
Nov 01 01:07:29.683 INFO running `"docker" "start" "-a" "a6b0a414324fa95283c2d697ee566899b4daa84f02fd41bdd237f6102b90016c"`
Nov 01 01:07:30.743 INFO kablam! usermod: no changes
Nov 01 01:07:30.835 INFO kablam!    Compiling ordermap v0.3.5
Nov 01 01:07:32.175 INFO kablam!    Compiling petgraph v0.4.12
Nov 01 01:07:34.011 INFO kablam! error[E0034]: multiple applicable items in scope
Nov 01 01:07:34.011 INFO kablam!     --> /cargo-home/registry/src/github.com-1ecc6299db9ec823/petgraph-0.4.12/src/graph_impl/stable_graph/mod.rs:1171:19
Nov 01 01:07:34.011 INFO kablam!      |
Nov 01 01:07:34.011 INFO kablam! 1171 |         self.iter.find_map(|(i, node)| {
Nov 01 01:07:34.011 INFO kablam!      |                   ^^^^^^^^ multiple `find_map` found
Nov 01 01:07:34.011 INFO kablam!      |
Nov 01 01:07:34.011 INFO kablam! note: candidate #1 is defined in an impl of the trait `iter_utils::IterUtilsExt` for the type `_`
Nov 01 01:07:34.011 INFO kablam!     --> /cargo-home/registry/src/github.com-1ecc6299db9ec823/petgraph-0.4.12/src/iter_utils.rs:5:5
Nov 01 01:07:34.011 INFO kablam!      |
Nov 01 01:07:34.011 INFO kablam! 5    | /     fn find_map<F, R>(&mut self, mut f: F) -> Option<R>
Nov 01 01:07:34.011 INFO kablam! 6    | |         where F: FnMut(Self::Item) -> Option<R>
Nov 01 01:07:34.011 INFO kablam! 7    | |     {
Nov 01 01:07:34.011 INFO kablam! 8    | |         while let Some(elt) = self.next() {
Nov 01 01:07:34.011 INFO kablam! ...    |
Nov 01 01:07:34.011 INFO kablam! 13   | |         None
Nov 01 01:07:34.011 INFO kablam! 14   | |     }
Nov 01 01:07:34.011 INFO kablam!      | |_____^
Nov 01 01:07:34.011 INFO kablam!      = note: candidate #2 is defined in an impl of the trait `std::iter::Iterator` for the type `std::iter::Enumerate<_>`
Nov 01 01:07:34.011 INFO kablam! 
Nov 01 01:07:34.031 INFO kablam! error[E0034]: multiple applicable items in scope
Nov 01 01:07:34.031 INFO kablam!     --> /cargo-home/registry/src/github.com-1ecc6299db9ec823/petgraph-0.4.12/src/graph_impl/stable_graph/mod.rs:1363:19
Nov 01 01:07:34.031 INFO kablam!      |
Nov 01 01:07:34.031 INFO kablam! 1363 |         self.iter.find_map(|(i, edge)|
Nov 01 01:07:34.031 INFO kablam!      |                   ^^^^^^^^ multiple `find_map` found
Nov 01 01:07:34.031 INFO kablam!      |
Nov 01 01:07:34.031 INFO kablam! note: candidate #1 is defined in an impl of the trait `iter_utils::IterUtilsExt` for the type `_`
Nov 01 01:07:34.031 INFO kablam!     --> /cargo-home/registry/src/github.com-1ecc6299db9ec823/petgraph-0.4.12/src/iter_utils.rs:5:5
Nov 01 01:07:34.031 INFO kablam!      |
Nov 01 01:07:34.031 INFO kablam! 5    | /     fn find_map<F, R>(&mut self, mut f: F) -> Option<R>
Nov 01 01:07:34.031 INFO kablam! 6    | |         where F: FnMut(Self::Item) -> Option<R>
Nov 01 01:07:34.031 INFO kablam! 7    | |     {
Nov 01 01:07:34.031 INFO kablam! 8    | |         while let Some(elt) = self.next() {
Nov 01 01:07:34.031 INFO kablam! ...    |
Nov 01 01:07:34.031 INFO kablam! 13   | |         None
Nov 01 01:07:34.031 INFO kablam! 14   | |     }
Nov 01 01:07:34.031 INFO kablam!      | |_____^
Nov 01 01:07:34.031 INFO kablam!      = note: candidate #2 is defined in an impl of the trait `std::iter::Iterator` for the type `std::iter::Enumerate<_>`
Nov 01 01:07:34.031 INFO kablam! 
Nov 01 01:07:34.035 INFO kablam! error[E0034]: multiple applicable items in scope
Nov 01 01:07:34.035 INFO kablam!     --> /cargo-home/registry/src/github.com-1ecc6299db9ec823/petgraph-0.4.12/src/graph_impl/stable_graph/mod.rs:1527:19
Nov 01 01:07:34.035 INFO kablam!      |
Nov 01 01:07:34.035 INFO kablam! 1527 |         self.iter.find_map(|(i, node)| {
Nov 01 01:07:34.035 INFO kablam!      |                   ^^^^^^^^ multiple `find_map` found
Nov 01 01:07:34.035 INFO kablam!      |
Nov 01 01:07:34.035 INFO kablam! note: candidate #1 is defined in an impl of the trait `iter_utils::IterUtilsExt` for the type `_`
Nov 01 01:07:34.035 INFO kablam!     --> /cargo-home/registry/src/github.com-1ecc6299db9ec823/petgraph-0.4.12/src/iter_utils.rs:5:5
Nov 01 01:07:34.035 INFO kablam!      |
Nov 01 01:07:34.035 INFO kablam! 5    | /     fn find_map<F, R>(&mut self, mut f: F) -> Option<R>
Nov 01 01:07:34.035 INFO kablam! 6    | |         where F: FnMut(Self::Item) -> Option<R>
Nov 01 01:07:34.035 INFO kablam! 7    | |     {
Nov 01 01:07:34.035 INFO kablam! 8    | |         while let Some(elt) = self.next() {
Nov 01 01:07:34.035 INFO kablam! ...    |
Nov 01 01:07:34.035 INFO kablam! 13   | |         None
Nov 01 01:07:34.035 INFO kablam! 14   | |     }
Nov 01 01:07:34.035 INFO kablam!      | |_____^
Nov 01 01:07:34.035 INFO kablam!      = note: candidate #2 is defined in an impl of the trait `std::iter::Iterator` for the type `std::iter::Enumerate<_>`
Nov 01 01:07:34.035 INFO kablam! 
Nov 01 01:07:34.047 INFO kablam! error[E0034]: multiple applicable items in scope
Nov 01 01:07:34.047 INFO kablam!     --> /cargo-home/registry/src/github.com-1ecc6299db9ec823/petgraph-0.4.12/src/graph_impl/stable_graph/mod.rs:1573:19
Nov 01 01:07:34.047 INFO kablam!      |
Nov 01 01:07:34.047 INFO kablam! 1573 |         self.iter.find_map(|(i, node)| {
Nov 01 01:07:34.047 INFO kablam!      |                   ^^^^^^^^ multiple `find_map` found
Nov 01 01:07:34.047 INFO kablam!      |
Nov 01 01:07:34.047 INFO kablam! note: candidate #1 is defined in an impl of the trait `iter_utils::IterUtilsExt` for the type `_`
Nov 01 01:07:34.047 INFO kablam!     --> /cargo-home/registry/src/github.com-1ecc6299db9ec823/petgraph-0.4.12/src/iter_utils.rs:5:5
Nov 01 01:07:34.047 INFO kablam!      |
Nov 01 01:07:34.047 INFO kablam! 5    | /     fn find_map<F, R>(&mut self, mut f: F) -> Option<R>
Nov 01 01:07:34.047 INFO kablam! 6    | |         where F: FnMut(Self::Item) -> Option<R>
Nov 01 01:07:34.047 INFO kablam! 7    | |     {
Nov 01 01:07:34.047 INFO kablam! 8    | |         while let Some(elt) = self.next() {
Nov 01 01:07:34.047 INFO kablam! ...    |
Nov 01 01:07:34.047 INFO kablam! 13   | |         None
Nov 01 01:07:34.047 INFO kablam! 14   | |     }
Nov 01 01:07:34.047 INFO kablam!      | |_____^
Nov 01 01:07:34.047 INFO kablam!      = note: candidate #2 is defined in an impl of the trait `std::iter::Iterator` for the type `std::iter::Enumerate<_>`
Nov 01 01:07:34.047 INFO kablam! 
Nov 01 01:07:34.347 INFO kablam! error: aborting due to 4 previous errors
Nov 01 01:07:34.347 INFO kablam! 
Nov 01 01:07:34.347 INFO kablam! For more information about this error, try `rustc --explain E0034`.
Nov 01 01:07:34.351 INFO kablam! error: Could not compile `petgraph`.
Nov 01 01:07:34.351 INFO kablam! 
Nov 01 01:07:34.351 INFO kablam! To learn more, run the command again with --verbose.
Nov 01 01:07:34.351 INFO kablam! su: No module specific data is present
Nov 01 01:07:35.270 INFO running `"docker" "rm" "-f" "a6b0a414324fa95283c2d697ee566899b4daa84f02fd41bdd237f6102b90016c"`
Nov 01 01:07:35.547 INFO blam! a6b0a414324fa95283c2d697ee566899b4daa84f02fd41bdd237f6102b90016c
