Nov 01 01:58:15.498 INFO testing natelust/reups against 1.30.0 for beta-1.31-1
Nov 01 01:58:15.498 INFO running `"docker" "create" "-v" "/mnt/big/crater/work/local/target-dirs/beta-1.31-1/worker-5/1.30.0:/target:rw,Z" "-v" "/mnt/big/crater/work/local/test-source/worker-5/beta-1.31-1/1.30.0:/source:ro,Z" "-v" "/mnt/big/crater/work/local/cargo-home:/cargo-home:ro,Z" "-v" "/mnt/big/crater/work/local/rustup-home:/rustup-home:ro,Z" "-e" "USER_ID=1000" "-e" "SOURCE_DIR=/source" "-e" "USER_ID=1000" "-e" "CMD=cargo +1.30.0 build --frozen" "-e" "CARGO_TARGET_DIR=/target" "-e" "CARGO_INCREMENTAL=0" "-e" "RUST_BACKTRACE=full" "-e" "RUSTFLAGS=--cap-lints=warn" "-e" "CARGO_HOME=/cargo-home" "-e" "RUSTUP_HOME=/rustup-home" "-m" "1536M" "--network" "none" "crater"`
Nov 01 01:58:15.778 INFO blam! 3fe67dcbe616f066268f4db883de3195644c74643768939ea6cfeeaee63da26f
Nov 01 01:58:15.785 INFO running `"docker" "start" "-a" "3fe67dcbe616f066268f4db883de3195644c74643768939ea6cfeeaee63da26f"`
Nov 01 01:58:16.966 INFO kablam! usermod: no changes
Nov 01 01:58:17.146 INFO kablam!    Compiling serde v1.0.79
Nov 01 01:58:17.149 INFO kablam!    Compiling textwrap v0.10.0
Nov 01 01:58:17.149 INFO kablam!    Compiling petgraph v0.4.12
Nov 01 01:58:17.150 INFO kablam!    Compiling regex v0.2.10
Nov 01 01:58:19.330 INFO kablam!    Compiling clap v2.32.0
Nov 01 01:58:21.643 INFO kablam! error[E0034]: multiple applicable items in scope
Nov 01 01:58:21.643 INFO kablam!     --> /cargo-home/registry/src/github.com-1ecc6299db9ec823/petgraph-0.4.12/src/graph_impl/stable_graph/mod.rs:1171:19
Nov 01 01:58:21.643 INFO kablam!      |
Nov 01 01:58:21.643 INFO kablam! 1171 |         self.iter.find_map(|(i, node)| {
Nov 01 01:58:21.643 INFO kablam!      |                   ^^^^^^^^ multiple `find_map` found
Nov 01 01:58:21.643 INFO kablam!      |
Nov 01 01:58:21.643 INFO kablam! note: candidate #1 is defined in an impl of the trait `iter_utils::IterUtilsExt` for the type `_`
Nov 01 01:58:21.643 INFO kablam!     --> /cargo-home/registry/src/github.com-1ecc6299db9ec823/petgraph-0.4.12/src/iter_utils.rs:5:5
Nov 01 01:58:21.643 INFO kablam!      |
Nov 01 01:58:21.643 INFO kablam! 5    | /     fn find_map<F, R>(&mut self, mut f: F) -> Option<R>
Nov 01 01:58:21.643 INFO kablam! 6    | |         where F: FnMut(Self::Item) -> Option<R>
Nov 01 01:58:21.643 INFO kablam! 7    | |     {
Nov 01 01:58:21.643 INFO kablam! 8    | |         while let Some(elt) = self.next() {
Nov 01 01:58:21.643 INFO kablam! ...    |
Nov 01 01:58:21.643 INFO kablam! 13   | |         None
Nov 01 01:58:21.643 INFO kablam! 14   | |     }
Nov 01 01:58:21.643 INFO kablam!      | |_____^
Nov 01 01:58:21.643 INFO kablam!      = note: candidate #2 is defined in an impl of the trait `std::iter::Iterator` for the type `std::iter::Enumerate<_>`
Nov 01 01:58:21.643 INFO kablam! 
Nov 01 01:58:21.719 INFO kablam! error[E0034]: multiple applicable items in scope
Nov 01 01:58:21.719 INFO kablam!     --> /cargo-home/registry/src/github.com-1ecc6299db9ec823/petgraph-0.4.12/src/graph_impl/stable_graph/mod.rs:1363:19
Nov 01 01:58:21.719 INFO kablam!      |
Nov 01 01:58:21.719 INFO kablam! 1363 |         self.iter.find_map(|(i, edge)|
Nov 01 01:58:21.719 INFO kablam!      |                   ^^^^^^^^ multiple `find_map` found
Nov 01 01:58:21.719 INFO kablam!      |
Nov 01 01:58:21.719 INFO kablam! note: candidate #1 is defined in an impl of the trait `iter_utils::IterUtilsExt` for the type `_`
Nov 01 01:58:21.719 INFO kablam!     --> /cargo-home/registry/src/github.com-1ecc6299db9ec823/petgraph-0.4.12/src/iter_utils.rs:5:5
Nov 01 01:58:21.719 INFO kablam!      |
Nov 01 01:58:21.719 INFO kablam! 5    | /     fn find_map<F, R>(&mut self, mut f: F) -> Option<R>
Nov 01 01:58:21.719 INFO kablam! 6    | |         where F: FnMut(Self::Item) -> Option<R>
Nov 01 01:58:21.719 INFO kablam! 7    | |     {
Nov 01 01:58:21.719 INFO kablam! 8    | |         while let Some(elt) = self.next() {
Nov 01 01:58:21.719 INFO kablam! ...    |
Nov 01 01:58:21.719 INFO kablam! 13   | |         None
Nov 01 01:58:21.719 INFO kablam! 14   | |     }
Nov 01 01:58:21.719 INFO kablam!      | |_____^
Nov 01 01:58:21.719 INFO kablam!      = note: candidate #2 is defined in an impl of the trait `std::iter::Iterator` for the type `std::iter::Enumerate<_>`
Nov 01 01:58:21.719 INFO kablam! 
Nov 01 01:58:21.727 INFO kablam! error[E0034]: multiple applicable items in scope
Nov 01 01:58:21.727 INFO kablam!     --> /cargo-home/registry/src/github.com-1ecc6299db9ec823/petgraph-0.4.12/src/graph_impl/stable_graph/mod.rs:1527:19
Nov 01 01:58:21.727 INFO kablam!      |
Nov 01 01:58:21.727 INFO kablam! 1527 |         self.iter.find_map(|(i, node)| {
Nov 01 01:58:21.727 INFO kablam!      |                   ^^^^^^^^ multiple `find_map` found
Nov 01 01:58:21.727 INFO kablam!      |
Nov 01 01:58:21.728 INFO kablam! note: candidate #1 is defined in an impl of the trait `iter_utils::IterUtilsExt` for the type `_`
Nov 01 01:58:21.728 INFO kablam!     --> /cargo-home/registry/src/github.com-1ecc6299db9ec823/petgraph-0.4.12/src/iter_utils.rs:5:5
Nov 01 01:58:21.728 INFO kablam!      |
Nov 01 01:58:21.728 INFO kablam! 5    | /     fn find_map<F, R>(&mut self, mut f: F) -> Option<R>
Nov 01 01:58:21.728 INFO kablam! 6    | |         where F: FnMut(Self::Item) -> Option<R>
Nov 01 01:58:21.728 INFO kablam! 7    | |     {
Nov 01 01:58:21.728 INFO kablam! 8    | |         while let Some(elt) = self.next() {
Nov 01 01:58:21.728 INFO kablam! ...    |
Nov 01 01:58:21.728 INFO kablam! 13   | |         None
Nov 01 01:58:21.728 INFO kablam! 14   | |     }
Nov 01 01:58:21.728 INFO kablam!      | |_____^
Nov 01 01:58:21.739 INFO kablam!      = note: candidate #2 is defined in an impl of the trait `std::iter::Iterator` for the type `std::iter::Enumerate<_>`
Nov 01 01:58:21.739 INFO kablam! 
Nov 01 01:58:21.753 INFO kablam! error[E0034]: multiple applicable items in scope
Nov 01 01:58:21.753 INFO kablam!     --> /cargo-home/registry/src/github.com-1ecc6299db9ec823/petgraph-0.4.12/src/graph_impl/stable_graph/mod.rs:1573:19
Nov 01 01:58:21.753 INFO kablam!      |
Nov 01 01:58:21.753 INFO kablam! 1573 |         self.iter.find_map(|(i, node)| {
Nov 01 01:58:21.753 INFO kablam!      |                   ^^^^^^^^ multiple `find_map` found
Nov 01 01:58:21.753 INFO kablam!      |
Nov 01 01:58:21.753 INFO kablam! note: candidate #1 is defined in an impl of the trait `iter_utils::IterUtilsExt` for the type `_`
Nov 01 01:58:21.753 INFO kablam!     --> /cargo-home/registry/src/github.com-1ecc6299db9ec823/petgraph-0.4.12/src/iter_utils.rs:5:5
Nov 01 01:58:21.753 INFO kablam!      |
Nov 01 01:58:21.753 INFO kablam! 5    | /     fn find_map<F, R>(&mut self, mut f: F) -> Option<R>
Nov 01 01:58:21.753 INFO kablam! 6    | |         where F: FnMut(Self::Item) -> Option<R>
Nov 01 01:58:21.753 INFO kablam! 7    | |     {
Nov 01 01:58:21.753 INFO kablam! 8    | |         while let Some(elt) = self.next() {
Nov 01 01:58:21.753 INFO kablam! ...    |
Nov 01 01:58:21.753 INFO kablam! 13   | |         None
Nov 01 01:58:21.753 INFO kablam! 14   | |     }
Nov 01 01:58:21.753 INFO kablam!      | |_____^
Nov 01 01:58:21.753 INFO kablam!      = note: candidate #2 is defined in an impl of the trait `std::iter::Iterator` for the type `std::iter::Enumerate<_>`
Nov 01 01:58:21.753 INFO kablam! 
Nov 01 01:58:22.499 INFO kablam! error: aborting due to 4 previous errors
Nov 01 01:58:22.499 INFO kablam! 
Nov 01 01:58:22.499 INFO kablam! For more information about this error, try `rustc --explain E0034`.
Nov 01 01:58:22.499 INFO kablam! error: Could not compile `petgraph`.
Nov 01 01:58:22.499 INFO kablam! warning: build failed, waiting for other jobs to finish...
Nov 01 01:58:40.947 INFO kablam! error: build failed
Nov 01 01:58:40.947 INFO kablam! su: No module specific data is present
Nov 01 01:58:41.926 INFO running `"docker" "rm" "-f" "3fe67dcbe616f066268f4db883de3195644c74643768939ea6cfeeaee63da26f"`
Nov 01 01:58:42.143 INFO blam! 3fe67dcbe616f066268f4db883de3195644c74643768939ea6cfeeaee63da26f
