Nov 01 04:57:43.153 INFO testing l3kn/EulerLisp against beta-2018-10-30 for beta-1.31-1
Nov 01 04:57:43.153 INFO running `"docker" "create" "-v" "/mnt/big/crater/work/local/target-dirs/beta-1.31-1/worker-0/beta-2018-10-30:/target:rw,Z" "-v" "/mnt/big/crater/work/local/test-source/worker-0/beta-1.31-1/beta-2018-10-30:/source:ro,Z" "-v" "/mnt/big/crater/work/local/cargo-home:/cargo-home:ro,Z" "-v" "/mnt/big/crater/work/local/rustup-home:/rustup-home:ro,Z" "-e" "USER_ID=1000" "-e" "SOURCE_DIR=/source" "-e" "USER_ID=1000" "-e" "CMD=cargo +beta-2018-10-30 build --frozen" "-e" "CARGO_TARGET_DIR=/target" "-e" "CARGO_INCREMENTAL=0" "-e" "RUST_BACKTRACE=full" "-e" "RUSTFLAGS=--cap-lints=warn" "-e" "CARGO_HOME=/cargo-home" "-e" "RUSTUP_HOME=/rustup-home" "-m" "1536M" "--network" "none" "crater"`
Nov 01 04:57:43.313 INFO blam! 7bfe66b5428a056ea3e77a23191138a5b89763d7f84e1caa99a8c118525b39e6
Nov 01 04:57:43.315 INFO running `"docker" "start" "-a" "7bfe66b5428a056ea3e77a23191138a5b89763d7f84e1caa99a8c118525b39e6"`
Nov 01 04:57:43.715 INFO kablam! usermod: no changes
Nov 01 04:57:43.789 INFO kablam!    Compiling memchr v2.0.1
Nov 01 04:57:43.789 INFO kablam!    Compiling memchr v1.0.2
Nov 01 04:57:43.789 INFO kablam!    Compiling nix v0.5.1
Nov 01 04:57:43.791 INFO kablam!    Compiling rayon v1.0.1
Nov 01 04:57:44.447 INFO kablam!    Compiling csv-core v0.1.4
Nov 01 04:57:44.476 INFO kablam!    Compiling nom v3.2.1
Nov 01 04:57:45.711 INFO kablam!    Compiling csv v1.0.0-beta.5
Nov 01 04:57:49.567 INFO kablam!    Compiling rustyline v1.0.0
Nov 01 04:57:51.638 INFO kablam!    Compiling lisp v0.1.0 (/source)
Nov 01 04:57:53.711 INFO kablam! warning: function is never used: `vector_mul_i`
Nov 01 04:57:53.711 INFO kablam!    --> src/bignum.rs:325:1
Nov 01 04:57:53.711 INFO kablam!     |
Nov 01 04:57:53.711 INFO kablam! 325 | fn vector_mul_i(a: &Vec<usize>, b: usize) -> Vec<usize> {
Nov 01 04:57:53.711 INFO kablam!     | ^^^^^^^^^^^^^^^^^^^^^^^^^^^^^^^^^^^^^^^^^^^^^^^^^^^^^^^
Nov 01 04:57:53.711 INFO kablam!     |
Nov 01 04:57:53.711 INFO kablam!     = note: #[warn(dead_code)] on by default
Nov 01 04:57:53.711 INFO kablam! 
Nov 01 04:57:53.711 INFO kablam! warning: method is never used: `fetch_u32_usize`
Nov 01 04:57:53.711 INFO kablam!    --> src/vm.rs:123:5
Nov 01 04:57:53.711 INFO kablam!     |
Nov 01 04:57:53.711 INFO kablam! 123 |     fn fetch_u32_usize(&mut self) -> usize {
Nov 01 04:57:53.711 INFO kablam!     |     ^^^^^^^^^^^^^^^^^^^^^^^^^^^^^^^^^^^^^^
Nov 01 04:57:53.711 INFO kablam! 
Nov 01 04:57:53.713 INFO kablam! warning: method is never used: `fetch_u16`
Nov 01 04:57:53.713 INFO kablam!    --> src/vm.rs:132:5
Nov 01 04:57:53.713 INFO kablam!     |
Nov 01 04:57:53.713 INFO kablam! 132 |     fn fetch_u16(&mut self) -> u16 {
Nov 01 04:57:53.713 INFO kablam!     |     ^^^^^^^^^^^^^^^^^^^^^^^^^^^^^^
Nov 01 04:57:53.713 INFO kablam! 
Nov 01 04:58:00.943 INFO kablam! warning: unused import: `rayon::prelude`
Nov 01 04:58:00.943 INFO kablam!   --> src/main.rs:16:5
Nov 01 04:58:00.943 INFO kablam!    |
Nov 01 04:58:00.943 INFO kablam! 16 | use rayon::prelude::*;
Nov 01 04:58:00.944 INFO kablam!    |     ^^^^^^^^^^^^^^
Nov 01 04:58:00.944 INFO kablam!    |
Nov 01 04:58:00.944 INFO kablam!    = note: #[warn(unused_imports)] on by default
Nov 01 04:58:00.944 INFO kablam! 
Nov 01 04:58:03.276 INFO kablam!     Finished dev [unoptimized + debuginfo] target(s) in 19.55s
Nov 01 04:58:03.294 INFO kablam! su: No module specific data is present
Nov 01 04:58:04.049 INFO running `"docker" "rm" "-f" "7bfe66b5428a056ea3e77a23191138a5b89763d7f84e1caa99a8c118525b39e6"`
Nov 01 04:58:04.451 INFO blam! 7bfe66b5428a056ea3e77a23191138a5b89763d7f84e1caa99a8c118525b39e6
Nov 01 04:58:04.457 INFO running `"docker" "create" "-v" "/mnt/big/crater/work/local/target-dirs/beta-1.31-1/worker-0/beta-2018-10-30:/target:rw,Z" "-v" "/mnt/big/crater/work/local/test-source/worker-0/beta-1.31-1/beta-2018-10-30:/source:ro,Z" "-v" "/mnt/big/crater/work/local/cargo-home:/cargo-home:ro,Z" "-v" "/mnt/big/crater/work/local/rustup-home:/rustup-home:ro,Z" "-e" "USER_ID=1000" "-e" "SOURCE_DIR=/source" "-e" "USER_ID=1000" "-e" "CMD=cargo +beta-2018-10-30 test --frozen --no-run" "-e" "CARGO_TARGET_DIR=/target" "-e" "CARGO_INCREMENTAL=0" "-e" "RUST_BACKTRACE=full" "-e" "RUSTFLAGS=--cap-lints=warn" "-e" "CARGO_HOME=/cargo-home" "-e" "RUSTUP_HOME=/rustup-home" "-m" "1536M" "--network" "none" "crater"`
Nov 01 04:58:04.973 INFO blam! b54c2f768e2327e0b93ac5095ee62a5aa71eaa8451ba97c1bdee86eadcaceb16
Nov 01 04:58:04.975 INFO running `"docker" "start" "-a" "b54c2f768e2327e0b93ac5095ee62a5aa71eaa8451ba97c1bdee86eadcaceb16"`
Nov 01 04:58:06.191 INFO kablam! usermod: no changes
Nov 01 04:58:06.319 INFO kablam!    Compiling lisp v0.1.0 (/source)
Nov 01 04:58:07.815 INFO kablam! error[E0432]: unresolved import `lisp::eval`
Nov 01 04:58:07.815 INFO kablam!  --> tests/integration_test.rs:3:11
Nov 01 04:58:07.815 INFO kablam!   |
Nov 01 04:58:07.815 INFO kablam! 3 | use lisp::eval::Evaluator;
Nov 01 04:58:07.815 INFO kablam!   |           ^^^^ Could not find `eval` in `lisp`
Nov 01 04:58:07.815 INFO kablam! 
Nov 01 04:58:07.858 INFO kablam! error[E0425]: cannot find function `Number` in this scope
Nov 01 04:58:07.858 INFO kablam!   --> tests/integration_test.rs:14:12
Nov 01 04:58:07.858 INFO kablam!    |
Nov 01 04:58:07.858 INFO kablam! 14 |         Ok(Number(1))
Nov 01 04:58:07.858 INFO kablam!    |            ^^^^^^ not found in this scope
Nov 01 04:58:07.859 INFO kablam! 
Nov 01 04:58:07.859 INFO kablam! error[E0425]: cannot find function `Number` in this scope
Nov 01 04:58:07.859 INFO kablam!   --> tests/integration_test.rs:18:12
Nov 01 04:58:07.859 INFO kablam!    |
Nov 01 04:58:07.860 INFO kablam! 18 |         Ok(Number(2))
Nov 01 04:58:07.861 INFO kablam!    |            ^^^^^^ not found in this scope
Nov 01 04:58:07.862 INFO kablam! 
Nov 01 04:58:07.862 INFO kablam! error[E0425]: cannot find function `Number` in this scope
Nov 01 04:58:07.862 INFO kablam!   --> tests/integration_test.rs:30:12
Nov 01 04:58:07.863 INFO kablam!    |
Nov 01 04:58:07.863 INFO kablam! 30 |         Ok(Number(2))
Nov 01 04:58:07.863 INFO kablam!    |            ^^^^^^ not found in this scope
Nov 01 04:58:07.864 INFO kablam! 
Nov 01 04:58:07.864 INFO kablam! error[E0425]: cannot find function `Number` in this scope
Nov 01 04:58:07.864 INFO kablam!   --> tests/integration_test.rs:39:12
Nov 01 04:58:07.865 INFO kablam!    |
Nov 01 04:58:07.865 INFO kablam! 39 |         Ok(Number(1))
Nov 01 04:58:07.865 INFO kablam!    |            ^^^^^^ not found in this scope
Nov 01 04:58:07.866 INFO kablam! 
Nov 01 04:58:07.866 INFO kablam! error[E0425]: cannot find function `Number` in this scope
Nov 01 04:58:07.866 INFO kablam!   --> tests/integration_test.rs:48:12
Nov 01 04:58:07.867 INFO kablam!    |
Nov 01 04:58:07.867 INFO kablam! 48 |         Ok(Number(3))
Nov 01 04:58:07.867 INFO kablam!    |            ^^^^^^ not found in this scope
Nov 01 04:58:07.868 INFO kablam! 
Nov 01 04:58:07.868 INFO kablam! error[E0425]: cannot find function `Number` in this scope
Nov 01 04:58:07.868 INFO kablam!   --> tests/integration_test.rs:52:12
Nov 01 04:58:07.868 INFO kablam!    |
Nov 01 04:58:07.869 INFO kablam! 52 |         Ok(Number(3))
Nov 01 04:58:07.869 INFO kablam!    |            ^^^^^^ not found in this scope
Nov 01 04:58:07.869 INFO kablam! 
Nov 01 04:58:07.869 INFO kablam! error[E0425]: cannot find function `Number` in this scope
Nov 01 04:58:07.870 INFO kablam!   --> tests/integration_test.rs:62:12
Nov 01 04:58:07.870 INFO kablam!    |
Nov 01 04:58:07.870 INFO kablam! 62 |         Ok(Number(6))
Nov 01 04:58:07.871 INFO kablam!    |            ^^^^^^ not found in this scope
Nov 01 04:58:07.872 INFO kablam! 
Nov 01 04:58:07.872 INFO kablam! error[E0425]: cannot find function `Number` in this scope
Nov 01 04:58:07.872 INFO kablam!   --> tests/integration_test.rs:71:40
Nov 01 04:58:07.873 INFO kablam!    |
Nov 01 04:58:07.873 INFO kablam! 71 |     assert_eq!(ev.eval_str("a", 0), Ok(Number(1)));
Nov 01 04:58:07.873 INFO kablam!    |                                        ^^^^^^ not found in this scope
Nov 01 04:58:07.873 INFO kablam! 
Nov 01 04:58:07.874 INFO kablam! error[E0425]: cannot find function `Number` in this scope
Nov 01 04:58:07.874 INFO kablam!   --> tests/integration_test.rs:73:40
Nov 01 04:58:07.874 INFO kablam!    |
Nov 01 04:58:07.875 INFO kablam! 73 |     assert_eq!(ev.eval_str("a", 0), Ok(Number(2)));
Nov 01 04:58:07.875 INFO kablam!    |                                        ^^^^^^ not found in this scope
Nov 01 04:58:07.875 INFO kablam! 
Nov 01 04:58:07.875 INFO kablam! error[E0425]: cannot find function `Number` in this scope
Nov 01 04:58:07.876 INFO kablam!   --> tests/integration_test.rs:75:40
Nov 01 04:58:07.876 INFO kablam!    |
Nov 01 04:58:07.876 INFO kablam! 75 |     assert_eq!(ev.eval_str("a", 0), Ok(Number(3)));
Nov 01 04:58:07.876 INFO kablam!    |                                        ^^^^^^ not found in this scope
Nov 01 04:58:07.877 INFO kablam! 
Nov 01 04:58:07.877 INFO kablam! error[E0425]: cannot find function `Number` in this scope
Nov 01 04:58:07.877 INFO kablam!   --> tests/integration_test.rs:84:48
Nov 01 04:58:07.877 INFO kablam!    |
Nov 01 04:58:07.878 INFO kablam! 84 |     assert_eq!(ev.eval_str("(force p)", 0), Ok(Number(2)));
Nov 01 04:58:07.878 INFO kablam!    |                                                ^^^^^^ not found in this scope
Nov 01 04:58:07.878 INFO kablam! 
Nov 01 04:58:07.879 INFO kablam! error[E0425]: cannot find function `Number` in this scope
Nov 01 04:58:07.879 INFO kablam!   --> tests/integration_test.rs:86:48
Nov 01 04:58:07.879 INFO kablam!    |
Nov 01 04:58:07.880 INFO kablam! 86 |     assert_eq!(ev.eval_str("(force p)", 0), Ok(Number(2)));
Nov 01 04:58:07.880 INFO kablam!    |                                                ^^^^^^ not found in this scope
Nov 01 04:58:07.880 INFO kablam! 
Nov 01 04:58:07.880 INFO kablam! error[E0425]: cannot find function `Number` in this scope
Nov 01 04:58:07.881 INFO kablam!   --> tests/integration_test.rs:96:12
Nov 01 04:58:07.881 INFO kablam!    |
Nov 01 04:58:07.881 INFO kablam! 96 |         Ok(Number(1))
Nov 01 04:58:07.882 INFO kablam!    |            ^^^^^^ not found in this scope
Nov 01 04:58:07.882 INFO kablam! 
Nov 01 04:58:07.882 INFO kablam! error[E0425]: cannot find function `Number` in this scope
Nov 01 04:58:07.883 INFO kablam!    --> tests/integration_test.rs:107:12
Nov 01 04:58:07.883 INFO kablam!     |
Nov 01 04:58:07.883 INFO kablam! 107 |         Ok(Number(3))
Nov 01 04:58:07.884 INFO kablam!     |            ^^^^^^ not found in this scope
Nov 01 04:58:07.884 INFO kablam! 
Nov 01 04:58:07.884 INFO kablam! error[E0425]: cannot find function `Number` in this scope
Nov 01 04:58:07.884 INFO kablam!    --> tests/integration_test.rs:113:12
Nov 01 04:58:07.884 INFO kablam!     |
Nov 01 04:58:07.884 INFO kablam! 113 |         Ok(Number(1))
Nov 01 04:58:07.884 INFO kablam!     |            ^^^^^^ not found in this scope
Nov 01 04:58:07.884 INFO kablam! 
Nov 01 04:58:07.884 INFO kablam! error[E0425]: cannot find function `List` in this scope
Nov 01 04:58:07.884 INFO kablam!    --> tests/integration_test.rs:119:12
Nov 01 04:58:07.884 INFO kablam!     |
Nov 01 04:58:07.884 INFO kablam! 119 |         Ok(List(vec!(Number(2), Number(3))))
Nov 01 04:58:07.884 INFO kablam!     |            ^^^^ not found in this scope
Nov 01 04:58:07.884 INFO kablam! help: possible candidate is found in another module, you can import it into scope
Nov 01 04:58:07.884 INFO kablam!     |
Nov 01 04:58:07.884 INFO kablam! 3   | use lisp::Expression::List;
Nov 01 04:58:07.884 INFO kablam!     |
Nov 01 04:58:07.884 INFO kablam! 
Nov 01 04:58:07.884 INFO kablam! error[E0425]: cannot find function `Number` in this scope
Nov 01 04:58:07.884 INFO kablam!    --> tests/integration_test.rs:119:22
Nov 01 04:58:07.884 INFO kablam!     |
Nov 01 04:58:07.884 INFO kablam! 119 |         Ok(List(vec!(Number(2), Number(3))))
Nov 01 04:58:07.884 INFO kablam!     |                      ^^^^^^ not found in this scope
Nov 01 04:58:07.884 INFO kablam! 
Nov 01 04:58:07.884 INFO kablam! error[E0425]: cannot find function `Number` in this scope
Nov 01 04:58:07.884 INFO kablam!    --> tests/integration_test.rs:119:33
Nov 01 04:58:07.884 INFO kablam!     |
Nov 01 04:58:07.884 INFO kablam! 119 |         Ok(List(vec!(Number(2), Number(3))))
Nov 01 04:58:07.884 INFO kablam!     |                                 ^^^^^^ not found in this scope
Nov 01 04:58:07.884 INFO kablam! 
Nov 01 04:58:07.884 INFO kablam! warning: unused import: `lisp::Datum::*`
Nov 01 04:58:07.884 INFO kablam!  --> tests/integration_test.rs:4:5
Nov 01 04:58:07.884 INFO kablam!   |
Nov 01 04:58:07.884 INFO kablam! 4 | use lisp::Datum::*;
Nov 01 04:58:07.884 INFO kablam!   |     ^^^^^^^^^^^^^^
Nov 01 04:58:07.884 INFO kablam!   |
Nov 01 04:58:07.884 INFO kablam!   = note: #[warn(unused_imports)] on by default
Nov 01 04:58:07.884 INFO kablam! 
Nov 01 04:58:08.015 INFO kablam! error: aborting due to 19 previous errors
Nov 01 04:58:08.015 INFO kablam! 
Nov 01 04:58:08.015 INFO kablam! Some errors occurred: E0425, E0432.
Nov 01 04:58:08.015 INFO kablam! For more information about an error, try `rustc --explain E0425`.
Nov 01 04:58:08.043 INFO kablam! error: Could not compile `lisp`.
Nov 01 04:58:08.043 INFO kablam! warning: build failed, waiting for other jobs to finish...
Nov 01 04:58:08.477 INFO kablam! warning: unused import: `rayon::prelude`
Nov 01 04:58:08.477 INFO kablam!   --> src/main.rs:16:5
Nov 01 04:58:08.477 INFO kablam!    |
Nov 01 04:58:08.477 INFO kablam! 16 | use rayon::prelude::*;
Nov 01 04:58:08.478 INFO kablam!    |     ^^^^^^^^^^^^^^
Nov 01 04:58:08.478 INFO kablam!    |
Nov 01 04:58:08.478 INFO kablam!    = note: #[warn(unused_imports)] on by default
Nov 01 04:58:08.478 INFO kablam! 
Nov 01 04:58:08.570 INFO kablam! error[E0308]: mismatched types
Nov 01 04:58:08.571 INFO kablam!   --> src/symbol_table.rs:42:26
Nov 01 04:58:08.571 INFO kablam!    |
Nov 01 04:58:08.571 INFO kablam! 42 |     assert_eq!(st.insert("foo"), 0);
Nov 01 04:58:08.571 INFO kablam!    |                          ^^^^^ expected struct `std::string::String`, found str
Nov 01 04:58:08.571 INFO kablam!    |
Nov 01 04:58:08.572 INFO kablam!    = note: expected type `&std::string::String`
Nov 01 04:58:08.572 INFO kablam!               found type `&'static str`
Nov 01 04:58:08.572 INFO kablam! 
Nov 01 04:58:08.767 INFO kablam! error[E0308]: mismatched types
Nov 01 04:58:08.767 INFO kablam!   --> src/symbol_table.rs:43:26
Nov 01 04:58:08.768 INFO kablam!    |
Nov 01 04:58:08.768 INFO kablam! 43 |     assert_eq!(st.insert("bar"), 1);
Nov 01 04:58:08.768 INFO kablam!    |                          ^^^^^ expected struct `std::string::String`, found str
Nov 01 04:58:08.768 INFO kablam!    |
Nov 01 04:58:08.769 INFO kablam!    = note: expected type `&std::string::String`
Nov 01 04:58:08.769 INFO kablam!               found type `&'static str`
Nov 01 04:58:08.769 INFO kablam! 
Nov 01 04:58:08.804 INFO kablam! error[E0308]: mismatched types
Nov 01 04:58:08.804 INFO kablam!   --> src/symbol_table.rs:44:26
Nov 01 04:58:08.805 INFO kablam!    |
Nov 01 04:58:08.805 INFO kablam! 44 |     assert_eq!(st.insert("foo"), 0);
Nov 01 04:58:08.805 INFO kablam!    |                          ^^^^^ expected struct `std::string::String`, found str
Nov 01 04:58:08.805 INFO kablam!    |
Nov 01 04:58:08.805 INFO kablam!    = note: expected type `&std::string::String`
Nov 01 04:58:08.805 INFO kablam!               found type `&'static str`
Nov 01 04:58:08.806 INFO kablam! 
Nov 01 04:58:09.563 INFO kablam! error: aborting due to 3 previous errors
Nov 01 04:58:09.563 INFO kablam! 
Nov 01 04:58:09.563 INFO kablam! For more information about this error, try `rustc --explain E0308`.
Nov 01 04:58:09.573 INFO kablam! error: Could not compile `lisp`.
Nov 01 04:58:09.573 INFO kablam! 
Nov 01 04:58:09.573 INFO kablam! To learn more, run the command again with --verbose.
Nov 01 04:58:09.576 INFO kablam! su: No module specific data is present
Nov 01 04:58:10.776 INFO running `"docker" "rm" "-f" "b54c2f768e2327e0b93ac5095ee62a5aa71eaa8451ba97c1bdee86eadcaceb16"`
Nov 01 04:58:11.103 INFO blam! b54c2f768e2327e0b93ac5095ee62a5aa71eaa8451ba97c1bdee86eadcaceb16
