Nov 01 05:14:24.993 INFO testing kpcyrd/cargo-debstatus against beta-2018-10-30 for beta-1.31-1
Nov 01 05:14:24.993 INFO running `"docker" "create" "-v" "/mnt/big/crater/work/local/target-dirs/beta-1.31-1/worker-2/beta-2018-10-30:/target:rw,Z" "-v" "/mnt/big/crater/work/local/test-source/worker-2/beta-1.31-1/beta-2018-10-30:/source:ro,Z" "-v" "/mnt/big/crater/work/local/cargo-home:/cargo-home:ro,Z" "-v" "/mnt/big/crater/work/local/rustup-home:/rustup-home:ro,Z" "-e" "USER_ID=1000" "-e" "SOURCE_DIR=/source" "-e" "USER_ID=1000" "-e" "CMD=cargo +beta-2018-10-30 build --frozen" "-e" "CARGO_TARGET_DIR=/target" "-e" "CARGO_INCREMENTAL=0" "-e" "RUST_BACKTRACE=full" "-e" "RUSTFLAGS=--cap-lints=warn" "-e" "CARGO_HOME=/cargo-home" "-e" "RUSTUP_HOME=/rustup-home" "-m" "1536M" "--network" "none" "crater"`
Nov 01 05:14:25.391 INFO blam! 5227164b52ca918eace618cc97e352676281863262878c3e8906efeede00c8fb
Nov 01 05:14:25.393 INFO running `"docker" "start" "-a" "5227164b52ca918eace618cc97e352676281863262878c3e8906efeede00c8fb"`
Nov 01 05:14:27.231 INFO kablam! usermod: no changes
Nov 01 05:14:27.659 INFO kablam!    Compiling openssl v0.10.11
Nov 01 05:14:27.659 INFO kablam!    Compiling fallible-iterator v0.1.5
Nov 01 05:14:27.665 INFO kablam!    Compiling cmake v0.1.33
Nov 01 05:14:27.665 INFO kablam!    Compiling libz-sys v1.0.20
Nov 01 05:14:27.665 INFO kablam!    Compiling backtrace-sys v0.1.24
Nov 01 05:14:27.665 INFO kablam!    Compiling curl-sys v0.4.8
Nov 01 05:14:27.675 INFO kablam!    Compiling phf_shared v0.7.21
Nov 01 05:14:27.675 INFO kablam!    Compiling base64 v0.6.0
Nov 01 05:14:30.119 INFO kablam!    Compiling socket2 v0.3.7
Nov 01 05:14:30.119 INFO kablam!    Compiling walkdir v2.2.0
Nov 01 05:14:33.155 INFO kablam!    Compiling petgraph v0.4.12
Nov 01 05:14:34.892 INFO kablam!    Compiling stringprep v0.1.2
Nov 01 05:14:34.892 INFO kablam!    Compiling phf v0.7.21
Nov 01 05:14:34.931 INFO kablam!    Compiling jobserver v0.1.11
Nov 01 05:14:35.053 INFO kablam!    Compiling libssh2-sys v0.2.10
Nov 01 05:14:35.147 INFO kablam!    Compiling libgit2-sys v0.7.7
Nov 01 05:14:35.479 INFO kablam!    Compiling serde_ignored v0.0.4
Nov 01 05:14:38.599 INFO kablam!    Compiling semver v0.9.0
Nov 01 05:14:41.003 INFO kablam!    Compiling serde_json v1.0.26
Nov 01 05:14:45.839 INFO kablam!    Compiling flate2 v1.0.2
Nov 01 05:14:45.905 INFO kablam!    Compiling serde_derive v1.0.71
Nov 01 05:14:46.032 INFO kablam!    Compiling structopt-derive v0.2.10
Nov 01 05:14:46.515 INFO kablam!    Compiling sha2 v0.7.1
Nov 01 05:14:46.943 INFO kablam! error[E0034]: multiple applicable items in scope
Nov 01 05:14:46.943 INFO kablam!     --> /cargo-home/registry/src/github.com-1ecc6299db9ec823/petgraph-0.4.12/src/graph_impl/stable_graph/mod.rs:1171:19
Nov 01 05:14:46.943 INFO kablam!      |
Nov 01 05:14:46.943 INFO kablam! 1171 |         self.iter.find_map(|(i, node)| {
Nov 01 05:14:46.943 INFO kablam!      |                   ^^^^^^^^ multiple `find_map` found
Nov 01 05:14:46.943 INFO kablam!      |
Nov 01 05:14:46.943 INFO kablam! note: candidate #1 is defined in an impl of the trait `iter_utils::IterUtilsExt` for the type `_`
Nov 01 05:14:46.943 INFO kablam!     --> /cargo-home/registry/src/github.com-1ecc6299db9ec823/petgraph-0.4.12/src/iter_utils.rs:5:5
Nov 01 05:14:46.943 INFO kablam!      |
Nov 01 05:14:46.943 INFO kablam! 5    | /     fn find_map<F, R>(&mut self, mut f: F) -> Option<R>
Nov 01 05:14:46.943 INFO kablam! 6    | |         where F: FnMut(Self::Item) -> Option<R>
Nov 01 05:14:46.943 INFO kablam! 7    | |     {
Nov 01 05:14:46.943 INFO kablam! 8    | |         while let Some(elt) = self.next() {
Nov 01 05:14:46.943 INFO kablam! ...    |
Nov 01 05:14:46.943 INFO kablam! 13   | |         None
Nov 01 05:14:46.943 INFO kablam! 14   | |     }
Nov 01 05:14:46.943 INFO kablam!      | |_____^
Nov 01 05:14:46.943 INFO kablam!      = note: candidate #2 is defined in an impl of the trait `std::iter::Iterator` for the type `std::iter::Enumerate<_>`
Nov 01 05:14:46.943 INFO kablam! 
Nov 01 05:14:47.083 INFO kablam! error[E0034]: multiple applicable items in scope
Nov 01 05:14:47.083 INFO kablam!     --> /cargo-home/registry/src/github.com-1ecc6299db9ec823/petgraph-0.4.12/src/graph_impl/stable_graph/mod.rs:1363:19
Nov 01 05:14:47.083 INFO kablam!      |
Nov 01 05:14:47.083 INFO kablam! 1363 |         self.iter.find_map(|(i, edge)|
Nov 01 05:14:47.083 INFO kablam!      |                   ^^^^^^^^ multiple `find_map` found
Nov 01 05:14:47.083 INFO kablam!      |
Nov 01 05:14:47.083 INFO kablam! note: candidate #1 is defined in an impl of the trait `iter_utils::IterUtilsExt` for the type `_`
Nov 01 05:14:47.083 INFO kablam!     --> /cargo-home/registry/src/github.com-1ecc6299db9ec823/petgraph-0.4.12/src/iter_utils.rs:5:5
Nov 01 05:14:47.083 INFO kablam!      |
Nov 01 05:14:47.083 INFO kablam! 5    | /     fn find_map<F, R>(&mut self, mut f: F) -> Option<R>
Nov 01 05:14:47.083 INFO kablam! 6    | |         where F: FnMut(Self::Item) -> Option<R>
Nov 01 05:14:47.083 INFO kablam! 7    | |     {
Nov 01 05:14:47.083 INFO kablam! 8    | |         while let Some(elt) = self.next() {
Nov 01 05:14:47.083 INFO kablam! ...    |
Nov 01 05:14:47.083 INFO kablam! 13   | |         None
Nov 01 05:14:47.083 INFO kablam! 14   | |     }
Nov 01 05:14:47.083 INFO kablam!      | |_____^
Nov 01 05:14:47.083 INFO kablam!      = note: candidate #2 is defined in an impl of the trait `std::iter::Iterator` for the type `std::iter::Enumerate<_>`
Nov 01 05:14:47.083 INFO kablam! 
Nov 01 05:14:47.135 INFO kablam! error[E0034]: multiple applicable items in scope
Nov 01 05:14:47.135 INFO kablam!     --> /cargo-home/registry/src/github.com-1ecc6299db9ec823/petgraph-0.4.12/src/graph_impl/stable_graph/mod.rs:1527:19
Nov 01 05:14:47.135 INFO kablam!      |
Nov 01 05:14:47.135 INFO kablam! 1527 |         self.iter.find_map(|(i, node)| {
Nov 01 05:14:47.135 INFO kablam!      |                   ^^^^^^^^ multiple `find_map` found
Nov 01 05:14:47.135 INFO kablam!      |
Nov 01 05:14:47.135 INFO kablam! note: candidate #1 is defined in an impl of the trait `iter_utils::IterUtilsExt` for the type `_`
Nov 01 05:14:47.135 INFO kablam!     --> /cargo-home/registry/src/github.com-1ecc6299db9ec823/petgraph-0.4.12/src/iter_utils.rs:5:5
Nov 01 05:14:47.135 INFO kablam!      |
Nov 01 05:14:47.135 INFO kablam! 5    | /     fn find_map<F, R>(&mut self, mut f: F) -> Option<R>
Nov 01 05:14:47.135 INFO kablam! 6    | |         where F: FnMut(Self::Item) -> Option<R>
Nov 01 05:14:47.135 INFO kablam! 7    | |     {
Nov 01 05:14:47.135 INFO kablam! 8    | |         while let Some(elt) = self.next() {
Nov 01 05:14:47.135 INFO kablam! ...    |
Nov 01 05:14:47.135 INFO kablam! 13   | |         None
Nov 01 05:14:47.135 INFO kablam! 14   | |     }
Nov 01 05:14:47.135 INFO kablam!      | |_____^
Nov 01 05:14:47.135 INFO kablam!      = note: candidate #2 is defined in an impl of the trait `std::iter::Iterator` for the type `std::iter::Enumerate<_>`
Nov 01 05:14:47.135 INFO kablam! 
Nov 01 05:14:47.143 INFO kablam! error[E0034]: multiple applicable items in scope
Nov 01 05:14:47.143 INFO kablam!     --> /cargo-home/registry/src/github.com-1ecc6299db9ec823/petgraph-0.4.12/src/graph_impl/stable_graph/mod.rs:1573:19
Nov 01 05:14:47.143 INFO kablam!      |
Nov 01 05:14:47.143 INFO kablam! 1573 |         self.iter.find_map(|(i, node)| {
Nov 01 05:14:47.143 INFO kablam!      |                   ^^^^^^^^ multiple `find_map` found
Nov 01 05:14:47.143 INFO kablam!      |
Nov 01 05:14:47.143 INFO kablam! note: candidate #1 is defined in an impl of the trait `iter_utils::IterUtilsExt` for the type `_`
Nov 01 05:14:47.143 INFO kablam!     --> /cargo-home/registry/src/github.com-1ecc6299db9ec823/petgraph-0.4.12/src/iter_utils.rs:5:5
Nov 01 05:14:47.143 INFO kablam!      |
Nov 01 05:14:47.143 INFO kablam! 5    | /     fn find_map<F, R>(&mut self, mut f: F) -> Option<R>
Nov 01 05:14:47.143 INFO kablam! 6    | |         where F: FnMut(Self::Item) -> Option<R>
Nov 01 05:14:47.143 INFO kablam! 7    | |     {
Nov 01 05:14:47.143 INFO kablam! 8    | |         while let Some(elt) = self.next() {
Nov 01 05:14:47.143 INFO kablam! ...    |
Nov 01 05:14:47.143 INFO kablam! 13   | |         None
Nov 01 05:14:47.143 INFO kablam! 14   | |     }
Nov 01 05:14:47.143 INFO kablam!      | |_____^
Nov 01 05:14:47.143 INFO kablam!      = note: candidate #2 is defined in an impl of the trait `std::iter::Iterator` for the type `std::iter::Enumerate<_>`
Nov 01 05:14:47.143 INFO kablam! 
Nov 01 05:14:49.371 INFO kablam! error: aborting due to 4 previous errors
Nov 01 05:14:49.371 INFO kablam! 
Nov 01 05:14:49.371 INFO kablam! For more information about this error, try `rustc --explain E0034`.
Nov 01 05:14:49.411 INFO kablam! error: Could not compile `petgraph`.
Nov 01 05:14:49.411 INFO kablam! warning: build failed, waiting for other jobs to finish...
Nov 01 05:15:16.291 INFO kablam! error: build failed
Nov 01 05:15:16.294 INFO kablam! su: No module specific data is present
Nov 01 05:15:18.061 INFO running `"docker" "rm" "-f" "5227164b52ca918eace618cc97e352676281863262878c3e8906efeede00c8fb"`
Nov 01 05:15:18.406 INFO blam! 5227164b52ca918eace618cc97e352676281863262878c3e8906efeede00c8fb
