Nov 01 05:36:25.069 INFO testing kirillkh/xword_constructor against beta-2018-10-30 for beta-1.31-1
Nov 01 05:36:25.070 INFO running `"docker" "create" "-v" "/mnt/big/crater/work/local/target-dirs/beta-1.31-1/worker-1/beta-2018-10-30:/target:rw,Z" "-v" "/mnt/big/crater/work/local/test-source/worker-1/beta-1.31-1/beta-2018-10-30:/source:ro,Z" "-v" "/mnt/big/crater/work/local/cargo-home:/cargo-home:ro,Z" "-v" "/mnt/big/crater/work/local/rustup-home:/rustup-home:ro,Z" "-e" "USER_ID=1000" "-e" "SOURCE_DIR=/source" "-e" "USER_ID=1000" "-e" "CMD=cargo +beta-2018-10-30 build --frozen" "-e" "CARGO_TARGET_DIR=/target" "-e" "CARGO_INCREMENTAL=0" "-e" "RUST_BACKTRACE=full" "-e" "RUSTFLAGS=--cap-lints=warn" "-e" "CARGO_HOME=/cargo-home" "-e" "RUSTUP_HOME=/rustup-home" "-m" "1536M" "--network" "none" "crater"`
Nov 01 05:36:25.446 INFO blam! 1e531b21f981d6bc6df0b15239dfc2dd9ae443d078ba19052b73b80426b8c879
Nov 01 05:36:25.447 INFO running `"docker" "start" "-a" "1e531b21f981d6bc6df0b15239dfc2dd9ae443d078ba19052b73b80426b8c879"`
Nov 01 05:36:26.539 INFO kablam! usermod: no changes
Nov 01 05:36:26.663 INFO kablam!    Compiling libc v0.2.8
Nov 01 05:36:26.671 INFO kablam!    Compiling ndarray v0.6.8
Nov 01 05:36:26.671 INFO kablam!    Compiling bit-vec v0.4.3
Nov 01 05:36:26.671 INFO kablam!    Compiling regex-syntax v0.3.1
Nov 01 05:36:26.671 INFO kablam!    Compiling mempool v0.2.0
Nov 01 05:36:26.679 INFO kablam!    Compiling matrixmultiply v0.1.11
Nov 01 05:36:26.686 INFO kablam!    Compiling num-complex v0.1.35
Nov 01 05:36:28.984 INFO kablam!    Compiling memchr v0.1.10
Nov 01 05:36:28.984 INFO kablam!    Compiling rand v0.3.14
Nov 01 05:36:29.604 INFO kablam!    Compiling bit-set v0.4.0
Nov 01 05:36:30.873 INFO kablam!    Compiling aho-corasick v0.5.1
Nov 01 05:36:35.042 INFO kablam!    Compiling regex v0.1.61
Nov 01 05:36:40.187 INFO kablam!    Compiling xword_constructor v0.2.1 (/source)
Nov 01 05:36:40.863 INFO kablam! error[E0554]: #![feature] may not be used on the beta release channel
Nov 01 05:36:40.863 INFO kablam!  --> src/lib.rs:1:1
Nov 01 05:36:40.863 INFO kablam!   |
Nov 01 05:36:40.863 INFO kablam! 1 | #![feature(test)]
Nov 01 05:36:40.863 INFO kablam!   | ^^^^^^^^^^^^^^^^^
Nov 01 05:36:40.863 INFO kablam! 
Nov 01 05:36:40.863 INFO kablam! error[E0554]: #![feature] may not be used on the beta release channel
Nov 01 05:36:40.863 INFO kablam!  --> src/lib.rs:2:1
Nov 01 05:36:40.863 INFO kablam!   |
Nov 01 05:36:40.863 INFO kablam! 2 | #![feature(repr_simd)]
Nov 01 05:36:40.863 INFO kablam!   | ^^^^^^^^^^^^^^^^^^^^^^
Nov 01 05:36:40.863 INFO kablam! 
Nov 01 05:36:40.863 INFO kablam! error[E0554]: #![feature] may not be used on the beta release channel
Nov 01 05:36:40.863 INFO kablam!  --> src/lib.rs:3:1
Nov 01 05:36:40.863 INFO kablam!   |
Nov 01 05:36:40.863 INFO kablam! 3 | #![feature(specialization)]
Nov 01 05:36:40.863 INFO kablam!   | ^^^^^^^^^^^^^^^^^^^^^^^^^^^
Nov 01 05:36:40.863 INFO kablam! 
Nov 01 05:36:40.867 INFO kablam! error: aborting due to 3 previous errors
Nov 01 05:36:40.867 INFO kablam! 
Nov 01 05:36:40.867 INFO kablam! For more information about this error, try `rustc --explain E0554`.
Nov 01 05:36:40.867 INFO kablam! error: Could not compile `xword_constructor`.
Nov 01 05:36:40.867 INFO kablam! 
Nov 01 05:36:40.867 INFO kablam! To learn more, run the command again with --verbose.
Nov 01 05:36:40.871 INFO kablam! su: No module specific data is present
Nov 01 05:36:41.892 INFO running `"docker" "rm" "-f" "1e531b21f981d6bc6df0b15239dfc2dd9ae443d078ba19052b73b80426b8c879"`
Nov 01 05:36:42.256 INFO blam! 1e531b21f981d6bc6df0b15239dfc2dd9ae443d078ba19052b73b80426b8c879
