Nov 01 05:38:18.399 INFO testing kingoflolz/routing against 1.30.0 for beta-1.31-1
Nov 01 05:38:18.399 INFO running `"docker" "create" "-v" "/mnt/big/crater/work/local/target-dirs/beta-1.31-1/worker-1/1.30.0:/target:rw,Z" "-v" "/mnt/big/crater/work/local/test-source/worker-1/beta-1.31-1/1.30.0:/source:ro,Z" "-v" "/mnt/big/crater/work/local/cargo-home:/cargo-home:ro,Z" "-v" "/mnt/big/crater/work/local/rustup-home:/rustup-home:ro,Z" "-e" "USER_ID=1000" "-e" "SOURCE_DIR=/source" "-e" "USER_ID=1000" "-e" "CMD=cargo +1.30.0 build --frozen" "-e" "CARGO_TARGET_DIR=/target" "-e" "CARGO_INCREMENTAL=0" "-e" "RUST_BACKTRACE=full" "-e" "RUSTFLAGS=--cap-lints=warn" "-e" "CARGO_HOME=/cargo-home" "-e" "RUSTUP_HOME=/rustup-home" "-m" "1536M" "--network" "none" "crater"`
Nov 01 05:38:18.804 INFO blam! bdb3daa5deb1ed62d4ac85adc465a6d7dfa7278d7c1b866e72a904bdafd87630
Nov 01 05:38:18.807 INFO running `"docker" "start" "-a" "bdb3daa5deb1ed62d4ac85adc465a6d7dfa7278d7c1b866e72a904bdafd87630"`
Nov 01 05:38:19.855 INFO kablam! usermod: no changes
Nov 01 05:38:20.036 INFO kablam!    Compiling unicode-xid v0.0.4
Nov 01 05:38:20.055 INFO kablam!    Compiling libc v0.2.33
Nov 01 05:38:20.055 INFO kablam!    Compiling typenum v1.9.0
Nov 01 05:38:20.055 INFO kablam!    Compiling num-traits v0.1.40
Nov 01 05:38:20.063 INFO kablam!    Compiling serde v0.8.23
Nov 01 05:38:20.071 INFO kablam!    Compiling quote v0.3.15
Nov 01 05:38:20.071 INFO kablam!    Compiling rustc-serialize v0.3.24
Nov 01 05:38:20.071 INFO kablam!    Compiling matrixmultiply v0.1.14
Nov 01 05:38:21.203 INFO kablam!    Compiling approx v0.1.1
Nov 01 05:38:25.163 INFO kablam!    Compiling nodrop v0.1.12
Nov 01 05:38:25.239 INFO kablam!    Compiling rawpointer v0.1.0
Nov 01 05:38:25.303 INFO kablam!    Compiling dtoa v0.4.2
Nov 01 05:38:25.679 INFO kablam!    Compiling serde v1.0.19
Nov 01 05:38:25.883 INFO kablam!    Compiling smallvec v0.3.3
Nov 01 05:38:26.369 INFO kablam!    Compiling clamp v0.1.0
Nov 01 05:38:26.431 INFO kablam!    Compiling itoa v0.3.4
Nov 01 05:38:26.999 INFO kablam!    Compiling ordermap v0.3.0
Nov 01 05:38:27.765 INFO kablam!    Compiling fixedbitset v0.1.8
Nov 01 05:38:28.616 INFO kablam!    Compiling synom v0.11.3
Nov 01 05:38:31.339 INFO kablam!    Compiling num-integer v0.1.35
Nov 01 05:38:31.379 INFO kablam!    Compiling rand v0.3.18
Nov 01 05:38:31.471 INFO kablam!    Compiling time v0.1.38
Nov 01 05:38:33.199 INFO kablam!    Compiling syn v0.11.11
Nov 01 05:38:33.876 INFO kablam!    Compiling num-iter v0.1.34
Nov 01 05:38:44.687 INFO kablam!    Compiling generic-array v0.2.1
Nov 01 05:38:44.708 INFO kablam!    Compiling generic-array v0.8.3
Nov 01 05:38:44.847 INFO kablam!    Compiling cgmath v0.14.1
Nov 01 05:38:55.395 INFO kablam!    Compiling num-complex v0.1.40
Nov 01 05:39:00.516 INFO kablam!    Compiling num-bigint v0.1.40
Nov 01 05:39:01.047 INFO kablam!    Compiling alga v0.5.2
Nov 01 05:39:01.271 INFO kablam!    Compiling serde_derive_internals v0.17.0
Nov 01 05:39:06.735 INFO kablam!    Compiling serde_json v1.0.6
Nov 01 05:39:09.720 INFO kablam!    Compiling num-rational v0.1.40
Nov 01 05:39:10.823 INFO kablam!    Compiling nalgebra v0.12.3
Nov 01 05:39:11.179 INFO kablam!    Compiling serde_derive v1.0.19
Nov 01 05:39:15.539 INFO kablam!    Compiling num v0.1.40
Nov 01 05:39:25.127 INFO kablam!    Compiling petgraph v0.4.10
Nov 01 05:39:25.127 INFO kablam!    Compiling nalgebra v0.13.1
Nov 01 05:39:28.069 INFO kablam! error[E0034]: multiple applicable items in scope
Nov 01 05:39:28.070 INFO kablam!     --> /cargo-home/registry/src/github.com-1ecc6299db9ec823/petgraph-0.4.10/src/graph_impl/stable_graph/mod.rs:1173:19
Nov 01 05:39:28.070 INFO kablam!      |
Nov 01 05:39:28.071 INFO kablam! 1173 |         self.iter.find_map(|(i, node)| {
Nov 01 05:39:28.071 INFO kablam!      |                   ^^^^^^^^ multiple `find_map` found
Nov 01 05:39:28.071 INFO kablam!      |
Nov 01 05:39:28.072 INFO kablam! note: candidate #1 is defined in an impl of the trait `iter_utils::IterUtilsExt` for the type `_`
Nov 01 05:39:28.072 INFO kablam!     --> /cargo-home/registry/src/github.com-1ecc6299db9ec823/petgraph-0.4.10/src/iter_utils.rs:5:5
Nov 01 05:39:28.073 INFO kablam!      |
Nov 01 05:39:28.073 INFO kablam! 5    | /     fn find_map<F, R>(&mut self, mut f: F) -> Option<R>
Nov 01 05:39:28.073 INFO kablam! 6    | |         where F: FnMut(Self::Item) -> Option<R>
Nov 01 05:39:28.074 INFO kablam! 7    | |     {
Nov 01 05:39:28.074 INFO kablam! 8    | |         while let Some(elt) = self.next() {
Nov 01 05:39:28.074 INFO kablam! ...    |
Nov 01 05:39:28.075 INFO kablam! 13   | |         None
Nov 01 05:39:28.075 INFO kablam! 14   | |     }
Nov 01 05:39:28.075 INFO kablam!      | |_____^
Nov 01 05:39:28.076 INFO kablam!      = note: candidate #2 is defined in an impl of the trait `std::iter::Iterator` for the type `std::iter::Enumerate<_>`
Nov 01 05:39:28.076 INFO kablam! 
Nov 01 05:39:28.092 INFO kablam! error[E0034]: multiple applicable items in scope
Nov 01 05:39:28.093 INFO kablam!     --> /cargo-home/registry/src/github.com-1ecc6299db9ec823/petgraph-0.4.10/src/graph_impl/stable_graph/mod.rs:1365:19
Nov 01 05:39:28.093 INFO kablam!      |
Nov 01 05:39:28.093 INFO kablam! 1365 |         self.iter.find_map(|(i, edge)|
Nov 01 05:39:28.093 INFO kablam!      |                   ^^^^^^^^ multiple `find_map` found
Nov 01 05:39:28.093 INFO kablam!      |
Nov 01 05:39:28.093 INFO kablam! note: candidate #1 is defined in an impl of the trait `iter_utils::IterUtilsExt` for the type `_`
Nov 01 05:39:28.093 INFO kablam!     --> /cargo-home/registry/src/github.com-1ecc6299db9ec823/petgraph-0.4.10/src/iter_utils.rs:5:5
Nov 01 05:39:28.093 INFO kablam!      |
Nov 01 05:39:28.093 INFO kablam! 5    | /     fn find_map<F, R>(&mut self, mut f: F) -> Option<R>
Nov 01 05:39:28.093 INFO kablam! 6    | |         where F: FnMut(Self::Item) -> Option<R>
Nov 01 05:39:28.093 INFO kablam! 7    | |     {
Nov 01 05:39:28.093 INFO kablam! 8    | |         while let Some(elt) = self.next() {
Nov 01 05:39:28.093 INFO kablam! ...    |
Nov 01 05:39:28.093 INFO kablam! 13   | |         None
Nov 01 05:39:28.093 INFO kablam! 14   | |     }
Nov 01 05:39:28.093 INFO kablam!      | |_____^
Nov 01 05:39:28.094 INFO kablam!      = note: candidate #2 is defined in an impl of the trait `std::iter::Iterator` for the type `std::iter::Enumerate<_>`
Nov 01 05:39:28.094 INFO kablam! 
Nov 01 05:39:28.102 INFO kablam! error[E0034]: multiple applicable items in scope
Nov 01 05:39:28.102 INFO kablam!     --> /cargo-home/registry/src/github.com-1ecc6299db9ec823/petgraph-0.4.10/src/graph_impl/stable_graph/mod.rs:1529:19
Nov 01 05:39:28.102 INFO kablam!      |
Nov 01 05:39:28.102 INFO kablam! 1529 |         self.iter.find_map(|(i, node)| {
Nov 01 05:39:28.102 INFO kablam!      |                   ^^^^^^^^ multiple `find_map` found
Nov 01 05:39:28.102 INFO kablam!      |
Nov 01 05:39:28.103 INFO kablam! note: candidate #1 is defined in an impl of the trait `iter_utils::IterUtilsExt` for the type `_`
Nov 01 05:39:28.103 INFO kablam!     --> /cargo-home/registry/src/github.com-1ecc6299db9ec823/petgraph-0.4.10/src/iter_utils.rs:5:5
Nov 01 05:39:28.103 INFO kablam!      |
Nov 01 05:39:28.103 INFO kablam! 5    | /     fn find_map<F, R>(&mut self, mut f: F) -> Option<R>
Nov 01 05:39:28.103 INFO kablam! 6    | |         where F: FnMut(Self::Item) -> Option<R>
Nov 01 05:39:28.103 INFO kablam! 7    | |     {
Nov 01 05:39:28.103 INFO kablam! 8    | |         while let Some(elt) = self.next() {
Nov 01 05:39:28.103 INFO kablam! ...    |
Nov 01 05:39:28.103 INFO kablam! 13   | |         None
Nov 01 05:39:28.103 INFO kablam! 14   | |     }
Nov 01 05:39:28.103 INFO kablam!      | |_____^
Nov 01 05:39:28.103 INFO kablam!      = note: candidate #2 is defined in an impl of the trait `std::iter::Iterator` for the type `std::iter::Enumerate<_>`
Nov 01 05:39:28.104 INFO kablam! 
Nov 01 05:39:28.108 INFO kablam! error[E0034]: multiple applicable items in scope
Nov 01 05:39:28.108 INFO kablam!     --> /cargo-home/registry/src/github.com-1ecc6299db9ec823/petgraph-0.4.10/src/graph_impl/stable_graph/mod.rs:1575:19
Nov 01 05:39:28.108 INFO kablam!      |
Nov 01 05:39:28.108 INFO kablam! 1575 |         self.iter.find_map(|(i, node)| {
Nov 01 05:39:28.108 INFO kablam!      |                   ^^^^^^^^ multiple `find_map` found
Nov 01 05:39:28.108 INFO kablam!      |
Nov 01 05:39:28.108 INFO kablam! note: candidate #1 is defined in an impl of the trait `iter_utils::IterUtilsExt` for the type `_`
Nov 01 05:39:28.108 INFO kablam!     --> /cargo-home/registry/src/github.com-1ecc6299db9ec823/petgraph-0.4.10/src/iter_utils.rs:5:5
Nov 01 05:39:28.108 INFO kablam!      |
Nov 01 05:39:28.109 INFO kablam! 5    | /     fn find_map<F, R>(&mut self, mut f: F) -> Option<R>
Nov 01 05:39:28.109 INFO kablam! 6    | |         where F: FnMut(Self::Item) -> Option<R>
Nov 01 05:39:28.109 INFO kablam! 7    | |     {
Nov 01 05:39:28.109 INFO kablam! 8    | |         while let Some(elt) = self.next() {
Nov 01 05:39:28.109 INFO kablam! ...    |
Nov 01 05:39:28.109 INFO kablam! 13   | |         None
Nov 01 05:39:28.110 INFO kablam! 14   | |     }
Nov 01 05:39:28.110 INFO kablam!      | |_____^
Nov 01 05:39:28.110 INFO kablam!      = note: candidate #2 is defined in an impl of the trait `std::iter::Iterator` for the type `std::iter::Enumerate<_>`
Nov 01 05:39:28.110 INFO kablam! 
Nov 01 05:39:28.551 INFO kablam! error: aborting due to 4 previous errors
Nov 01 05:39:28.551 INFO kablam! 
Nov 01 05:39:28.551 INFO kablam! For more information about this error, try `rustc --explain E0034`.
Nov 01 05:39:28.556 INFO kablam! error: Could not compile `petgraph`.
Nov 01 05:39:28.556 INFO kablam! warning: build failed, waiting for other jobs to finish...
Nov 01 05:40:04.763 INFO kablam! error: build failed
Nov 01 05:40:04.764 INFO kablam! su: No module specific data is present
Nov 01 05:40:05.026 INFO running `"docker" "rm" "-f" "bdb3daa5deb1ed62d4ac85adc465a6d7dfa7278d7c1b866e72a904bdafd87630"`
Nov 01 05:40:05.112 INFO blam! bdb3daa5deb1ed62d4ac85adc465a6d7dfa7278d7c1b866e72a904bdafd87630
