Nov 01 06:38:13.532 INFO testing johndiiorio/zeta-zero against 1.30.0 for beta-1.31-1
Nov 01 06:38:13.532 INFO running `"docker" "create" "-v" "/mnt/big/crater/work/local/target-dirs/beta-1.31-1/worker-6/1.30.0:/target:rw,Z" "-v" "/mnt/big/crater/work/local/test-source/worker-6/beta-1.31-1/1.30.0:/source:ro,Z" "-v" "/mnt/big/crater/work/local/cargo-home:/cargo-home:ro,Z" "-v" "/mnt/big/crater/work/local/rustup-home:/rustup-home:ro,Z" "-e" "USER_ID=1000" "-e" "SOURCE_DIR=/source" "-e" "USER_ID=1000" "-e" "CMD=cargo +1.30.0 build --frozen" "-e" "CARGO_TARGET_DIR=/target" "-e" "CARGO_INCREMENTAL=0" "-e" "RUST_BACKTRACE=full" "-e" "RUSTFLAGS=--cap-lints=warn" "-e" "CARGO_HOME=/cargo-home" "-e" "RUSTUP_HOME=/rustup-home" "-m" "1536M" "--network" "none" "crater"`
Nov 01 06:38:13.739 INFO blam! 446760be12da6ff6c5456c9e1f3d78d1be54cf345e0372297e2bfa55f14a297e
Nov 01 06:38:13.739 INFO running `"docker" "start" "-a" "446760be12da6ff6c5456c9e1f3d78d1be54cf345e0372297e2bfa55f14a297e"`
Nov 01 06:38:14.225 INFO kablam! usermod: no changes
Nov 01 06:38:14.280 INFO kablam!    Compiling ordermap v0.3.5
Nov 01 06:38:14.281 INFO kablam!    Compiling chess v0.4.2
Nov 01 06:38:15.527 INFO kablam!    Compiling petgraph v0.4.12
Nov 01 06:38:18.132 INFO kablam! error[E0034]: multiple applicable items in scope
Nov 01 06:38:18.132 INFO kablam!     --> /cargo-home/registry/src/github.com-1ecc6299db9ec823/petgraph-0.4.12/src/graph_impl/stable_graph/mod.rs:1171:19
Nov 01 06:38:18.132 INFO kablam!      |
Nov 01 06:38:18.132 INFO kablam! 1171 |         self.iter.find_map(|(i, node)| {
Nov 01 06:38:18.132 INFO kablam!      |                   ^^^^^^^^ multiple `find_map` found
Nov 01 06:38:18.132 INFO kablam!      |
Nov 01 06:38:18.132 INFO kablam! note: candidate #1 is defined in an impl of the trait `iter_utils::IterUtilsExt` for the type `_`
Nov 01 06:38:18.132 INFO kablam!     --> /cargo-home/registry/src/github.com-1ecc6299db9ec823/petgraph-0.4.12/src/iter_utils.rs:5:5
Nov 01 06:38:18.132 INFO kablam!      |
Nov 01 06:38:18.132 INFO kablam! 5    | /     fn find_map<F, R>(&mut self, mut f: F) -> Option<R>
Nov 01 06:38:18.133 INFO kablam! 6    | |         where F: FnMut(Self::Item) -> Option<R>
Nov 01 06:38:18.133 INFO kablam! 7    | |     {
Nov 01 06:38:18.133 INFO kablam! 8    | |         while let Some(elt) = self.next() {
Nov 01 06:38:18.133 INFO kablam! ...    |
Nov 01 06:38:18.133 INFO kablam! 13   | |         None
Nov 01 06:38:18.133 INFO kablam! 14   | |     }
Nov 01 06:38:18.133 INFO kablam!      | |_____^
Nov 01 06:38:18.133 INFO kablam!      = note: candidate #2 is defined in an impl of the trait `std::iter::Iterator` for the type `std::iter::Enumerate<_>`
Nov 01 06:38:18.133 INFO kablam! 
Nov 01 06:38:18.147 INFO kablam! error[E0034]: multiple applicable items in scope
Nov 01 06:38:18.147 INFO kablam!     --> /cargo-home/registry/src/github.com-1ecc6299db9ec823/petgraph-0.4.12/src/graph_impl/stable_graph/mod.rs:1363:19
Nov 01 06:38:18.147 INFO kablam!      |
Nov 01 06:38:18.147 INFO kablam! 1363 |         self.iter.find_map(|(i, edge)|
Nov 01 06:38:18.147 INFO kablam!      |                   ^^^^^^^^ multiple `find_map` found
Nov 01 06:38:18.147 INFO kablam!      |
Nov 01 06:38:18.147 INFO kablam! note: candidate #1 is defined in an impl of the trait `iter_utils::IterUtilsExt` for the type `_`
Nov 01 06:38:18.148 INFO kablam!     --> /cargo-home/registry/src/github.com-1ecc6299db9ec823/petgraph-0.4.12/src/iter_utils.rs:5:5
Nov 01 06:38:18.148 INFO kablam!      |
Nov 01 06:38:18.148 INFO kablam! 5    | /     fn find_map<F, R>(&mut self, mut f: F) -> Option<R>
Nov 01 06:38:18.148 INFO kablam! 6    | |         where F: FnMut(Self::Item) -> Option<R>
Nov 01 06:38:18.148 INFO kablam! 7    | |     {
Nov 01 06:38:18.148 INFO kablam! 8    | |         while let Some(elt) = self.next() {
Nov 01 06:38:18.148 INFO kablam! ...    |
Nov 01 06:38:18.148 INFO kablam! 13   | |         None
Nov 01 06:38:18.148 INFO kablam! 14   | |     }
Nov 01 06:38:18.148 INFO kablam!      | |_____^
Nov 01 06:38:18.148 INFO kablam!      = note: candidate #2 is defined in an impl of the trait `std::iter::Iterator` for the type `std::iter::Enumerate<_>`
Nov 01 06:38:18.148 INFO kablam! 
Nov 01 06:38:18.155 INFO kablam! error[E0034]: multiple applicable items in scope
Nov 01 06:38:18.155 INFO kablam!     --> /cargo-home/registry/src/github.com-1ecc6299db9ec823/petgraph-0.4.12/src/graph_impl/stable_graph/mod.rs:1527:19
Nov 01 06:38:18.155 INFO kablam!      |
Nov 01 06:38:18.155 INFO kablam! 1527 |         self.iter.find_map(|(i, node)| {
Nov 01 06:38:18.155 INFO kablam!      |                   ^^^^^^^^ multiple `find_map` found
Nov 01 06:38:18.159 INFO kablam!      |
Nov 01 06:38:18.159 INFO kablam! note: candidate #1 is defined in an impl of the trait `iter_utils::IterUtilsExt` for the type `_`
Nov 01 06:38:18.159 INFO kablam!     --> /cargo-home/registry/src/github.com-1ecc6299db9ec823/petgraph-0.4.12/src/iter_utils.rs:5:5
Nov 01 06:38:18.159 INFO kablam!      |
Nov 01 06:38:18.159 INFO kablam! 5    | /     fn find_map<F, R>(&mut self, mut f: F) -> Option<R>
Nov 01 06:38:18.159 INFO kablam! 6    | |         where F: FnMut(Self::Item) -> Option<R>
Nov 01 06:38:18.159 INFO kablam! 7    | |     {
Nov 01 06:38:18.159 INFO kablam! 8    | |         while let Some(elt) = self.next() {
Nov 01 06:38:18.159 INFO kablam! ...    |
Nov 01 06:38:18.159 INFO kablam! 13   | |         None
Nov 01 06:38:18.159 INFO kablam! 14   | |     }
Nov 01 06:38:18.159 INFO kablam!      | |_____^
Nov 01 06:38:18.160 INFO kablam!      = note: candidate #2 is defined in an impl of the trait `std::iter::Iterator` for the type `std::iter::Enumerate<_>`
Nov 01 06:38:18.160 INFO kablam! 
Nov 01 06:38:18.164 INFO kablam! error[E0034]: multiple applicable items in scope
Nov 01 06:38:18.164 INFO kablam!     --> /cargo-home/registry/src/github.com-1ecc6299db9ec823/petgraph-0.4.12/src/graph_impl/stable_graph/mod.rs:1573:19
Nov 01 06:38:18.164 INFO kablam!      |
Nov 01 06:38:18.164 INFO kablam! 1573 |         self.iter.find_map(|(i, node)| {
Nov 01 06:38:18.164 INFO kablam!      |                   ^^^^^^^^ multiple `find_map` found
Nov 01 06:38:18.164 INFO kablam!      |
Nov 01 06:38:18.165 INFO kablam! note: candidate #1 is defined in an impl of the trait `iter_utils::IterUtilsExt` for the type `_`
Nov 01 06:38:18.165 INFO kablam!     --> /cargo-home/registry/src/github.com-1ecc6299db9ec823/petgraph-0.4.12/src/iter_utils.rs:5:5
Nov 01 06:38:18.165 INFO kablam!      |
Nov 01 06:38:18.165 INFO kablam! 5    | /     fn find_map<F, R>(&mut self, mut f: F) -> Option<R>
Nov 01 06:38:18.165 INFO kablam! 6    | |         where F: FnMut(Self::Item) -> Option<R>
Nov 01 06:38:18.165 INFO kablam! 7    | |     {
Nov 01 06:38:18.165 INFO kablam! 8    | |         while let Some(elt) = self.next() {
Nov 01 06:38:18.165 INFO kablam! ...    |
Nov 01 06:38:18.165 INFO kablam! 13   | |         None
Nov 01 06:38:18.165 INFO kablam! 14   | |     }
Nov 01 06:38:18.165 INFO kablam!      | |_____^
Nov 01 06:38:18.165 INFO kablam!      = note: candidate #2 is defined in an impl of the trait `std::iter::Iterator` for the type `std::iter::Enumerate<_>`
Nov 01 06:38:18.165 INFO kablam! 
Nov 01 06:38:18.623 INFO kablam! error: aborting due to 4 previous errors
Nov 01 06:38:18.623 INFO kablam! 
Nov 01 06:38:18.623 INFO kablam! For more information about this error, try `rustc --explain E0034`.
Nov 01 06:38:18.628 INFO kablam! error: Could not compile `petgraph`.
Nov 01 06:38:18.628 INFO kablam! warning: build failed, waiting for other jobs to finish...
Nov 01 06:41:56.635 INFO kablam! error: build failed
Nov 01 06:41:56.635 INFO kablam! su: No module specific data is present
Nov 01 06:41:57.812 INFO running `"docker" "rm" "-f" "446760be12da6ff6c5456c9e1f3d78d1be54cf345e0372297e2bfa55f14a297e"`
Nov 01 06:41:58.088 INFO blam! 446760be12da6ff6c5456c9e1f3d78d1be54cf345e0372297e2bfa55f14a297e
