Nov 01 07:30:09.060 INFO testing jac3km4/vakfu against beta-2018-10-30 for beta-1.31-1
Nov 01 07:30:09.060 INFO running `"docker" "create" "-v" "/mnt/big/crater/work/local/target-dirs/beta-1.31-1/worker-6/beta-2018-10-30:/target:rw,Z" "-v" "/mnt/big/crater/work/local/test-source/worker-6/beta-1.31-1/beta-2018-10-30:/source:ro,Z" "-v" "/mnt/big/crater/work/local/cargo-home:/cargo-home:ro,Z" "-v" "/mnt/big/crater/work/local/rustup-home:/rustup-home:ro,Z" "-e" "USER_ID=1000" "-e" "SOURCE_DIR=/source" "-e" "USER_ID=1000" "-e" "CMD=cargo +beta-2018-10-30 build --frozen" "-e" "CARGO_TARGET_DIR=/target" "-e" "CARGO_INCREMENTAL=0" "-e" "RUST_BACKTRACE=full" "-e" "RUSTFLAGS=--cap-lints=warn" "-e" "CARGO_HOME=/cargo-home" "-e" "RUSTUP_HOME=/rustup-home" "-m" "1536M" "--network" "none" "crater"`
Nov 01 07:30:09.376 INFO blam! 38d6f3e20fa54f07dfe90369e0bcd70b66deafbcc3529b7e945c8c156d47dd3d
Nov 01 07:30:09.380 INFO running `"docker" "start" "-a" "38d6f3e20fa54f07dfe90369e0bcd70b66deafbcc3529b7e945c8c156d47dd3d"`
Nov 01 07:30:09.837 INFO kablam! usermod: no changes
Nov 01 07:30:10.047 INFO kablam!    Compiling proc-macro2 v0.4.20
Nov 01 07:30:10.047 INFO kablam!    Compiling vulkano v0.10.0
Nov 01 07:30:10.055 INFO kablam!    Compiling vk-sys v0.3.3
Nov 01 07:30:10.055 INFO kablam!    Compiling half v1.3.0
Nov 01 07:30:10.055 INFO kablam!    Compiling cmake v0.1.35
Nov 01 07:30:10.055 INFO kablam!    Compiling miniz_oxide_c_api v0.1.3
Nov 01 07:30:10.063 INFO kablam!    Compiling cgmath v0.16.1
Nov 01 07:30:10.063 INFO kablam!    Compiling crossbeam-channel v0.2.6
Nov 01 07:30:12.315 INFO kablam!    Compiling smithay-client-toolkit v0.3.0
Nov 01 07:30:14.060 INFO kablam!    Compiling glsl-to-spirv v0.1.7
Nov 01 07:30:15.230 INFO kablam!    Compiling flate2 v1.0.3
Nov 01 07:30:15.979 INFO kablam!    Compiling crossbeam v0.4.1
Nov 01 07:30:18.603 INFO kablam!    Compiling zip v0.4.2
Nov 01 07:30:24.575 INFO kablam!    Compiling winit v0.17.2
Nov 01 07:30:24.819 INFO kablam!    Compiling quote v0.6.8
Nov 01 07:30:36.391 INFO kablam!    Compiling syn v0.14.9
Nov 01 07:30:55.431 INFO kablam! error: failed to run custom build command for `glsl-to-spirv v0.1.7`
Nov 01 07:30:55.431 INFO kablam! process didn't exit successfully: `/target/debug/build/glsl-to-spirv-763bd4e55da2834e/build-script-build` (exit code: 101)
Nov 01 07:30:55.431 INFO kablam! --- stdout
Nov 01 07:30:55.431 INFO kablam! cargo:rerun-if-changed=build/glslangValidator.exe
Nov 01 07:30:55.431 INFO kablam! running: "cmake" "/cargo-home/registry/src/github.com-1ecc6299db9ec823/glsl-to-spirv-0.1.7/glslang" "-DCMAKE_INSTALL_PREFIX=/target/debug/build/glsl-to-spirv-144a5a52bbfe9bff/out" "-DCMAKE_C_FLAGS= -ffunction-sections -fdata-sections -fPIC -m64" "-DCMAKE_C_COMPILER=/usr/bin/cc" "-DCMAKE_CXX_FLAGS= -ffunction-sections -fdata-sections -fPIC -m64" "-DCMAKE_CXX_COMPILER=/usr/bin/c++" "-DCMAKE_BUILD_TYPE=Debug"
Nov 01 07:30:55.431 INFO kablam! -- The C compiler identification is GNU 5.4.0
Nov 01 07:30:55.431 INFO kablam! -- The CXX compiler identification is GNU 5.4.0
Nov 01 07:30:55.431 INFO kablam! -- Check for working C compiler: /usr/bin/cc
Nov 01 07:30:55.431 INFO kablam! -- Check for working C compiler: /usr/bin/cc -- works
Nov 01 07:30:55.431 INFO kablam! -- Detecting C compiler ABI info
Nov 01 07:30:55.431 INFO kablam! -- Detecting C compiler ABI info - done
Nov 01 07:30:55.431 INFO kablam! -- Detecting C compile features
Nov 01 07:30:55.431 INFO kablam! -- Detecting C compile features - done
Nov 01 07:30:55.431 INFO kablam! -- Check for working CXX compiler: /usr/bin/c++
Nov 01 07:30:55.432 INFO kablam! -- Check for working CXX compiler: /usr/bin/c++ -- works
Nov 01 07:30:55.432 INFO kablam! -- Detecting CXX compiler ABI info
Nov 01 07:30:55.432 INFO kablam! -- Detecting CXX compiler ABI info - done
Nov 01 07:30:55.432 INFO kablam! -- Detecting CXX compile features
Nov 01 07:30:55.432 INFO kablam! -- Detecting CXX compile features - done
Nov 01 07:30:55.432 INFO kablam! -- Google Mock was not found - tests based on that will not build
Nov 01 07:30:55.432 INFO kablam! -- Configuring done
Nov 01 07:30:55.432 INFO kablam! -- Generating done
Nov 01 07:30:55.432 INFO kablam! -- Build files have been written to: /target/debug/build/glsl-to-spirv-144a5a52bbfe9bff/out/build
Nov 01 07:30:55.432 INFO kablam! running: "cmake" "--build" "." "--target" "install" "--config" "Debug" "--"
Nov 01 07:30:55.432 INFO kablam! Scanning dependencies of target glslang-default-resource-limits
Nov 01 07:30:55.432 INFO kablam! Scanning dependencies of target OSDependent
Nov 01 07:30:55.432 INFO kablam! Scanning dependencies of target OGLCompiler
Nov 01 07:30:55.432 INFO kablam! Scanning dependencies of target SPVRemapper
Nov 01 07:30:55.432 INFO kablam! [  1%] Building CXX object glslang/OSDependent/Unix/CMakeFiles/OSDependent.dir/ossource.cpp.o
Nov 01 07:30:55.432 INFO kablam! [  3%] Building CXX object SPIRV/CMakeFiles/SPVRemapper.dir/SPVRemapper.cpp.o
Nov 01 07:30:55.432 INFO kablam! [  5%] Building CXX object StandAlone/CMakeFiles/glslang-default-resource-limits.dir/ResourceLimits.cpp.o
Nov 01 07:30:55.432 INFO kablam! Scanning dependencies of target HLSL
Nov 01 07:30:55.432 INFO kablam! [  7%] Building CXX object OGLCompilersDLL/CMakeFiles/OGLCompiler.dir/InitializeDll.cpp.o
Nov 01 07:30:55.432 INFO kablam! [  8%] Building CXX object hlsl/CMakeFiles/HLSL.dir/hlslAttributes.cpp.o
Nov 01 07:30:55.432 INFO kablam! [ 10%] Linking CXX static library libOSDependent.a
Nov 01 07:30:55.432 INFO kablam! [ 10%] Built target OSDependent
Nov 01 07:30:55.432 INFO kablam! [ 12%] Building CXX object hlsl/CMakeFiles/HLSL.dir/hlslParseHelper.cpp.o
Nov 01 07:30:55.432 INFO kablam! [ 14%] Linking CXX static library libOGLCompiler.a
Nov 01 07:30:55.432 INFO kablam! [ 14%] Built target OGLCompiler
Nov 01 07:30:55.432 INFO kablam! [ 15%] Building CXX object SPIRV/CMakeFiles/SPVRemapper.dir/doc.cpp.o
Nov 01 07:30:55.432 INFO kablam! [ 17%] Building CXX object hlsl/CMakeFiles/HLSL.dir/hlslScanContext.cpp.o
Nov 01 07:30:55.432 INFO kablam! [ 19%] Linking CXX static library libglslang-default-resource-limits.a
Nov 01 07:30:55.432 INFO kablam! [ 19%] Built target glslang-default-resource-limits
Nov 01 07:30:55.432 INFO kablam! [ 21%] Building CXX object hlsl/CMakeFiles/HLSL.dir/hlslOpMap.cpp.o
Nov 01 07:30:55.432 INFO kablam! hlsl/CMakeFiles/HLSL.dir/build.make:110: recipe for target 'hlsl/CMakeFiles/HLSL.dir/hlslScanContext.cpp.o' failed
Nov 01 07:30:55.432 INFO kablam! [ 22%] Linking CXX static library libSPVRemapper.a
Nov 01 07:30:55.432 INFO kablam! [ 22%] Built target SPVRemapper
Nov 01 07:30:55.432 INFO kablam! CMakeFiles/Makefile2:1410: recipe for target 'hlsl/CMakeFiles/HLSL.dir/all' failed
Nov 01 07:30:55.432 INFO kablam! Makefile:138: recipe for target 'all' failed
Nov 01 07:30:55.432 INFO kablam! 
Nov 01 07:30:55.432 INFO kablam! --- stderr
Nov 01 07:30:55.432 INFO kablam! c++: internal compiler error: Killed (program cc1plus)
Nov 01 07:30:55.432 INFO kablam! Please submit a full bug report,
Nov 01 07:30:55.432 INFO kablam! with preprocessed source if appropriate.
Nov 01 07:30:55.432 INFO kablam! See <file:///usr/share/doc/gcc-5/README.Bugs> for instructions.
Nov 01 07:30:55.432 INFO kablam! make[2]: *** [hlsl/CMakeFiles/HLSL.dir/hlslScanContext.cpp.o] Error 4
Nov 01 07:30:55.432 INFO kablam! make[2]: *** Waiting for unfinished jobs....
Nov 01 07:30:55.432 INFO kablam! make[1]: *** [hlsl/CMakeFiles/HLSL.dir/all] Error 2
Nov 01 07:30:55.432 INFO kablam! make: *** [all] Error 2
Nov 01 07:30:55.432 INFO kablam! thread 'main' panicked at '
Nov 01 07:30:55.432 INFO kablam! command did not execute successfully, got: exit code: 2
Nov 01 07:30:55.432 INFO kablam! 
Nov 01 07:30:55.432 INFO kablam! build script failed, must exit now', /cargo-home/registry/src/github.com-1ecc6299db9ec823/cmake-0.1.35/src/lib.rs:778:5
Nov 01 07:30:55.432 INFO kablam! stack backtrace:
Nov 01 07:30:55.432 INFO kablam!    0:     0x5647c083c63f - std::sys::unix::backtrace::tracing::imp::unwind_backtrace::h3c55afa80a996a32
Nov 01 07:30:55.432 INFO kablam!                                at libstd/sys/unix/backtrace/tracing/gcc_s.rs:49
Nov 01 07:30:55.432 INFO kablam!    1:     0x5647c0848b77 - std::sys_common::backtrace::print::hcef907ea7a07cd40
Nov 01 07:30:55.432 INFO kablam!                                at libstd/sys_common/backtrace.rs:71
Nov 01 07:30:55.432 INFO kablam!                                at libstd/sys_common/backtrace.rs:59
Nov 01 07:30:55.432 INFO kablam!    2:     0x5647c084182f - std::panicking::default_hook::{{closure}}::hf541876c65f36ea7
Nov 01 07:30:55.432 INFO kablam!                                at libstd/panicking.rs:211
Nov 01 07:30:55.432 INFO kablam!    3:     0x5647c0841594 - std::panicking::default_hook::h4ecc06b30ae4459d
Nov 01 07:30:55.432 INFO kablam!                                at libstd/panicking.rs:227
Nov 01 07:30:55.432 INFO kablam!    4:     0x5647c0841eae - std::panicking::rust_panic_with_hook::h0cc6d9cc9f34a947
Nov 01 07:30:55.432 INFO kablam!                                at libstd/panicking.rs:476
Nov 01 07:30:55.432 INFO kablam!    5:     0x5647c0841a51 - std::panicking::continue_panic_fmt::hc71ad5f01496e320
Nov 01 07:30:55.432 INFO kablam!                                at libstd/panicking.rs:390
Nov 01 07:30:55.432 INFO kablam!    6:     0x5647c084199e - std::panicking::begin_panic_fmt::hdb958223ae20ca60
Nov 01 07:30:55.432 INFO kablam!                                at libstd/panicking.rs:345
Nov 01 07:30:55.432 INFO kablam!    7:     0x5647c07c3966 - cmake::fail::h13ee493875f292e9
Nov 01 07:30:55.432 INFO kablam!                                at /cargo-home/registry/src/github.com-1ecc6299db9ec823/cmake-0.1.35/src/lib.rs:778
Nov 01 07:30:55.432 INFO kablam!    8:     0x5647c07c324b - cmake::run::ha4e1eecec7defabe
Nov 01 07:30:55.432 INFO kablam!                                at /cargo-home/registry/src/github.com-1ecc6299db9ec823/cmake-0.1.35/src/lib.rs:759
Nov 01 07:30:55.432 INFO kablam!    9:     0x5647c07bf7a6 - cmake::Config::build::h78890a9a8c073592
Nov 01 07:30:55.432 INFO kablam!                                at /cargo-home/registry/src/github.com-1ecc6299db9ec823/cmake-0.1.35/src/lib.rs:671
Nov 01 07:30:55.432 INFO kablam!   10:     0x5647c07b1624 - cmake::build::hb83ad2215b0d71a2
Nov 01 07:30:55.432 INFO kablam!                                at /cargo-home/registry/src/github.com-1ecc6299db9ec823/cmake-0.1.35/src/lib.rs:97
Nov 01 07:30:55.432 INFO kablam!   11:     0x5647c07af6ab - build_script_build::main::hbc5aef2d13cc7b44
Nov 01 07:30:55.432 INFO kablam!                                at /cargo-home/registry/src/github.com-1ecc6299db9ec823/glsl-to-spirv-0.1.7/build/build.rs:37
Nov 01 07:30:55.432 INFO kablam!   12:     0x5647c07b07df - std::rt::lang_start::{{closure}}::h6e3d753ca02706f6
Nov 01 07:30:55.432 INFO kablam!                                at libstd/rt.rs:74
Nov 01 07:30:55.432 INFO kablam!   13:     0x5647c08418d2 - std::panicking::try::do_call::h203c4989fde7f201
Nov 01 07:30:55.432 INFO kablam!                                at libstd/rt.rs:59
Nov 01 07:30:55.432 INFO kablam!                                at libstd/panicking.rs:310
Nov 01 07:30:55.432 INFO kablam!   14:     0x5647c0853da9 - __rust_maybe_catch_panic
Nov 01 07:30:55.432 INFO kablam!                                at libpanic_unwind/lib.rs:102
Nov 01 07:30:55.433 INFO kablam!   15:     0x5647c082d65a - std::rt::lang_start_internal::h80fd76ad39d9c8d9
Nov 01 07:30:55.433 INFO kablam!                                at libstd/panicking.rs:289
Nov 01 07:30:55.433 INFO kablam!                                at libstd/panic.rs:392
Nov 01 07:30:55.433 INFO kablam!                                at libstd/rt.rs:58
Nov 01 07:30:55.433 INFO kablam!   16:     0x5647c07b07b8 - std::rt::lang_start::h92f8b401deaaad3a
Nov 01 07:30:55.433 INFO kablam!                                at libstd/rt.rs:74
Nov 01 07:30:55.433 INFO kablam!   17:     0x5647c07af979 - main
Nov 01 07:30:55.433 INFO kablam!   18:     0x7ffb5e62782f - __libc_start_main
Nov 01 07:30:55.433 INFO kablam!   19:     0x5647c07ae018 - _start
Nov 01 07:30:55.433 INFO kablam!   20:                0x0 - <unknown>
Nov 01 07:30:55.433 INFO kablam! 
Nov 01 07:30:55.433 INFO kablam! warning: build failed, waiting for other jobs to finish...
Nov 01 07:31:08.322 INFO kablam! error: build failed
Nov 01 07:31:08.323 INFO kablam! su: No module specific data is present
Nov 01 07:31:08.956 INFO running `"docker" "rm" "-f" "38d6f3e20fa54f07dfe90369e0bcd70b66deafbcc3529b7e945c8c156d47dd3d"`
Nov 01 07:31:09.115 INFO blam! 38d6f3e20fa54f07dfe90369e0bcd70b66deafbcc3529b7e945c8c156d47dd3d
