Nov 01 07:30:09.566 INFO testing jac3km4/vakfu against 1.30.0 for beta-1.31-1
Nov 01 07:30:09.566 INFO running `"docker" "create" "-v" "/mnt/big/crater/work/local/target-dirs/beta-1.31-1/worker-5/1.30.0:/target:rw,Z" "-v" "/mnt/big/crater/work/local/test-source/worker-5/beta-1.31-1/1.30.0:/source:ro,Z" "-v" "/mnt/big/crater/work/local/cargo-home:/cargo-home:ro,Z" "-v" "/mnt/big/crater/work/local/rustup-home:/rustup-home:ro,Z" "-e" "USER_ID=1000" "-e" "SOURCE_DIR=/source" "-e" "USER_ID=1000" "-e" "CMD=cargo +1.30.0 build --frozen" "-e" "CARGO_TARGET_DIR=/target" "-e" "CARGO_INCREMENTAL=0" "-e" "RUST_BACKTRACE=full" "-e" "RUSTFLAGS=--cap-lints=warn" "-e" "CARGO_HOME=/cargo-home" "-e" "RUSTUP_HOME=/rustup-home" "-m" "1536M" "--network" "none" "crater"`
Nov 01 07:30:09.753 INFO blam! 72f5805650bb4c2904dc528da865879c94b28c17193467c3c7be7434823447d7
Nov 01 07:30:09.753 INFO running `"docker" "start" "-a" "72f5805650bb4c2904dc528da865879c94b28c17193467c3c7be7434823447d7"`
Nov 01 07:30:10.318 INFO kablam! usermod: no changes
Nov 01 07:30:10.671 INFO kablam!    Compiling byte-tools v0.2.0
Nov 01 07:30:10.678 INFO kablam!    Compiling arrayref v0.3.5
Nov 01 07:30:10.678 INFO kablam!    Compiling fake-simd v0.1.2
Nov 01 07:30:10.683 INFO kablam!    Compiling proc-macro2 v0.4.20
Nov 01 07:30:10.683 INFO kablam!    Compiling vulkano v0.10.0
Nov 01 07:30:10.683 INFO kablam!    Compiling vk-sys v0.3.3
Nov 01 07:30:10.683 INFO kablam!    Compiling half v1.3.0
Nov 01 07:30:10.683 INFO kablam!    Compiling miniz_oxide_c_api v0.1.3
Nov 01 07:30:11.295 INFO kablam!    Compiling memmap v0.6.2
Nov 01 07:30:11.387 INFO kablam!    Compiling log v0.4.5
Nov 01 07:30:11.392 INFO kablam!    Compiling typenum v1.10.0
Nov 01 07:30:13.228 INFO kablam!    Compiling block-buffer v0.3.3
Nov 01 07:30:13.234 INFO kablam!    Compiling nix v0.11.0
Nov 01 07:30:13.246 INFO kablam!    Compiling bzip2-sys v0.1.6
Nov 01 07:30:13.291 INFO kablam!    Compiling tempfile v3.0.4
Nov 01 07:30:13.539 INFO kablam!    Compiling crossbeam-epoch v0.5.2
Nov 01 07:30:13.781 INFO kablam!    Compiling crossbeam-epoch v0.6.0
Nov 01 07:30:14.547 INFO kablam!    Compiling shared_library v0.1.9
Nov 01 07:30:14.807 INFO kablam!    Compiling x11-dl v2.18.3
Nov 01 07:30:17.130 INFO kablam!    Compiling cgmath v0.16.1
Nov 01 07:30:17.135 INFO kablam!    Compiling bzip2 v0.3.3
Nov 01 07:30:17.186 INFO kablam!    Compiling generic-array v0.9.0
Nov 01 07:30:17.247 INFO kablam!    Compiling wayland-client v0.20.12
Nov 01 07:30:21.155 INFO kablam!    Compiling crossbeam-deque v0.5.2
Nov 01 07:30:21.155 INFO kablam!    Compiling crossbeam-channel v0.2.6
Nov 01 07:30:21.171 INFO kablam!    Compiling digest v0.7.6
Nov 01 07:30:21.963 INFO kablam!    Compiling flate2 v1.0.3
Nov 01 07:30:23.256 INFO kablam!    Compiling sha2 v0.7.1
Nov 01 07:30:26.868 INFO kablam!    Compiling zip v0.4.2
Nov 01 07:30:26.887 INFO kablam!    Compiling glsl-to-spirv v0.1.7
Nov 01 07:30:27.895 INFO kablam!    Compiling crossbeam v0.4.1
Nov 01 07:30:28.089 INFO kablam!    Compiling wayland-protocols v0.20.12
Nov 01 07:30:35.364 INFO kablam!    Compiling quote v0.6.8
Nov 01 07:30:55.475 INFO kablam!    Compiling syn v0.14.9
Nov 01 07:30:55.591 INFO kablam!    Compiling smithay-client-toolkit v0.3.0
Nov 01 07:31:02.299 INFO kablam! error: failed to run custom build command for `glsl-to-spirv v0.1.7`
Nov 01 07:31:02.299 INFO kablam! process didn't exit successfully: `/target/debug/build/glsl-to-spirv-e37c12cb70e966c2/build-script-build` (exit code: 101)
Nov 01 07:31:02.299 INFO kablam! --- stdout
Nov 01 07:31:02.299 INFO kablam! cargo:rerun-if-changed=build/glslangValidator.exe
Nov 01 07:31:02.299 INFO kablam! running: "cmake" "/cargo-home/registry/src/github.com-1ecc6299db9ec823/glsl-to-spirv-0.1.7/glslang" "-DCMAKE_INSTALL_PREFIX=/target/debug/build/glsl-to-spirv-0748ec7843c89581/out" "-DCMAKE_C_FLAGS= -ffunction-sections -fdata-sections -fPIC -m64" "-DCMAKE_C_COMPILER=/usr/bin/cc" "-DCMAKE_CXX_FLAGS= -ffunction-sections -fdata-sections -fPIC -m64" "-DCMAKE_CXX_COMPILER=/usr/bin/c++" "-DCMAKE_BUILD_TYPE=Debug"
Nov 01 07:31:02.299 INFO kablam! -- The C compiler identification is GNU 5.4.0
Nov 01 07:31:02.299 INFO kablam! -- The CXX compiler identification is GNU 5.4.0
Nov 01 07:31:02.299 INFO kablam! -- Check for working C compiler: /usr/bin/cc
Nov 01 07:31:02.299 INFO kablam! -- Check for working C compiler: /usr/bin/cc -- works
Nov 01 07:31:02.299 INFO kablam! -- Detecting C compiler ABI info
Nov 01 07:31:02.299 INFO kablam! -- Detecting C compiler ABI info - done
Nov 01 07:31:02.299 INFO kablam! -- Detecting C compile features
Nov 01 07:31:02.299 INFO kablam! -- Detecting C compile features - done
Nov 01 07:31:02.299 INFO kablam! -- Check for working CXX compiler: /usr/bin/c++
Nov 01 07:31:02.299 INFO kablam! -- Check for working CXX compiler: /usr/bin/c++ -- works
Nov 01 07:31:02.299 INFO kablam! -- Detecting CXX compiler ABI info
Nov 01 07:31:02.299 INFO kablam! -- Detecting CXX compiler ABI info - done
Nov 01 07:31:02.299 INFO kablam! -- Detecting CXX compile features
Nov 01 07:31:02.300 INFO kablam! -- Detecting CXX compile features - done
Nov 01 07:31:02.300 INFO kablam! -- Google Mock was not found - tests based on that will not build
Nov 01 07:31:02.300 INFO kablam! -- Configuring done
Nov 01 07:31:02.300 INFO kablam! -- Generating done
Nov 01 07:31:02.300 INFO kablam! -- Build files have been written to: /target/debug/build/glsl-to-spirv-0748ec7843c89581/out/build
Nov 01 07:31:02.300 INFO kablam! running: "cmake" "--build" "." "--target" "install" "--config" "Debug" "--"
Nov 01 07:31:02.300 INFO kablam! Scanning dependencies of target HLSL
Nov 01 07:31:02.300 INFO kablam! [  1%] Building CXX object hlsl/CMakeFiles/HLSL.dir/hlslAttributes.cpp.o
Nov 01 07:31:02.300 INFO kablam! [  3%] Building CXX object hlsl/CMakeFiles/HLSL.dir/hlslScanContext.cpp.o
Nov 01 07:31:02.300 INFO kablam! [  5%] Building CXX object hlsl/CMakeFiles/HLSL.dir/hlslParseHelper.cpp.o
Nov 01 07:31:02.300 INFO kablam! [  7%] Building CXX object hlsl/CMakeFiles/HLSL.dir/hlslOpMap.cpp.o
Nov 01 07:31:02.300 INFO kablam! [  8%] Building CXX object hlsl/CMakeFiles/HLSL.dir/hlslTokenStream.cpp.o
Nov 01 07:31:02.300 INFO kablam! [ 10%] Building CXX object hlsl/CMakeFiles/HLSL.dir/hlslGrammar.cpp.o
Nov 01 07:31:02.300 INFO kablam! [ 12%] Building CXX object hlsl/CMakeFiles/HLSL.dir/hlslParseables.cpp.o
Nov 01 07:31:02.300 INFO kablam! Scanning dependencies of target OSDependent
Nov 01 07:31:02.300 INFO kablam! [ 14%] Building CXX object glslang/OSDependent/Unix/CMakeFiles/OSDependent.dir/ossource.cpp.o
Nov 01 07:31:02.300 INFO kablam! [ 15%] Linking CXX static library libOSDependent.a
Nov 01 07:31:02.300 INFO kablam! [ 15%] Built target OSDependent
Nov 01 07:31:02.300 INFO kablam! Scanning dependencies of target OGLCompiler
Nov 01 07:31:02.300 INFO kablam! [ 17%] Building CXX object OGLCompilersDLL/CMakeFiles/OGLCompiler.dir/InitializeDll.cpp.o
Nov 01 07:31:02.300 INFO kablam! [ 19%] Linking CXX static library libOGLCompiler.a
Nov 01 07:31:02.300 INFO kablam! Scanning dependencies of target glslang-default-resource-limits
Nov 01 07:31:02.300 INFO kablam! [ 19%] Built target OGLCompiler
Nov 01 07:31:02.300 INFO kablam! [ 21%] Building CXX object StandAlone/CMakeFiles/glslang-default-resource-limits.dir/ResourceLimits.cpp.o
Nov 01 07:31:02.300 INFO kablam! Scanning dependencies of target SPVRemapper
Nov 01 07:31:02.300 INFO kablam! [ 22%] Building CXX object SPIRV/CMakeFiles/SPVRemapper.dir/SPVRemapper.cpp.o
Nov 01 07:31:02.300 INFO kablam! hlsl/CMakeFiles/HLSL.dir/build.make:86: recipe for target 'hlsl/CMakeFiles/HLSL.dir/hlslParseHelper.cpp.o' failed
Nov 01 07:31:02.300 INFO kablam! [ 24%] Building CXX object SPIRV/CMakeFiles/SPVRemapper.dir/doc.cpp.o
Nov 01 07:31:02.300 INFO kablam! [ 26%] Linking CXX static library libglslang-default-resource-limits.a
Nov 01 07:31:02.300 INFO kablam! [ 26%] Built target glslang-default-resource-limits
Nov 01 07:31:02.300 INFO kablam! CMakeFiles/Makefile2:1410: recipe for target 'hlsl/CMakeFiles/HLSL.dir/all' failed
Nov 01 07:31:02.300 INFO kablam! [ 28%] Linking CXX static library libSPVRemapper.a
Nov 01 07:31:02.300 INFO kablam! [ 28%] Built target SPVRemapper
Nov 01 07:31:02.300 INFO kablam! Makefile:138: recipe for target 'all' failed
Nov 01 07:31:02.300 INFO kablam! 
Nov 01 07:31:02.300 INFO kablam! --- stderr
Nov 01 07:31:02.300 INFO kablam! c++: internal compiler error: Killed (program cc1plus)
Nov 01 07:31:02.300 INFO kablam! Please submit a full bug report,
Nov 01 07:31:02.300 INFO kablam! with preprocessed source if appropriate.
Nov 01 07:31:02.300 INFO kablam! See <file:///usr/share/doc/gcc-5/README.Bugs> for instructions.
Nov 01 07:31:02.300 INFO kablam! make[2]: *** [hlsl/CMakeFiles/HLSL.dir/hlslParseHelper.cpp.o] Error 4
Nov 01 07:31:02.300 INFO kablam! make[2]: *** Waiting for unfinished jobs....
Nov 01 07:31:02.300 INFO kablam! make[1]: *** [hlsl/CMakeFiles/HLSL.dir/all] Error 2
Nov 01 07:31:02.300 INFO kablam! make[1]: *** Waiting for unfinished jobs....
Nov 01 07:31:02.300 INFO kablam! make: *** [all] Error 2
Nov 01 07:31:02.300 INFO kablam! thread 'main' panicked at '
Nov 01 07:31:02.300 INFO kablam! command did not execute successfully, got: exit code: 2
Nov 01 07:31:02.300 INFO kablam! 
Nov 01 07:31:02.300 INFO kablam! build script failed, must exit now', /cargo-home/registry/src/github.com-1ecc6299db9ec823/cmake-0.1.35/src/lib.rs:778:5
Nov 01 07:31:02.300 INFO kablam! stack backtrace:
Nov 01 07:31:02.300 INFO kablam!    0:     0x55b85d8d447e - std::sys::unix::backtrace::tracing::imp::unwind_backtrace::hf5316c67202e23c8
Nov 01 07:31:02.300 INFO kablam!                                at libstd/sys/unix/backtrace/tracing/gcc_s.rs:49
Nov 01 07:31:02.300 INFO kablam!    1:     0x55b85d8c40f6 - std::sys_common::backtrace::print::h3068ed2a6dc7ac86
Nov 01 07:31:02.300 INFO kablam!                                at libstd/sys_common/backtrace.rs:71
Nov 01 07:31:02.300 INFO kablam!                                at libstd/sys_common/backtrace.rs:59
Nov 01 07:31:02.300 INFO kablam!    2:     0x55b85d8c299d - std::panicking::default_hook::{{closure}}::h1b9d29cc09d41897
Nov 01 07:31:02.300 INFO kablam!                                at libstd/panicking.rs:211
Nov 01 07:31:02.300 INFO kablam!    3:     0x55b85d8c2710 - std::panicking::default_hook::h3a27b204a313406b
Nov 01 07:31:02.300 INFO kablam!                                at libstd/panicking.rs:227
Nov 01 07:31:02.300 INFO kablam!    4:     0x55b85d8c2fec - std::panicking::rust_panic_with_hook::h0e12cb2fc86d00fa
Nov 01 07:31:02.300 INFO kablam!                                at libstd/panicking.rs:477
Nov 01 07:31:02.300 INFO kablam!    5:     0x55b85d8c2ba9 - std::panicking::continue_panic_fmt::h141671b29fe0e27d
Nov 01 07:31:02.300 INFO kablam!                                at libstd/panicking.rs:391
Nov 01 07:31:02.300 INFO kablam!    6:     0x55b85d8c2b0d - std::panicking::begin_panic_fmt::h598547fc766c278a
Nov 01 07:31:02.300 INFO kablam!                                at libstd/panicking.rs:346
Nov 01 07:31:02.300 INFO kablam!    7:     0x55b85d859251 - cmake::fail::h63d200edd9fd954a
Nov 01 07:31:02.300 INFO kablam!                                at /cargo-home/registry/src/github.com-1ecc6299db9ec823/cmake-0.1.35/src/lib.rs:778
Nov 01 07:31:02.300 INFO kablam!    8:     0x55b85d858b8a - cmake::run::h7f3352e41767b6db
Nov 01 07:31:02.300 INFO kablam!                                at /cargo-home/registry/src/github.com-1ecc6299db9ec823/cmake-0.1.35/src/lib.rs:759
Nov 01 07:31:02.300 INFO kablam!    9:     0x55b85d855333 - cmake::Config::build::h55a7ae889b370d5a
Nov 01 07:31:02.300 INFO kablam!                                at /cargo-home/registry/src/github.com-1ecc6299db9ec823/cmake-0.1.35/src/lib.rs:671
Nov 01 07:31:02.300 INFO kablam!   10:     0x55b85d847a4c - cmake::build::h0ee83bc2d0c44750
Nov 01 07:31:02.300 INFO kablam!                                at /cargo-home/registry/src/github.com-1ecc6299db9ec823/cmake-0.1.35/src/lib.rs:97
Nov 01 07:31:02.300 INFO kablam!   11:     0x55b85d84586b - build_script_build::main::hd3b1d000f34be38d
Nov 01 07:31:02.300 INFO kablam!                                at /cargo-home/registry/src/github.com-1ecc6299db9ec823/glsl-to-spirv-0.1.7/build/build.rs:37
Nov 01 07:31:02.300 INFO kablam!   12:     0x55b85d84686f - std::rt::lang_start::{{closure}}::h6fc9175c3cbfa671
Nov 01 07:31:02.300 INFO kablam!                                at libstd/rt.rs:74
Nov 01 07:31:02.300 INFO kablam!   13:     0x55b85d8c2a42 - std::panicking::try::do_call::h572dc6f90deb1a4d
Nov 01 07:31:02.300 INFO kablam!                                at libstd/rt.rs:59
Nov 01 07:31:02.300 INFO kablam!                                at libstd/panicking.rs:310
Nov 01 07:31:02.300 INFO kablam!   14:     0x55b85d8e7799 - __rust_maybe_catch_panic
Nov 01 07:31:02.300 INFO kablam!                                at libpanic_unwind/lib.rs:103
Nov 01 07:31:02.300 INFO kablam!   15:     0x55b85d8cf1f5 - std::rt::lang_start_internal::hce01021c3c1cf20d
Nov 01 07:31:02.300 INFO kablam!                                at libstd/panicking.rs:289
Nov 01 07:31:02.300 INFO kablam!                                at libstd/panic.rs:392
Nov 01 07:31:02.300 INFO kablam!                                at libstd/rt.rs:58
Nov 01 07:31:02.300 INFO kablam!   16:     0x55b85d846847 - std::rt::lang_start::h369c76fe09eccdc4
Nov 01 07:31:02.301 INFO kablam!                                at libstd/rt.rs:74
Nov 01 07:31:02.301 INFO kablam!   17:     0x55b85d845b29 - main
Nov 01 07:31:02.301 INFO kablam!   18:     0x7f89ffa2382f - __libc_start_main
Nov 01 07:31:02.301 INFO kablam!   19:     0x55b85d844268 - _start
Nov 01 07:31:02.301 INFO kablam!   20:                0x0 - <unknown>
Nov 01 07:31:02.301 INFO kablam! 
Nov 01 07:31:02.301 INFO kablam! warning: build failed, waiting for other jobs to finish...
Nov 01 07:31:16.741 INFO kablam! error: build failed
Nov 01 07:31:16.747 INFO kablam! su: No module specific data is present
Nov 01 07:31:17.907 INFO running `"docker" "rm" "-f" "72f5805650bb4c2904dc528da865879c94b28c17193467c3c7be7434823447d7"`
Nov 01 07:31:18.365 INFO blam! 72f5805650bb4c2904dc528da865879c94b28c17193467c3c7be7434823447d7
