Nov 01 08:56:48.052 INFO testing grenewode/fledge-server against beta-2018-10-30 for beta-1.31-1
Nov 01 08:56:48.052 INFO running `"docker" "create" "-v" "/mnt/big/crater/work/local/target-dirs/beta-1.31-1/worker-5/beta-2018-10-30:/target:rw,Z" "-v" "/mnt/big/crater/work/local/test-source/worker-5/beta-1.31-1/beta-2018-10-30:/source:ro,Z" "-v" "/mnt/big/crater/work/local/cargo-home:/cargo-home:ro,Z" "-v" "/mnt/big/crater/work/local/rustup-home:/rustup-home:ro,Z" "-e" "USER_ID=1000" "-e" "SOURCE_DIR=/source" "-e" "USER_ID=1000" "-e" "CMD=cargo +beta-2018-10-30 build --frozen" "-e" "CARGO_TARGET_DIR=/target" "-e" "CARGO_INCREMENTAL=0" "-e" "RUST_BACKTRACE=full" "-e" "RUSTFLAGS=--cap-lints=warn" "-e" "CARGO_HOME=/cargo-home" "-e" "RUSTUP_HOME=/rustup-home" "-m" "1536M" "--network" "none" "crater"`
Nov 01 08:56:48.560 INFO blam! 3ac031f3b9f79cb75f6da3848f3c0da603f04cf6d6af91afa8d0d78c4849f7aa
Nov 01 08:56:48.567 INFO running `"docker" "start" "-a" "3ac031f3b9f79cb75f6da3848f3c0da603f04cf6d6af91afa8d0d78c4849f7aa"`
Nov 01 08:56:49.791 INFO kablam! usermod: no changes
Nov 01 08:56:50.135 INFO kablam!    Compiling cpython v0.2.1
Nov 01 08:56:50.147 INFO kablam!    Compiling actix-web v0.7.8
Nov 01 08:56:50.147 INFO kablam!    Compiling crossbeam-epoch v0.6.0
Nov 01 08:56:50.167 INFO kablam!    Compiling h2 v0.1.12
Nov 01 08:56:50.167 INFO kablam!    Compiling flate2 v1.0.2
Nov 01 08:56:50.167 INFO kablam!    Compiling backtrace v0.2.3
Nov 01 08:56:50.167 INFO kablam!    Compiling syn v0.14.9
Nov 01 08:56:50.167 INFO kablam!    Compiling serde_urlencoded v0.5.3
Nov 01 08:56:55.845 INFO kablam!    Compiling cookie v0.11.0
Nov 01 08:56:55.851 INFO kablam!    Compiling phf_generator v0.7.23
Nov 01 08:56:55.852 INFO kablam!    Compiling error-chain v0.1.12
Nov 01 08:56:55.874 INFO kablam!    Compiling tokio-threadpool v0.1.7
Nov 01 08:56:56.041 INFO kablam!    Compiling python3-sys v0.2.1
Nov 01 08:56:57.098 INFO kablam!    Compiling tokio-reactor v0.1.6
Nov 01 08:56:57.647 INFO kablam!    Compiling crossbeam-channel v0.2.6
Nov 01 08:56:58.739 INFO kablam!    Compiling phf_codegen v0.7.23
Nov 01 08:57:01.467 INFO kablam!    Compiling mime_guess v2.0.0-alpha.6
Nov 01 08:57:07.623 INFO kablam!    Compiling tokio-tcp v0.1.2
Nov 01 08:57:07.653 INFO kablam!    Compiling tokio-uds v0.2.2
Nov 01 08:57:10.635 INFO kablam!    Compiling tokio-udp v0.1.2
Nov 01 08:57:10.831 INFO kablam!    Compiling tokio-signal v0.2.5
Nov 01 08:57:10.867 INFO kablam!    Compiling tokio-fs v0.1.3
Nov 01 08:57:16.099 INFO kablam!    Compiling tokio v0.1.11
Nov 01 08:57:16.099 INFO kablam!    Compiling trust-dns-proto v0.4.0
Nov 01 08:57:33.927 INFO kablam!    Compiling trust-dns-resolver v0.9.1
Nov 01 08:57:35.722 INFO kablam!    Compiling synstructure v0.9.0
Nov 01 08:57:35.722 INFO kablam!    Compiling actix_derive v0.3.0
Nov 01 08:57:49.012 INFO kablam!    Compiling failure_derive v0.1.2
Nov 01 08:57:57.290 INFO kablam!    Compiling failure v0.1.2
Nov 01 08:57:58.315 INFO kablam!    Compiling actix v0.7.4
Nov 01 08:58:28.051 INFO kablam!    Compiling fledge-server v0.1.0 (/source)
Nov 01 08:58:32.082 INFO kablam! error[E0428]: the name `Node` is defined multiple times
Nov 01 08:58:32.082 INFO kablam!   --> src/node.rs:60:1
Nov 01 08:58:32.082 INFO kablam!    |
Nov 01 08:58:32.082 INFO kablam! 18 | pub struct Node {
Nov 01 08:58:32.082 INFO kablam!    | --------------- previous definition of the type `Node` here
Nov 01 08:58:32.082 INFO kablam! ...
Nov 01 08:58:32.082 INFO kablam! 60 | pub trait Node {
Nov 01 08:58:32.082 INFO kablam!    | ^^^^^^^^^^^^^^ `Node` redefined here
Nov 01 08:58:32.082 INFO kablam!    |
Nov 01 08:58:32.082 INFO kablam!    = note: `Node` must be defined only once in the type namespace of this module
Nov 01 08:58:32.082 INFO kablam! 
Nov 01 08:58:33.051 INFO kablam! error[E0404]: expected trait, found struct `Node`
Nov 01 08:58:33.051 INFO kablam!   --> src/extensions/base.rs:17:6
Nov 01 08:58:33.059 INFO kablam!    |
Nov 01 08:58:33.063 INFO kablam! 17 | impl Node for ValueNode {
Nov 01 08:58:33.063 INFO kablam!    |      ^^^^ not a trait
Nov 01 08:58:33.065 INFO kablam! 
Nov 01 08:58:33.065 INFO kablam! error[E0404]: expected trait, found struct `Node`
Nov 01 08:58:33.065 INFO kablam!   --> src/extensions/python.rs:52:6
Nov 01 08:58:33.065 INFO kablam!    |
Nov 01 08:58:33.065 INFO kablam! 52 | impl Node for PythonNode {
Nov 01 08:58:33.065 INFO kablam!    |      ^^^^ not a trait
Nov 01 08:58:33.065 INFO kablam! 
Nov 01 08:58:33.065 INFO kablam! error[E0404]: expected trait, found struct `Node`
Nov 01 08:58:33.065 INFO kablam!   --> src/node.rs:85:25
Nov 01 08:58:33.065 INFO kablam!    |
Nov 01 08:58:33.065 INFO kablam! 85 |     node: Arc<Mutex<dyn Node + Send + Sync>>,
Nov 01 08:58:33.065 INFO kablam!    |                         ^^^^ not a trait
Nov 01 08:58:33.065 INFO kablam! 
Nov 01 08:58:33.065 INFO kablam! error[E0404]: expected trait, found struct `Node`
Nov 01 08:58:33.065 INFO kablam!   --> src/node.rs:87:51
Nov 01 08:58:33.065 INFO kablam!    |
Nov 01 08:58:33.065 INFO kablam! 87 | pub fn create_app(name: &str, node: Arc<Mutex<dyn Node + Send + Sync>>) -> App<NodeApp> {
Nov 01 08:58:33.065 INFO kablam!    |                                                   ^^^^ not a trait
Nov 01 08:58:33.065 INFO kablam! 
Nov 01 08:58:33.065 INFO kablam! error[E0404]: expected trait, found struct `Node`
Nov 01 08:58:33.065 INFO kablam!   --> src/main.rs:61:70
Nov 01 08:58:33.065 INFO kablam!    |
Nov 01 08:58:33.065 INFO kablam! 61 |     pub fn make_node(&self, settings: &AppSettings) -> Arc<Mutex<dyn Node + Send + Sync>> {
Nov 01 08:58:33.065 INFO kablam!    |                                                                      ^^^^ not a trait
Nov 01 08:58:33.065 INFO kablam! 
Nov 01 08:58:33.065 INFO kablam! error[E0404]: expected trait, found struct `Node`
Nov 01 08:58:33.065 INFO kablam!    --> src/main.rs:121:54
Nov 01 08:58:33.065 INFO kablam!     |
Nov 01 08:58:33.065 INFO kablam! 121 |         static ref NODES: Vec<(String, Arc<Mutex<dyn Node + Send + Sync>>)> = {
Nov 01 08:58:33.065 INFO kablam!     |                                                      ^^^^ not a trait
Nov 01 08:58:33.065 INFO kablam! 
Nov 01 08:58:33.065 INFO kablam! warning: unused import: `serde_json::Value`
Nov 01 08:58:33.065 INFO kablam!  --> src/extensions/base.rs:3:5
Nov 01 08:58:33.065 INFO kablam!   |
Nov 01 08:58:33.065 INFO kablam! 3 | use serde_json::Value;
Nov 01 08:58:33.065 INFO kablam!   |     ^^^^^^^^^^^^^^^^^
Nov 01 08:58:33.065 INFO kablam!   |
Nov 01 08:58:33.065 INFO kablam!   = note: #[warn(unused_imports)] on by default
Nov 01 08:58:33.065 INFO kablam! 
Nov 01 08:58:33.065 INFO kablam! warning: unused import: `Future`
Nov 01 08:58:33.065 INFO kablam!  --> src/node.rs:1:15
Nov 01 08:58:33.065 INFO kablam!   |
Nov 01 08:58:33.065 INFO kablam! 1 | use futures::{Future, Stream};
Nov 01 08:58:33.065 INFO kablam!   |               ^^^^^^
Nov 01 08:58:33.065 INFO kablam! 
Nov 01 08:58:33.065 INFO kablam! warning: unused imports: `HttpHandlerTask`, `HttpHandler`, `HttpRequest`, `HttpResponse`, `Path`, `self`
Nov 01 08:58:33.065 INFO kablam!   --> src/node.rs:80:14
Nov 01 08:58:33.065 INFO kablam!    |
Nov 01 08:58:33.065 INFO kablam! 80 |     server::{self, HttpHandler, HttpHandlerTask},
Nov 01 08:58:33.065 INFO kablam!    |              ^^^^  ^^^^^^^^^^^  ^^^^^^^^^^^^^^^
Nov 01 08:58:33.065 INFO kablam! 81 |     App, HttpRequest, HttpResponse, Json, Path,
Nov 01 08:58:33.065 INFO kablam!    |          ^^^^^^^^^^^  ^^^^^^^^^^^^        ^^^^
Nov 01 08:58:33.065 INFO kablam! 
Nov 01 08:58:33.065 INFO kablam! warning: unused import: `actix_web::dev::Handler`
Nov 01 08:58:33.065 INFO kablam!    --> src/main.rs:101:9
Nov 01 08:58:33.065 INFO kablam!     |
Nov 01 08:58:33.065 INFO kablam! 101 |     use actix_web::dev::Handler;
Nov 01 08:58:33.066 INFO kablam!     |         ^^^^^^^^^^^^^^^^^^^^^^^
Nov 01 08:58:33.066 INFO kablam! 
Nov 01 08:58:33.066 INFO kablam! warning: unused imports: `HttpHandlerTask`, `HttpHandler`, `HttpRequest`, `HttpResponse`, `http`, `self`
Nov 01 08:58:33.066 INFO kablam!    --> src/main.rs:103:9
Nov 01 08:58:33.066 INFO kablam!     |
Nov 01 08:58:33.066 INFO kablam! 103 |         self, http,
Nov 01 08:58:33.066 INFO kablam!     |         ^^^^  ^^^^
Nov 01 08:58:33.066 INFO kablam! 104 |         middleware::Logger,
Nov 01 08:58:33.066 INFO kablam! 105 |         server::{self, HttpHandler, HttpHandlerTask},
Nov 01 08:58:33.066 INFO kablam!     |                        ^^^^^^^^^^^  ^^^^^^^^^^^^^^^
Nov 01 08:58:33.066 INFO kablam! 106 |         App, HttpRequest, HttpResponse, Json,
Nov 01 08:58:33.066 INFO kablam!     |              ^^^^^^^^^^^  ^^^^^^^^^^^^
Nov 01 08:58:33.066 INFO kablam! 
Nov 01 08:58:33.107 INFO kablam! error: aborting due to 7 previous errors
Nov 01 08:58:33.107 INFO kablam! 
Nov 01 08:58:33.107 INFO kablam! Some errors occurred: E0404, E0428.
Nov 01 08:58:33.107 INFO kablam! For more information about an error, try `rustc --explain E0404`.
Nov 01 08:58:33.127 INFO kablam! error: Could not compile `fledge-server`.
Nov 01 08:58:33.127 INFO kablam! 
Nov 01 08:58:33.127 INFO kablam! To learn more, run the command again with --verbose.
Nov 01 08:58:33.127 INFO kablam! su: No module specific data is present
Nov 01 08:58:33.594 INFO running `"docker" "rm" "-f" "3ac031f3b9f79cb75f6da3848f3c0da603f04cf6d6af91afa8d0d78c4849f7aa"`
Nov 01 08:58:33.854 INFO blam! 3ac031f3b9f79cb75f6da3848f3c0da603f04cf6d6af91afa8d0d78c4849f7aa
