Nov 01 08:59:23.684 INFO testing gpittarelli/to-and-from against beta-2018-10-30 for beta-1.31-1
Nov 01 08:59:23.684 INFO running `"docker" "create" "-v" "/mnt/big/crater/work/local/target-dirs/beta-1.31-1/worker-5/beta-2018-10-30:/target:rw,Z" "-v" "/mnt/big/crater/work/local/test-source/worker-5/beta-1.31-1/beta-2018-10-30:/source:ro,Z" "-v" "/mnt/big/crater/work/local/cargo-home:/cargo-home:ro,Z" "-v" "/mnt/big/crater/work/local/rustup-home:/rustup-home:ro,Z" "-e" "USER_ID=1000" "-e" "SOURCE_DIR=/source" "-e" "USER_ID=1000" "-e" "CMD=cargo +beta-2018-10-30 build --frozen" "-e" "CARGO_TARGET_DIR=/target" "-e" "CARGO_INCREMENTAL=0" "-e" "RUST_BACKTRACE=full" "-e" "RUSTFLAGS=--cap-lints=warn" "-e" "CARGO_HOME=/cargo-home" "-e" "RUSTUP_HOME=/rustup-home" "-m" "1536M" "--network" "none" "crater"`
Nov 01 08:59:24.056 INFO blam! e9cc97b83f46f6c0ae667d1eeac1c775219e064bbc74c54b7780546e83746339
Nov 01 08:59:24.063 INFO running `"docker" "start" "-a" "e9cc97b83f46f6c0ae667d1eeac1c775219e064bbc74c54b7780546e83746339"`
Nov 01 08:59:24.552 INFO kablam! usermod: no changes
Nov 01 08:59:24.631 INFO kablam!    Compiling serde v1.0.30
Nov 01 08:59:24.631 INFO kablam!    Compiling fixedbitset v0.1.8
Nov 01 08:59:24.631 INFO kablam!    Compiling memchr v2.0.1
Nov 01 08:59:24.631 INFO kablam!    Compiling num-complex v0.1.43
Nov 01 08:59:24.631 INFO kablam!    Compiling itertools v0.7.7
Nov 01 08:59:24.635 INFO kablam!    Compiling combine v2.5.2
Nov 01 08:59:24.636 INFO kablam!    Compiling num-bigint v0.1.43
Nov 01 08:59:26.261 INFO kablam!    Compiling csv-core v0.1.4
Nov 01 08:59:26.323 INFO kablam!    Compiling petgraph v0.4.11
Nov 01 08:59:31.971 INFO kablam! error[E0034]: multiple applicable items in scope
Nov 01 08:59:31.971 INFO kablam!     --> /cargo-home/registry/src/github.com-1ecc6299db9ec823/petgraph-0.4.11/src/graph_impl/stable_graph/mod.rs:1173:19
Nov 01 08:59:31.971 INFO kablam!      |
Nov 01 08:59:31.971 INFO kablam! 1173 |         self.iter.find_map(|(i, node)| {
Nov 01 08:59:31.971 INFO kablam!      |                   ^^^^^^^^ multiple `find_map` found
Nov 01 08:59:31.971 INFO kablam!      |
Nov 01 08:59:31.971 INFO kablam! note: candidate #1 is defined in an impl of the trait `iter_utils::IterUtilsExt` for the type `_`
Nov 01 08:59:31.971 INFO kablam!     --> /cargo-home/registry/src/github.com-1ecc6299db9ec823/petgraph-0.4.11/src/iter_utils.rs:5:5
Nov 01 08:59:31.971 INFO kablam!      |
Nov 01 08:59:31.971 INFO kablam! 5    | /     fn find_map<F, R>(&mut self, mut f: F) -> Option<R>
Nov 01 08:59:31.971 INFO kablam! 6    | |         where F: FnMut(Self::Item) -> Option<R>
Nov 01 08:59:31.971 INFO kablam! 7    | |     {
Nov 01 08:59:31.971 INFO kablam! 8    | |         while let Some(elt) = self.next() {
Nov 01 08:59:31.971 INFO kablam! ...    |
Nov 01 08:59:31.971 INFO kablam! 13   | |         None
Nov 01 08:59:31.971 INFO kablam! 14   | |     }
Nov 01 08:59:31.971 INFO kablam!      | |_____^
Nov 01 08:59:31.971 INFO kablam!      = note: candidate #2 is defined in an impl of the trait `std::iter::Iterator` for the type `std::iter::Enumerate<_>`
Nov 01 08:59:31.971 INFO kablam! 
Nov 01 08:59:31.979 INFO kablam! error[E0034]: multiple applicable items in scope
Nov 01 08:59:31.979 INFO kablam!     --> /cargo-home/registry/src/github.com-1ecc6299db9ec823/petgraph-0.4.11/src/graph_impl/stable_graph/mod.rs:1365:19
Nov 01 08:59:31.979 INFO kablam!      |
Nov 01 08:59:31.979 INFO kablam! 1365 |         self.iter.find_map(|(i, edge)|
Nov 01 08:59:31.979 INFO kablam!      |                   ^^^^^^^^ multiple `find_map` found
Nov 01 08:59:31.979 INFO kablam!      |
Nov 01 08:59:31.979 INFO kablam! note: candidate #1 is defined in an impl of the trait `iter_utils::IterUtilsExt` for the type `_`
Nov 01 08:59:31.979 INFO kablam!     --> /cargo-home/registry/src/github.com-1ecc6299db9ec823/petgraph-0.4.11/src/iter_utils.rs:5:5
Nov 01 08:59:31.979 INFO kablam!      |
Nov 01 08:59:31.979 INFO kablam! 5    | /     fn find_map<F, R>(&mut self, mut f: F) -> Option<R>
Nov 01 08:59:31.979 INFO kablam! 6    | |         where F: FnMut(Self::Item) -> Option<R>
Nov 01 08:59:31.979 INFO kablam! 7    | |     {
Nov 01 08:59:31.979 INFO kablam! 8    | |         while let Some(elt) = self.next() {
Nov 01 08:59:31.979 INFO kablam! ...    |
Nov 01 08:59:31.979 INFO kablam! 13   | |         None
Nov 01 08:59:31.979 INFO kablam! 14   | |     }
Nov 01 08:59:31.979 INFO kablam!      | |_____^
Nov 01 08:59:31.979 INFO kablam!      = note: candidate #2 is defined in an impl of the trait `std::iter::Iterator` for the type `std::iter::Enumerate<_>`
Nov 01 08:59:31.979 INFO kablam! 
Nov 01 08:59:31.983 INFO kablam! error[E0034]: multiple applicable items in scope
Nov 01 08:59:31.983 INFO kablam!     --> /cargo-home/registry/src/github.com-1ecc6299db9ec823/petgraph-0.4.11/src/graph_impl/stable_graph/mod.rs:1529:19
Nov 01 08:59:31.983 INFO kablam!      |
Nov 01 08:59:31.983 INFO kablam! 1529 |         self.iter.find_map(|(i, node)| {
Nov 01 08:59:31.983 INFO kablam!      |                   ^^^^^^^^ multiple `find_map` found
Nov 01 08:59:31.983 INFO kablam!      |
Nov 01 08:59:31.983 INFO kablam! note: candidate #1 is defined in an impl of the trait `iter_utils::IterUtilsExt` for the type `_`
Nov 01 08:59:31.983 INFO kablam!     --> /cargo-home/registry/src/github.com-1ecc6299db9ec823/petgraph-0.4.11/src/iter_utils.rs:5:5
Nov 01 08:59:31.983 INFO kablam!      |
Nov 01 08:59:31.983 INFO kablam! 5    | /     fn find_map<F, R>(&mut self, mut f: F) -> Option<R>
Nov 01 08:59:31.985 INFO kablam! 6    | |         where F: FnMut(Self::Item) -> Option<R>
Nov 01 08:59:31.985 INFO kablam! 7    | |     {
Nov 01 08:59:31.985 INFO kablam! 8    | |         while let Some(elt) = self.next() {
Nov 01 08:59:31.985 INFO kablam! ...    |
Nov 01 08:59:31.985 INFO kablam! 13   | |         None
Nov 01 08:59:31.985 INFO kablam! 14   | |     }
Nov 01 08:59:31.985 INFO kablam!      | |_____^
Nov 01 08:59:31.985 INFO kablam!      = note: candidate #2 is defined in an impl of the trait `std::iter::Iterator` for the type `std::iter::Enumerate<_>`
Nov 01 08:59:31.985 INFO kablam! 
Nov 01 08:59:31.991 INFO kablam! error[E0034]: multiple applicable items in scope
Nov 01 08:59:31.991 INFO kablam!     --> /cargo-home/registry/src/github.com-1ecc6299db9ec823/petgraph-0.4.11/src/graph_impl/stable_graph/mod.rs:1575:19
Nov 01 08:59:31.991 INFO kablam!      |
Nov 01 08:59:31.991 INFO kablam! 1575 |         self.iter.find_map(|(i, node)| {
Nov 01 08:59:31.991 INFO kablam!      |                   ^^^^^^^^ multiple `find_map` found
Nov 01 08:59:31.991 INFO kablam!      |
Nov 01 08:59:31.991 INFO kablam! note: candidate #1 is defined in an impl of the trait `iter_utils::IterUtilsExt` for the type `_`
Nov 01 08:59:31.991 INFO kablam!     --> /cargo-home/registry/src/github.com-1ecc6299db9ec823/petgraph-0.4.11/src/iter_utils.rs:5:5
Nov 01 08:59:31.991 INFO kablam!      |
Nov 01 08:59:31.991 INFO kablam! 5    | /     fn find_map<F, R>(&mut self, mut f: F) -> Option<R>
Nov 01 08:59:31.991 INFO kablam! 6    | |         where F: FnMut(Self::Item) -> Option<R>
Nov 01 08:59:31.991 INFO kablam! 7    | |     {
Nov 01 08:59:31.991 INFO kablam! 8    | |         while let Some(elt) = self.next() {
Nov 01 08:59:31.991 INFO kablam! ...    |
Nov 01 08:59:31.992 INFO kablam! 13   | |         None
Nov 01 08:59:31.992 INFO kablam! 14   | |     }
Nov 01 08:59:31.992 INFO kablam!      | |_____^
Nov 01 08:59:31.992 INFO kablam!      = note: candidate #2 is defined in an impl of the trait `std::iter::Iterator` for the type `std::iter::Enumerate<_>`
Nov 01 08:59:31.992 INFO kablam! 
Nov 01 08:59:32.523 INFO kablam!    Compiling num-rational v0.1.42
Nov 01 08:59:32.791 INFO kablam! error: aborting due to 4 previous errors
Nov 01 08:59:32.791 INFO kablam! 
Nov 01 08:59:32.791 INFO kablam! For more information about this error, try `rustc --explain E0034`.
Nov 01 08:59:32.827 INFO kablam! error: Could not compile `petgraph`.
Nov 01 08:59:32.827 INFO kablam! warning: build failed, waiting for other jobs to finish...
Nov 01 08:59:40.109 INFO kablam! error: build failed
Nov 01 08:59:40.111 INFO kablam! su: No module specific data is present
Nov 01 08:59:40.447 INFO running `"docker" "rm" "-f" "e9cc97b83f46f6c0ae667d1eeac1c775219e064bbc74c54b7780546e83746339"`
Nov 01 08:59:40.587 INFO blam! e9cc97b83f46f6c0ae667d1eeac1c775219e064bbc74c54b7780546e83746339
