Nov 01 08:59:34.639 INFO testing gpace1/bo-tie against 1.30.0 for beta-1.31-1
Nov 01 08:59:34.639 INFO running `"docker" "create" "-v" "/mnt/big/crater/work/local/target-dirs/beta-1.31-1/worker-1/1.30.0:/target:rw,Z" "-v" "/mnt/big/crater/work/local/test-source/worker-1/beta-1.31-1/1.30.0:/source:ro,Z" "-v" "/mnt/big/crater/work/local/cargo-home:/cargo-home:ro,Z" "-v" "/mnt/big/crater/work/local/rustup-home:/rustup-home:ro,Z" "-e" "USER_ID=1000" "-e" "SOURCE_DIR=/source" "-e" "USER_ID=1000" "-e" "CMD=cargo +1.30.0 build --frozen" "-e" "CARGO_TARGET_DIR=/target" "-e" "CARGO_INCREMENTAL=0" "-e" "RUST_BACKTRACE=full" "-e" "RUSTFLAGS=--cap-lints=warn" "-e" "CARGO_HOME=/cargo-home" "-e" "RUSTUP_HOME=/rustup-home" "-m" "1536M" "--network" "none" "crater"`
Nov 01 08:59:34.832 INFO blam! 274d03b7a39d74345bd2a11c4a1fd4fe7b34203c02767e3f96bd447400eb36bb
Nov 01 08:59:34.834 INFO running `"docker" "start" "-a" "274d03b7a39d74345bd2a11c4a1fd4fe7b34203c02767e3f96bd447400eb36bb"`
Nov 01 08:59:35.235 INFO kablam! usermod: no changes
Nov 01 08:59:35.284 INFO kablam!    Compiling bo-tie v0.1.0 (/source)
Nov 01 08:59:36.033 INFO kablam! error[E0432]: unresolved import `std::pin::Pin`
Nov 01 08:59:36.033 INFO kablam!  --> src/hci/unix/event.rs:8:5
Nov 01 08:59:36.033 INFO kablam!   |
Nov 01 08:59:36.034 INFO kablam! 8 | use std::pin::Pin;
Nov 01 08:59:36.034 INFO kablam!   |     ^^^^^^^^^^^^^ no `Pin` in `pin`
Nov 01 08:59:36.034 INFO kablam! 
Nov 01 08:59:36.100 INFO kablam! error[E0554]: #![feature] may not be used on the stable release channel
Nov 01 08:59:36.100 INFO kablam!  --> src/lib.rs:1:1
Nov 01 08:59:36.100 INFO kablam!   |
Nov 01 08:59:36.100 INFO kablam! 1 | #![feature(test)]
Nov 01 08:59:36.100 INFO kablam!   | ^^^^^^^^^^^^^^^^^
Nov 01 08:59:36.100 INFO kablam! 
Nov 01 08:59:36.100 INFO kablam! error[E0554]: #![feature] may not be used on the stable release channel
Nov 01 08:59:36.100 INFO kablam!  --> src/lib.rs:2:1
Nov 01 08:59:36.100 INFO kablam!   |
Nov 01 08:59:36.100 INFO kablam! 2 | #![feature(futures_api)]
Nov 01 08:59:36.100 INFO kablam!   | ^^^^^^^^^^^^^^^^^^^^^^^^
Nov 01 08:59:36.100 INFO kablam! 
Nov 01 08:59:36.100 INFO kablam! error[E0554]: #![feature] may not be used on the stable release channel
Nov 01 08:59:36.100 INFO kablam!  --> src/lib.rs:3:1
Nov 01 08:59:36.100 INFO kablam!   |
Nov 01 08:59:36.100 INFO kablam! 3 | #![feature(pin)]
Nov 01 08:59:36.100 INFO kablam!   | ^^^^^^^^^^^^^^^^
Nov 01 08:59:36.100 INFO kablam! 
Nov 01 08:59:36.100 INFO kablam! error[E0554]: #![feature] may not be used on the stable release channel
Nov 01 08:59:36.101 INFO kablam!  --> src/lib.rs:4:1
Nov 01 08:59:36.101 INFO kablam!   |
Nov 01 08:59:36.101 INFO kablam! 4 | #![feature(arbitrary_self_types)]
Nov 01 08:59:36.101 INFO kablam!   | ^^^^^^^^^^^^^^^^^^^^^^^^^^^^^^^^^
Nov 01 08:59:36.101 INFO kablam! 
Nov 01 08:59:36.101 INFO kablam! error[E0554]: #![feature] may not be used on the stable release channel
Nov 01 08:59:36.101 INFO kablam!  --> src/lib.rs:5:1
Nov 01 08:59:36.101 INFO kablam!   |
Nov 01 08:59:36.101 INFO kablam! 5 | #![feature(async_await)]
Nov 01 08:59:36.101 INFO kablam!   | ^^^^^^^^^^^^^^^^^^^^^^^^
Nov 01 08:59:36.101 INFO kablam! 
Nov 01 08:59:36.101 INFO kablam! error[E0554]: #![feature] may not be used on the stable release channel
Nov 01 08:59:36.101 INFO kablam!  --> src/lib.rs:6:1
Nov 01 08:59:36.101 INFO kablam!   |
Nov 01 08:59:36.101 INFO kablam! 6 | #![feature(await_macro)]
Nov 01 08:59:36.101 INFO kablam!   | ^^^^^^^^^^^^^^^^^^^^^^^^
Nov 01 08:59:36.101 INFO kablam! 
Nov 01 08:59:36.101 INFO kablam! error[E0554]: #![feature] may not be used on the stable release channel
Nov 01 08:59:36.101 INFO kablam!  --> src/lib.rs:7:1
Nov 01 08:59:36.101 INFO kablam!   |
Nov 01 08:59:36.101 INFO kablam! 7 | #![feature(alloc)]
Nov 01 08:59:36.101 INFO kablam!   | ^^^^^^^^^^^^^^^^^^
Nov 01 08:59:36.101 INFO kablam! 
Nov 01 08:59:36.129 INFO kablam! error: aborting due to 8 previous errors
Nov 01 08:59:36.130 INFO kablam! 
Nov 01 08:59:36.130 INFO kablam! Some errors occurred: E0432, E0554.
Nov 01 08:59:36.130 INFO kablam! For more information about an error, try `rustc --explain E0432`.
Nov 01 08:59:36.139 INFO kablam! error: Could not compile `bo-tie`.
Nov 01 08:59:36.139 INFO kablam! 
Nov 01 08:59:36.140 INFO kablam! To learn more, run the command again with --verbose.
Nov 01 08:59:36.140 INFO kablam! su: No module specific data is present
Nov 01 08:59:36.617 INFO running `"docker" "rm" "-f" "274d03b7a39d74345bd2a11c4a1fd4fe7b34203c02767e3f96bd447400eb36bb"`
Nov 01 08:59:36.907 INFO blam! 274d03b7a39d74345bd2a11c4a1fd4fe7b34203c02767e3f96bd447400eb36bb
