Nov 01 10:18:34.411 INFO testing erochest/straw-boss against beta-2018-10-30 for beta-1.31-1
Nov 01 10:18:34.412 INFO running `"docker" "create" "-v" "/mnt/big/crater/work/local/target-dirs/beta-1.31-1/worker-7/beta-2018-10-30:/target:rw,Z" "-v" "/mnt/big/crater/work/local/test-source/worker-7/beta-1.31-1/beta-2018-10-30:/source:ro,Z" "-v" "/mnt/big/crater/work/local/cargo-home:/cargo-home:ro,Z" "-v" "/mnt/big/crater/work/local/rustup-home:/rustup-home:ro,Z" "-e" "USER_ID=1000" "-e" "SOURCE_DIR=/source" "-e" "USER_ID=1000" "-e" "CMD=cargo +beta-2018-10-30 build --frozen" "-e" "CARGO_TARGET_DIR=/target" "-e" "CARGO_INCREMENTAL=0" "-e" "RUST_BACKTRACE=full" "-e" "RUSTFLAGS=--cap-lints=warn" "-e" "CARGO_HOME=/cargo-home" "-e" "RUSTUP_HOME=/rustup-home" "-m" "1536M" "--network" "none" "crater"`
Nov 01 10:18:34.818 INFO blam! 95903503eb6c601edfc5394498426e6404e80e423c263767cd657a98ced48932
Nov 01 10:18:34.820 INFO running `"docker" "start" "-a" "95903503eb6c601edfc5394498426e6404e80e423c263767cd657a98ced48932"`
Nov 01 10:18:36.507 INFO kablam! usermod: no changes
Nov 01 10:18:36.920 INFO kablam!    Compiling sysinfo v0.5.1
Nov 01 10:18:36.923 INFO kablam!    Compiling daemonize v0.3.0
Nov 01 10:18:36.944 INFO kablam!    Compiling rmp v0.8.7
Nov 01 10:18:36.947 INFO kablam!    Compiling chrono v0.4.6
Nov 01 10:18:36.949 INFO kablam!    Compiling memchr v2.1.0
Nov 01 10:18:36.951 INFO kablam!    Compiling nix v0.10.0
Nov 01 10:18:36.953 INFO kablam!    Compiling backtrace v0.3.5
Nov 01 10:18:36.955 INFO kablam!    Compiling serde v1.0.27
Nov 01 10:18:44.329 INFO kablam!    Compiling failure v0.1.1
Nov 01 10:18:45.069 INFO kablam!    Compiling aho-corasick v0.6.8
Nov 01 10:18:50.953 INFO kablam!    Compiling regex v0.2.10
Nov 01 10:19:02.782 INFO kablam!    Compiling shellwords v0.1.0
Nov 01 10:19:05.988 INFO kablam!    Compiling os_pipe v0.6.1
Nov 01 10:19:07.107 INFO kablam!    Compiling duct v0.11.0
Nov 01 10:19:13.791 INFO kablam!    Compiling rmp-serde v0.13.7
Nov 01 10:19:13.791 INFO kablam!    Compiling serde_yaml v0.7.3
Nov 01 10:19:19.263 INFO kablam!    Compiling straw-boss v0.1.0 (/source)
Nov 01 10:19:21.405 INFO kablam! error[E0554]: #![feature] may not be used on the beta release channel
Nov 01 10:19:21.405 INFO kablam!  --> src/lib.rs:1:1
Nov 01 10:19:21.405 INFO kablam!   |
Nov 01 10:19:21.405 INFO kablam! 1 | #![feature(try_from)]
Nov 01 10:19:21.405 INFO kablam!   | ^^^^^^^^^^^^^^^^^^^^^
Nov 01 10:19:21.405 INFO kablam! 
Nov 01 10:19:21.405 INFO kablam! error[E0554]: #![feature] may not be used on the beta release channel
Nov 01 10:19:21.405 INFO kablam!  --> src/lib.rs:2:1
Nov 01 10:19:21.405 INFO kablam!   |
Nov 01 10:19:21.405 INFO kablam! 2 | #![feature(plugin)]
Nov 01 10:19:21.405 INFO kablam!   | ^^^^^^^^^^^^^^^^^^^
Nov 01 10:19:21.405 INFO kablam! 
Nov 01 10:19:21.405 INFO kablam! error[E0554]: #![feature] may not be used on the beta release channel
Nov 01 10:19:21.405 INFO kablam!  --> src/lib.rs:3:1
Nov 01 10:19:21.405 INFO kablam!   |
Nov 01 10:19:21.405 INFO kablam! 3 | #![feature(option_replace)]
Nov 01 10:19:21.405 INFO kablam!   | ^^^^^^^^^^^^^^^^^^^^^^^^^^^
Nov 01 10:19:21.405 INFO kablam! 
Nov 01 10:19:21.411 INFO kablam! error: aborting due to 3 previous errors
Nov 01 10:19:21.411 INFO kablam! 
Nov 01 10:19:21.411 INFO kablam! For more information about this error, try `rustc --explain E0554`.
Nov 01 10:19:21.431 INFO kablam! error: Could not compile `straw-boss`.
Nov 01 10:19:21.431 INFO kablam! 
Nov 01 10:19:21.431 INFO kablam! To learn more, run the command again with --verbose.
Nov 01 10:19:21.433 INFO kablam! su: No module specific data is present
Nov 01 10:19:22.887 INFO running `"docker" "rm" "-f" "95903503eb6c601edfc5394498426e6404e80e423c263767cd657a98ced48932"`
Nov 01 10:19:23.275 INFO blam! 95903503eb6c601edfc5394498426e6404e80e423c263767cd657a98ced48932
