Nov 01 10:18:55.473 INFO testing erochest/straw-boss against 1.30.0 for beta-1.31-1
Nov 01 10:18:55.473 INFO running `"docker" "create" "-v" "/mnt/big/crater/work/local/target-dirs/beta-1.31-1/worker-2/1.30.0:/target:rw,Z" "-v" "/mnt/big/crater/work/local/test-source/worker-2/beta-1.31-1/1.30.0:/source:ro,Z" "-v" "/mnt/big/crater/work/local/cargo-home:/cargo-home:ro,Z" "-v" "/mnt/big/crater/work/local/rustup-home:/rustup-home:ro,Z" "-e" "USER_ID=1000" "-e" "SOURCE_DIR=/source" "-e" "USER_ID=1000" "-e" "CMD=cargo +1.30.0 build --frozen" "-e" "CARGO_TARGET_DIR=/target" "-e" "CARGO_INCREMENTAL=0" "-e" "RUST_BACKTRACE=full" "-e" "RUSTFLAGS=--cap-lints=warn" "-e" "CARGO_HOME=/cargo-home" "-e" "RUSTUP_HOME=/rustup-home" "-m" "1536M" "--network" "none" "crater"`
Nov 01 10:18:55.884 INFO blam! e5dc9f2d40f727620674619328529595420bad42d3963ee6690f736402d3f1bf
Nov 01 10:18:55.886 INFO running `"docker" "start" "-a" "e5dc9f2d40f727620674619328529595420bad42d3963ee6690f736402d3f1bf"`
Nov 01 10:18:58.091 INFO kablam! usermod: no changes
Nov 01 10:18:58.487 INFO kablam!    Compiling sysinfo v0.5.1
Nov 01 10:18:58.487 INFO kablam!    Compiling daemonize v0.3.0
Nov 01 10:18:58.487 INFO kablam!    Compiling rmp v0.8.7
Nov 01 10:18:58.487 INFO kablam!    Compiling chrono v0.4.6
Nov 01 10:18:58.487 INFO kablam!    Compiling memchr v2.1.0
Nov 01 10:18:58.487 INFO kablam!    Compiling nix v0.10.0
Nov 01 10:18:58.487 INFO kablam!    Compiling shared_child v0.3.2
Nov 01 10:18:58.487 INFO kablam!    Compiling backtrace v0.3.5
Nov 01 10:19:02.306 INFO kablam!    Compiling serde v1.0.27
Nov 01 10:19:03.264 INFO kablam!    Compiling failure v0.1.1
Nov 01 10:19:03.284 INFO kablam!    Compiling aho-corasick v0.6.8
Nov 01 10:19:07.663 INFO kablam!    Compiling regex v0.2.10
Nov 01 10:19:24.315 INFO kablam!    Compiling shellwords v0.1.0
Nov 01 10:19:28.211 INFO kablam!    Compiling os_pipe v0.6.1
Nov 01 10:19:29.667 INFO kablam!    Compiling duct v0.11.0
Nov 01 10:19:33.739 INFO kablam!    Compiling serde_yaml v0.7.3
Nov 01 10:19:33.739 INFO kablam!    Compiling rmp-serde v0.13.7
Nov 01 10:19:38.403 INFO kablam!    Compiling straw-boss v0.1.0 (/source)
Nov 01 10:19:40.841 INFO kablam! error[E0554]: #![feature] may not be used on the stable release channel
Nov 01 10:19:40.842 INFO kablam!  --> src/lib.rs:1:1
Nov 01 10:19:40.842 INFO kablam!   |
Nov 01 10:19:40.843 INFO kablam! 1 | #![feature(try_from)]
Nov 01 10:19:40.844 INFO kablam!   | ^^^^^^^^^^^^^^^^^^^^^
Nov 01 10:19:40.844 INFO kablam! 
Nov 01 10:19:40.844 INFO kablam! error[E0554]: #![feature] may not be used on the stable release channel
Nov 01 10:19:40.845 INFO kablam!  --> src/lib.rs:2:1
Nov 01 10:19:40.845 INFO kablam!   |
Nov 01 10:19:40.845 INFO kablam! 2 | #![feature(plugin)]
Nov 01 10:19:40.845 INFO kablam!   | ^^^^^^^^^^^^^^^^^^^
Nov 01 10:19:40.845 INFO kablam! 
Nov 01 10:19:40.846 INFO kablam! error[E0554]: #![feature] may not be used on the stable release channel
Nov 01 10:19:40.846 INFO kablam!  --> src/lib.rs:3:1
Nov 01 10:19:40.846 INFO kablam!   |
Nov 01 10:19:40.846 INFO kablam! 3 | #![feature(option_replace)]
Nov 01 10:19:40.846 INFO kablam!   | ^^^^^^^^^^^^^^^^^^^^^^^^^^^
Nov 01 10:19:40.846 INFO kablam! 
Nov 01 10:19:40.847 INFO kablam! error: aborting due to 3 previous errors
Nov 01 10:19:40.847 INFO kablam! 
Nov 01 10:19:40.847 INFO kablam! For more information about this error, try `rustc --explain E0554`.
Nov 01 10:19:40.869 INFO kablam! error: Could not compile `straw-boss`.
Nov 01 10:19:40.870 INFO kablam! 
Nov 01 10:19:40.870 INFO kablam! To learn more, run the command again with --verbose.
Nov 01 10:19:40.875 INFO kablam! su: No module specific data is present
Nov 01 10:19:42.037 INFO running `"docker" "rm" "-f" "e5dc9f2d40f727620674619328529595420bad42d3963ee6690f736402d3f1bf"`
Nov 01 10:19:42.319 INFO blam! e5dc9f2d40f727620674619328529595420bad42d3963ee6690f736402d3f1bf
