Nov 01 10:36:44.528 INFO testing elgozali/Rocket-Test against beta-2018-10-30 for beta-1.31-1
Nov 01 10:36:44.528 INFO running `"docker" "create" "-v" "/mnt/big/crater/work/local/target-dirs/beta-1.31-1/worker-7/beta-2018-10-30:/target:rw,Z" "-v" "/mnt/big/crater/work/local/test-source/worker-7/beta-1.31-1/beta-2018-10-30:/source:ro,Z" "-v" "/mnt/big/crater/work/local/cargo-home:/cargo-home:ro,Z" "-v" "/mnt/big/crater/work/local/rustup-home:/rustup-home:ro,Z" "-e" "USER_ID=1000" "-e" "SOURCE_DIR=/source" "-e" "USER_ID=1000" "-e" "CMD=cargo +beta-2018-10-30 build --frozen" "-e" "CARGO_TARGET_DIR=/target" "-e" "CARGO_INCREMENTAL=0" "-e" "RUST_BACKTRACE=full" "-e" "RUSTFLAGS=--cap-lints=warn" "-e" "CARGO_HOME=/cargo-home" "-e" "RUSTUP_HOME=/rustup-home" "-m" "1536M" "--network" "none" "crater"`
Nov 01 10:36:45.106 INFO blam! 242ed025115351200179f0f47a0262d38fa80c9c802fe5a5315445a4fa57e0f9
Nov 01 10:36:45.109 INFO running `"docker" "start" "-a" "242ed025115351200179f0f47a0262d38fa80c9c802fe5a5315445a4fa57e0f9"`
Nov 01 10:36:46.179 INFO kablam! usermod: no changes
Nov 01 10:36:46.423 INFO kablam!    Compiling pear_codegen v0.0.20
Nov 01 10:36:46.423 INFO kablam!    Compiling rocket v0.3.16
Nov 01 10:36:46.423 INFO kablam!    Compiling rocket_codegen v0.3.16
Nov 01 10:36:46.452 INFO kablam!    Compiling ring v0.11.0
Nov 01 10:36:46.767 INFO kablam! error: failed to run custom build command for `rocket_codegen v0.3.16`
Nov 01 10:36:46.768 INFO kablam! process didn't exit successfully: `/target/debug/build/rocket_codegen-a5344c6ff6fd4c54/build-script-build` (exit code: 101)
Nov 01 10:36:46.768 INFO kablam! --- stderr
Nov 01 10:36:46.768 INFO kablam! [1;31mError:[0m [37mRocket requires a nightly or dev version of Rust.[0m
Nov 01 10:36:46.769 INFO kablam! [37mInstalled version is:[0m [33m1.31.0-beta.1 (2018-10-29)[0m. [37mMinimum required:[0m [33m1.30.0-nightly (2018-08-23)[0m.
Nov 01 10:36:46.769 INFO kablam! [34mSee the getting started guide ([0m[37mhttps://rocket.rs/guide/getting-started/[0m[34m) for more information.[0m
Nov 01 10:36:46.769 INFO kablam! thread 'main' panicked at 'Aborting compilation due to incompatible compiler.', /cargo-home/registry/src/github.com-1ecc6299db9ec823/rocket_codegen-0.3.16/build.rs:38:17
Nov 01 10:36:46.769 INFO kablam! stack backtrace:
Nov 01 10:36:46.770 INFO kablam!    0:     0x555a687813cf - std::sys::unix::backtrace::tracing::imp::unwind_backtrace::h3c55afa80a996a32
Nov 01 10:36:46.770 INFO kablam!                                at libstd/sys/unix/backtrace/tracing/gcc_s.rs:49
Nov 01 10:36:46.770 INFO kablam!    1:     0x555a6878cd87 - std::sys_common::backtrace::print::hcef907ea7a07cd40
Nov 01 10:36:46.771 INFO kablam!                                at libstd/sys_common/backtrace.rs:71
Nov 01 10:36:46.771 INFO kablam!                                at libstd/sys_common/backtrace.rs:59
Nov 01 10:36:46.771 INFO kablam!    2:     0x555a68785c4f - std::panicking::default_hook::{{closure}}::hf541876c65f36ea7
Nov 01 10:36:46.771 INFO kablam!                                at libstd/panicking.rs:211
Nov 01 10:36:46.772 INFO kablam!    3:     0x555a687859b4 - std::panicking::default_hook::h4ecc06b30ae4459d
Nov 01 10:36:46.772 INFO kablam!                                at libstd/panicking.rs:227
Nov 01 10:36:46.772 INFO kablam!    4:     0x555a6878627e - std::panicking::rust_panic_with_hook::h0cc6d9cc9f34a947
Nov 01 10:36:46.772 INFO kablam!                                at libstd/panicking.rs:476
Nov 01 10:36:46.773 INFO kablam!    5:     0x555a68757ee3 - std::panicking::begin_panic::h06a896570e3b5fc8
Nov 01 10:36:46.773 INFO kablam!                                at libstd/panicking.rs:410
Nov 01 10:36:46.773 INFO kablam!    6:     0x555a68755fb4 - build_script_build::main::h75518f0123ea084d
Nov 01 10:36:46.774 INFO kablam!                                at /cargo-home/registry/src/github.com-1ecc6299db9ec823/rocket_codegen-0.3.16/build.rs:38
Nov 01 10:36:46.774 INFO kablam!    7:     0x555a687587cf - std::rt::lang_start::{{closure}}::h442d47573b647043
Nov 01 10:36:46.774 INFO kablam!                                at libstd/rt.rs:74
Nov 01 10:36:46.774 INFO kablam!    8:     0x555a68785cf2 - std::panicking::try::do_call::h203c4989fde7f201
Nov 01 10:36:46.775 INFO kablam!                                at libstd/rt.rs:59
Nov 01 10:36:46.775 INFO kablam!                                at libstd/panicking.rs:310
Nov 01 10:36:46.775 INFO kablam!    9:     0x555a68797fb9 - __rust_maybe_catch_panic
Nov 01 10:36:46.775 INFO kablam!                                at libpanic_unwind/lib.rs:102
Nov 01 10:36:46.776 INFO kablam!   10:     0x555a68775aea - std::rt::lang_start_internal::h80fd76ad39d9c8d9
Nov 01 10:36:46.776 INFO kablam!                                at libstd/panicking.rs:289
Nov 01 10:36:46.776 INFO kablam!                                at libstd/panic.rs:392
Nov 01 10:36:46.777 INFO kablam!                                at libstd/rt.rs:58
Nov 01 10:36:46.777 INFO kablam!   11:     0x555a687587a8 - std::rt::lang_start::hcdc63c6a07220af8
Nov 01 10:36:46.777 INFO kablam!                                at libstd/rt.rs:74
Nov 01 10:36:46.777 INFO kablam!   12:     0x555a68756e79 - main
Nov 01 10:36:46.778 INFO kablam!   13:     0x7fdfe955e82f - __libc_start_main
Nov 01 10:36:46.778 INFO kablam!   14:     0x555a68755658 - _start
Nov 01 10:36:46.778 INFO kablam!   15:                0x0 - <unknown>
Nov 01 10:36:46.782 INFO kablam! 
Nov 01 10:36:46.783 INFO kablam! warning: build failed, waiting for other jobs to finish...
Nov 01 10:36:46.787 INFO kablam! error: failed to run custom build command for `pear_codegen v0.0.20`
Nov 01 10:36:46.788 INFO kablam! process didn't exit successfully: `/target/debug/build/pear_codegen-664845dd6aed6dd0/build-script-build` (exit code: 101)
Nov 01 10:36:46.788 INFO kablam! --- stderr
Nov 01 10:36:46.788 INFO kablam! [1;31mError:[0m [37mPear requires a nightly or dev version of Rust.[0m
Nov 01 10:36:46.788 INFO kablam! [37mInstalled version is:[0m [33m1.31.0-beta.1 (2018-10-29)[0m. [37mMinimum required:[0m [33m1.30.0-nightly (2018-08-23)[0m.
Nov 01 10:36:46.789 INFO kablam! thread 'main' panicked at 'Aborting compilation due to incompatible compiler.', /cargo-home/registry/src/github.com-1ecc6299db9ec823/pear_codegen-0.0.20/build.rs:31:13
Nov 01 10:36:46.789 INFO kablam! stack backtrace:
Nov 01 10:36:46.789 INFO kablam!    0:     0x56047f44519f - std::sys::unix::backtrace::tracing::imp::unwind_backtrace::h3c55afa80a996a32
Nov 01 10:36:46.789 INFO kablam!                                at libstd/sys/unix/backtrace/tracing/gcc_s.rs:49
Nov 01 10:36:46.790 INFO kablam!    1:     0x56047f450b57 - std::sys_common::backtrace::print::hcef907ea7a07cd40
Nov 01 10:36:46.790 INFO kablam!                                at libstd/sys_common/backtrace.rs:71
Nov 01 10:36:46.790 INFO kablam!                                at libstd/sys_common/backtrace.rs:59
Nov 01 10:36:46.790 INFO kablam!    2:     0x56047f449a1f - std::panicking::default_hook::{{closure}}::hf541876c65f36ea7
Nov 01 10:36:46.791 INFO kablam!                                at libstd/panicking.rs:211
Nov 01 10:36:46.791 INFO kablam!    3:     0x56047f449784 - std::panicking::default_hook::h4ecc06b30ae4459d
Nov 01 10:36:46.791 INFO kablam!                                at libstd/panicking.rs:227
Nov 01 10:36:46.791 INFO kablam!    4:     0x56047f44a04e - std::panicking::rust_panic_with_hook::h0cc6d9cc9f34a947
Nov 01 10:36:46.792 INFO kablam!                                at libstd/panicking.rs:476
Nov 01 10:36:46.792 INFO kablam!    5:     0x56047f41bcb3 - std::panicking::begin_panic::he74e7211d5b546cb
Nov 01 10:36:46.792 INFO kablam!                                at libstd/panicking.rs:410
Nov 01 10:36:46.793 INFO kablam!    6:     0x56047f419d78 - build_script_build::main::hedbae8bae3446c65
Nov 01 10:36:46.793 INFO kablam!                                at /cargo-home/registry/src/github.com-1ecc6299db9ec823/pear_codegen-0.0.20/build.rs:31
Nov 01 10:36:46.793 INFO kablam!    7:     0x56047f41c59f - std::rt::lang_start::{{closure}}::h2d9ec1eb962f5200
Nov 01 10:36:46.793 INFO kablam!                                at libstd/rt.rs:74
Nov 01 10:36:46.794 INFO kablam!    8:     0x56047f449ac2 - std::panicking::try::do_call::h203c4989fde7f201
Nov 01 10:36:46.794 INFO kablam!                                at libstd/rt.rs:59
Nov 01 10:36:46.794 INFO kablam!                                at libstd/panicking.rs:310
Nov 01 10:36:46.794 INFO kablam!    9:     0x56047f45bd89 - __rust_maybe_catch_panic
Nov 01 10:36:46.795 INFO kablam!                                at libpanic_unwind/lib.rs:102
Nov 01 10:36:46.795 INFO kablam!   10:     0x56047f4398ba - std::rt::lang_start_internal::h80fd76ad39d9c8d9
Nov 01 10:36:46.795 INFO kablam!                                at libstd/panicking.rs:289
Nov 01 10:36:46.796 INFO kablam!                                at libstd/panic.rs:392
Nov 01 10:36:46.796 INFO kablam!                                at libstd/rt.rs:58
Nov 01 10:36:46.796 INFO kablam!   11:     0x56047f41c578 - std::rt::lang_start::h0eae701c0adc29c7
Nov 01 10:36:46.796 INFO kablam!                                at libstd/rt.rs:74
Nov 01 10:36:46.797 INFO kablam!   12:     0x56047f41ac49 - main
Nov 01 10:36:46.797 INFO kablam!   13:     0x7f48698f382f - __libc_start_main
Nov 01 10:36:46.797 INFO kablam!   14:     0x56047f419658 - _start
Nov 01 10:36:46.797 INFO kablam!   15:                0x0 - <unknown>
Nov 01 10:36:46.797 INFO kablam! 
Nov 01 10:36:46.798 INFO kablam! warning: build failed, waiting for other jobs to finish...
Nov 01 10:36:46.803 INFO kablam! error: failed to run custom build command for `rocket v0.3.16`
Nov 01 10:36:46.804 INFO kablam! process didn't exit successfully: `/target/debug/build/rocket-889915a1a18b67bb/build-script-build` (exit code: 101)
Nov 01 10:36:46.804 INFO kablam! --- stderr
Nov 01 10:36:46.804 INFO kablam! [1;31mError:[0m [37mRocket requires a nightly or dev version of Rust.[0m
Nov 01 10:36:46.804 INFO kablam! [37mInstalled version is:[0m [33m1.31.0-beta.1 (2018-10-29)[0m. [37mMinimum required:[0m [33m1.27.0-nightly (2018-04-26)[0m.
Nov 01 10:36:46.804 INFO kablam! [34mSee the getting started guide ([0m[37mhttps://rocket.rs/guide/getting-started/[0m[34m) for more information.[0m
Nov 01 10:36:46.805 INFO kablam! thread 'main' panicked at 'Aborting compilation due to incompatible compiler.', /cargo-home/registry/src/github.com-1ecc6299db9ec823/rocket-0.3.16/build.rs:38:13
Nov 01 10:36:46.805 INFO kablam! stack backtrace:
Nov 01 10:36:46.805 INFO kablam!    0:     0x561402f553df - std::sys::unix::backtrace::tracing::imp::unwind_backtrace::h3c55afa80a996a32
Nov 01 10:36:46.805 INFO kablam!                                at libstd/sys/unix/backtrace/tracing/gcc_s.rs:49
Nov 01 10:36:46.805 INFO kablam!    1:     0x561402f60d97 - std::sys_common::backtrace::print::hcef907ea7a07cd40
Nov 01 10:36:46.805 INFO kablam!                                at libstd/sys_common/backtrace.rs:71
Nov 01 10:36:46.805 INFO kablam!                                at libstd/sys_common/backtrace.rs:59
Nov 01 10:36:46.806 INFO kablam!    2:     0x561402f59c5f - std::panicking::default_hook::{{closure}}::hf541876c65f36ea7
Nov 01 10:36:46.806 INFO kablam!                                at libstd/panicking.rs:211
Nov 01 10:36:46.806 INFO kablam!    3:     0x561402f599c4 - std::panicking::default_hook::h4ecc06b30ae4459d
Nov 01 10:36:46.806 INFO kablam!                                at libstd/panicking.rs:227
Nov 01 10:36:46.806 INFO kablam!    4:     0x561402f5a28e - std::panicking::rust_panic_with_hook::h0cc6d9cc9f34a947
Nov 01 10:36:46.806 INFO kablam!                                at libstd/panicking.rs:476
Nov 01 10:36:46.807 INFO kablam!    5:     0x561402f2bef3 - std::panicking::begin_panic::h0c86b4eac7b28d53
Nov 01 10:36:46.807 INFO kablam!                                at libstd/panicking.rs:410
Nov 01 10:36:46.807 INFO kablam!    6:     0x561402f29fb5 - build_script_build::main::ha794ee553143e7b6
Nov 01 10:36:46.807 INFO kablam!                                at /cargo-home/registry/src/github.com-1ecc6299db9ec823/rocket-0.3.16/build.rs:38
Nov 01 10:36:46.807 INFO kablam!    7:     0x561402f2c7df - std::rt::lang_start::{{closure}}::h6a0cb83916a08c38
Nov 01 10:36:46.807 INFO kablam!                                at libstd/rt.rs:74
Nov 01 10:36:46.807 INFO kablam!    8:     0x561402f59d02 - std::panicking::try::do_call::h203c4989fde7f201
Nov 01 10:36:46.808 INFO kablam!                                at libstd/rt.rs:59
Nov 01 10:36:46.808 INFO kablam!                                at libstd/panicking.rs:310
Nov 01 10:36:46.808 INFO kablam!    9:     0x561402f6bfc9 - __rust_maybe_catch_panic
Nov 01 10:36:46.808 INFO kablam!                                at libpanic_unwind/lib.rs:102
Nov 01 10:36:46.808 INFO kablam!   10:     0x561402f49afa - std::rt::lang_start_internal::h80fd76ad39d9c8d9
Nov 01 10:36:46.808 INFO kablam!                                at libstd/panicking.rs:289
Nov 01 10:36:46.809 INFO kablam!                                at libstd/panic.rs:392
Nov 01 10:36:46.809 INFO kablam!                                at libstd/rt.rs:58
Nov 01 10:36:46.809 INFO kablam!   11:     0x561402f2c7b8 - std::rt::lang_start::h701c5cb95ad036a1
Nov 01 10:36:46.809 INFO kablam!                                at libstd/rt.rs:74
Nov 01 10:36:46.809 INFO kablam!   12:     0x561402f2ae89 - main
Nov 01 10:36:46.809 INFO kablam!   13:     0x7f5ede35382f - __libc_start_main
Nov 01 10:36:46.809 INFO kablam!   14:     0x561402f29658 - _start
Nov 01 10:36:46.810 INFO kablam!   15:                0x0 - <unknown>
Nov 01 10:36:46.810 INFO kablam! 
Nov 01 10:36:46.810 INFO kablam! warning: build failed, waiting for other jobs to finish...
Nov 01 10:36:49.461 INFO kablam! error: build failed
Nov 01 10:36:49.461 INFO kablam! su: No module specific data is present
Nov 01 10:36:50.109 INFO running `"docker" "rm" "-f" "242ed025115351200179f0f47a0262d38fa80c9c802fe5a5315445a4fa57e0f9"`
Nov 01 10:36:50.286 INFO blam! 242ed025115351200179f0f47a0262d38fa80c9c802fe5a5315445a4fa57e0f9
