Nov 01 10:38:38.998 INFO testing ejmahler/tetris_clone against 1.30.0 for beta-1.31-1
Nov 01 10:38:38.999 INFO running `"docker" "create" "-v" "/mnt/big/crater/work/local/target-dirs/beta-1.31-1/worker-4/1.30.0:/target:rw,Z" "-v" "/mnt/big/crater/work/local/test-source/worker-4/beta-1.31-1/1.30.0:/source:ro,Z" "-v" "/mnt/big/crater/work/local/cargo-home:/cargo-home:ro,Z" "-v" "/mnt/big/crater/work/local/rustup-home:/rustup-home:ro,Z" "-e" "USER_ID=1000" "-e" "SOURCE_DIR=/source" "-e" "USER_ID=1000" "-e" "CMD=cargo +1.30.0 build --frozen" "-e" "CARGO_TARGET_DIR=/target" "-e" "CARGO_INCREMENTAL=0" "-e" "RUST_BACKTRACE=full" "-e" "RUSTFLAGS=--cap-lints=warn" "-e" "CARGO_HOME=/cargo-home" "-e" "RUSTUP_HOME=/rustup-home" "-m" "1536M" "--network" "none" "crater"`
Nov 01 10:38:39.513 INFO blam! cf4d7f052baae3fa600719bed8b52fa89844c3ded086fb13b0035fe1aaf52a1f
Nov 01 10:38:39.515 INFO running `"docker" "start" "-a" "cf4d7f052baae3fa600719bed8b52fa89844c3ded086fb13b0035fe1aaf52a1f"`
Nov 01 10:38:40.651 INFO kablam! usermod: no changes
Nov 01 10:38:40.970 INFO kablam!    Compiling libc v0.2.35
Nov 01 10:38:40.970 INFO kablam!    Compiling ndarray v0.11.0
Nov 01 10:38:40.975 INFO kablam!    Compiling num-complex v0.1.41
Nov 01 10:38:40.999 INFO kablam!    Compiling itertools v0.7.5
Nov 01 10:38:40.999 INFO kablam!    Compiling png v0.11.0
Nov 01 10:38:41.000 INFO kablam!    Compiling piston2d-graphics v0.24.0
Nov 01 10:38:46.215 INFO kablam!    Compiling rand v0.3.19
Nov 01 10:38:46.391 INFO kablam!    Compiling num_cpus v1.8.0
Nov 01 10:38:46.447 INFO kablam!    Compiling fs2 v0.2.5
Nov 01 10:38:46.779 INFO kablam!    Compiling shared_library v0.1.8
Nov 01 10:38:46.780 INFO kablam!    Compiling x11-dl v2.17.2
Nov 01 10:38:46.932 INFO kablam!    Compiling rand v0.4.1
Nov 01 10:38:51.328 INFO kablam!    Compiling memmap v0.4.0
Nov 01 10:38:52.387 INFO kablam!    Compiling osmesa-sys v0.1.2
Nov 01 10:38:58.051 INFO kablam!    Compiling phf_generator v0.7.21
Nov 01 10:38:58.052 INFO kablam!    Compiling rayon-core v1.3.0
Nov 01 10:38:58.052 INFO kablam!    Compiling tempfile v2.2.0
Nov 01 10:39:00.152 INFO kablam!    Compiling cgmath v0.16.0
Nov 01 10:39:01.296 INFO kablam!    Compiling phf_codegen v0.7.21
Nov 01 10:39:04.573 INFO kablam!    Compiling rayon v0.8.2
Nov 01 10:39:05.163 INFO kablam!    Compiling target_build_utils v0.3.1
Nov 01 10:39:13.223 INFO kablam!    Compiling jpeg-decoder v0.1.13
Nov 01 10:39:20.744 INFO kablam!    Compiling image v0.18.0
Nov 01 10:39:30.300 INFO kablam!    Compiling libloading v0.3.4
Nov 01 10:39:34.383 INFO kablam!    Compiling dlib v0.3.1
Nov 01 10:39:35.331 INFO kablam!    Compiling wayland-sys v0.9.10
Nov 01 10:39:39.973 INFO kablam!    Compiling wayland-client v0.9.10
Nov 01 10:39:46.872 INFO kablam!    Compiling piston-gfx_texture v0.30.0
Nov 01 10:39:47.095 INFO kablam!    Compiling wayland-protocols v0.9.10
Nov 01 10:39:47.096 INFO kablam!    Compiling wayland-kbd v0.9.1
Nov 01 10:39:52.492 INFO kablam!    Compiling piston2d-gfx_graphics v0.47.0
Nov 01 10:39:53.819 INFO kablam!    Compiling wayland-window v0.8.0
Nov 01 10:39:55.490 INFO kablam!    Compiling winit v0.8.3
Nov 01 10:40:02.567 INFO kablam!    Compiling glutin v0.10.1
Nov 01 10:40:06.351 INFO kablam!    Compiling pistoncore-glutin_window v0.43.0
Nov 01 10:40:11.609 INFO kablam!    Compiling piston_window v0.74.0
Nov 01 10:40:15.080 INFO kablam!    Compiling tetris_clone v0.1.0 (/source)
Nov 01 10:40:18.423 INFO kablam! error[E0554]: #![feature] may not be used on the stable release channel
Nov 01 10:40:18.423 INFO kablam!  --> src/main.rs:1:1
Nov 01 10:40:18.423 INFO kablam!   |
Nov 01 10:40:18.423 INFO kablam! 1 | #![feature(universal_impl_trait)]
Nov 01 10:40:18.423 INFO kablam!   | ^^^^^^^^^^^^^^^^^^^^^^^^^^^^^^^^^
Nov 01 10:40:18.423 INFO kablam! 
Nov 01 10:40:18.423 INFO kablam! error[E0554]: #![feature] may not be used on the stable release channel
Nov 01 10:40:18.423 INFO kablam!  --> src/main.rs:2:1
Nov 01 10:40:18.423 INFO kablam!   |
Nov 01 10:40:18.423 INFO kablam! 2 | #![feature(conservative_impl_trait)]
Nov 01 10:40:18.423 INFO kablam!   | ^^^^^^^^^^^^^^^^^^^^^^^^^^^^^^^^^^^^
Nov 01 10:40:18.423 INFO kablam! 
Nov 01 10:40:18.423 INFO kablam! error[E0554]: #![feature] may not be used on the stable release channel
Nov 01 10:40:18.423 INFO kablam!  --> src/main.rs:3:1
Nov 01 10:40:18.423 INFO kablam!   |
Nov 01 10:40:18.423 INFO kablam! 3 | #![feature(nll)]
Nov 01 10:40:18.423 INFO kablam!   | ^^^^^^^^^^^^^^^^
Nov 01 10:40:18.423 INFO kablam! 
Nov 01 10:40:18.423 INFO kablam! error: aborting due to 3 previous errors
Nov 01 10:40:18.423 INFO kablam! 
Nov 01 10:40:18.423 INFO kablam! For more information about this error, try `rustc --explain E0554`.
Nov 01 10:40:18.452 INFO kablam! error: Could not compile `tetris_clone`.
Nov 01 10:40:18.452 INFO kablam! 
Nov 01 10:40:18.452 INFO kablam! To learn more, run the command again with --verbose.
Nov 01 10:40:18.453 INFO kablam! su: No module specific data is present
Nov 01 10:40:19.071 INFO running `"docker" "rm" "-f" "cf4d7f052baae3fa600719bed8b52fa89844c3ded086fb13b0035fe1aaf52a1f"`
Nov 01 10:40:19.411 INFO blam! cf4d7f052baae3fa600719bed8b52fa89844c3ded086fb13b0035fe1aaf52a1f
