Nov 01 10:52:56.776 INFO testing dwerner/ks2-timelapse against beta-2018-10-30 for beta-1.31-1
Nov 01 10:52:56.776 INFO running `"docker" "create" "-v" "/mnt/big/crater/work/local/target-dirs/beta-1.31-1/worker-5/beta-2018-10-30:/target:rw,Z" "-v" "/mnt/big/crater/work/local/test-source/worker-5/beta-1.31-1/beta-2018-10-30:/source:ro,Z" "-v" "/mnt/big/crater/work/local/cargo-home:/cargo-home:ro,Z" "-v" "/mnt/big/crater/work/local/rustup-home:/rustup-home:ro,Z" "-e" "USER_ID=1000" "-e" "SOURCE_DIR=/source" "-e" "USER_ID=1000" "-e" "CMD=cargo +beta-2018-10-30 build --frozen" "-e" "CARGO_TARGET_DIR=/target" "-e" "CARGO_INCREMENTAL=0" "-e" "RUST_BACKTRACE=full" "-e" "RUSTFLAGS=--cap-lints=warn" "-e" "CARGO_HOME=/cargo-home" "-e" "RUSTUP_HOME=/rustup-home" "-m" "1536M" "--network" "none" "crater"`
Nov 01 10:52:57.007 INFO blam! 334259e123d643a9133a7d350dce5da12376a9ec7e2f4c5d545831df3d4c22b9
Nov 01 10:52:57.007 INFO running `"docker" "start" "-a" "334259e123d643a9133a7d350dce5da12376a9ec7e2f4c5d545831df3d4c22b9"`
Nov 01 10:52:57.594 INFO kablam! usermod: no changes
Nov 01 10:52:57.796 INFO kablam!    Compiling time v0.1.39
Nov 01 10:52:57.797 INFO kablam!    Compiling net2 v0.2.32
Nov 01 10:52:57.799 INFO kablam!    Compiling log v0.4.5
Nov 01 10:52:57.799 INFO kablam!    Compiling serde_json v1.0.11
Nov 01 10:52:57.803 INFO kablam!    Compiling bytes v0.4.10
Nov 01 10:52:57.803 INFO kablam!    Compiling crossbeam-epoch v0.5.2
Nov 01 10:52:59.231 INFO kablam!    Compiling want v0.0.6
Nov 01 10:53:00.487 INFO kablam!    Compiling crossbeam-deque v0.6.1
Nov 01 10:53:00.583 INFO kablam!    Compiling mio v0.6.14
Nov 01 10:53:02.712 INFO kablam!    Compiling tokio-threadpool v0.1.7
Nov 01 10:53:02.847 INFO kablam!    Compiling tokio-io v0.1.9
Nov 01 10:53:02.847 INFO kablam!    Compiling http v0.1.13
Nov 01 10:53:06.675 INFO kablam!    Compiling mio-uds v0.6.7
Nov 01 10:53:07.375 INFO kablam!    Compiling tokio-codec v0.1.1
Nov 01 10:53:07.375 INFO kablam!    Compiling tokio-reactor v0.1.6
Nov 01 10:53:10.155 INFO kablam!    Compiling tokio-fs v0.1.3
Nov 01 10:53:12.987 INFO kablam!    Compiling tokio-udp v0.1.2
Nov 01 10:53:12.987 INFO kablam!    Compiling tokio-uds v0.2.2
Nov 01 10:53:12.987 INFO kablam!    Compiling tokio-tcp v0.1.2
Nov 01 10:53:17.345 INFO kablam!    Compiling tokio v0.1.11
Nov 01 10:53:19.796 INFO kablam!    Compiling h2 v0.1.13
Nov 01 10:53:26.071 INFO kablam!    Compiling hyper v0.12.12
Nov 01 10:53:32.755 INFO kablam!    Compiling ks2-timelapse v0.1.0 (/source)
Nov 01 10:53:32.820 INFO kablam! error: incorrect close delimiter: `}`
Nov 01 10:53:32.821 INFO kablam!   --> src/lib.rs:62:5
Nov 01 10:53:32.823 INFO kablam!    |
Nov 01 10:53:32.823 INFO kablam! 52 |     pub fn take_photo(&self) -> impl Future<Item=ShootResponse, Error=FetchError> {
Nov 01 10:53:32.824 INFO kablam!    |                                                                                   - close delimiter possibly meant for this
Nov 01 10:53:32.824 INFO kablam! ...
Nov 01 10:53:32.824 INFO kablam! 55 |         client.request((format!("http://{}/camera/shoot", self.ip))
Nov 01 10:53:32.825 INFO kablam!    |                       - un-closed delimiter
Nov 01 10:53:32.825 INFO kablam! ...
Nov 01 10:53:32.825 INFO kablam! 62 |     }
Nov 01 10:53:32.826 INFO kablam!    |     ^ incorrect close delimiter
Nov 01 10:53:32.826 INFO kablam! 
Nov 01 10:53:35.023 INFO kablam! error[E0422]: cannot find struct, variant or union type `PhotoStream` in this scope
Nov 01 10:53:35.023 INFO kablam!   --> src/lib.rs:46:9
Nov 01 10:53:35.023 INFO kablam!    |
Nov 01 10:53:35.023 INFO kablam! 46 |         PhotoStream {
Nov 01 10:53:35.023 INFO kablam!    |         ^^^^^^^^^^^ not found in this scope
Nov 01 10:53:35.023 INFO kablam! 
Nov 01 10:53:35.023 INFO kablam! error[E0412]: cannot find type `ShootResponse` in this scope
Nov 01 10:53:35.023 INFO kablam!   --> src/lib.rs:52:50
Nov 01 10:53:35.023 INFO kablam!    |
Nov 01 10:53:35.023 INFO kablam! 52 |     pub fn take_photo(&self) -> impl Future<Item=ShootResponse, Error=FetchError> {
Nov 01 10:53:35.023 INFO kablam!    |                                                  ^^^^^^^^^^^^^ not found in this scope
Nov 01 10:53:35.023 INFO kablam! help: possible candidate is found in another module, you can import it into scope
Nov 01 10:53:35.023 INFO kablam!    |
Nov 01 10:53:35.023 INFO kablam! 12 | use ks2::ShootResponse;
Nov 01 10:53:35.023 INFO kablam!    |
Nov 01 10:53:35.023 INFO kablam! 
Nov 01 10:53:35.023 INFO kablam! error[E0603]: struct `Request` is private
Nov 01 10:53:35.023 INFO kablam!   --> src/lib.rs:54:34
Nov 01 10:53:35.023 INFO kablam!    |
Nov 01 10:53:35.023 INFO kablam! 54 |         let req = hyper::client::Request::new();
Nov 01 10:53:35.023 INFO kablam!    |                                  ^^^^^^^
Nov 01 10:53:35.023 INFO kablam! 
Nov 01 10:53:35.023 INFO kablam! warning: unused import: `tokio::timer::Interval`
Nov 01 10:53:35.023 INFO kablam!   --> src/lib.rs:18:5
Nov 01 10:53:35.023 INFO kablam!    |
Nov 01 10:53:35.024 INFO kablam! 18 | use tokio::timer::Interval;
Nov 01 10:53:35.024 INFO kablam!    |     ^^^^^^^^^^^^^^^^^^^^^^
Nov 01 10:53:35.024 INFO kablam!    |
Nov 01 10:53:35.024 INFO kablam!    = note: #[warn(unused_imports)] on by default
Nov 01 10:53:35.024 INFO kablam! 
Nov 01 10:53:35.024 INFO kablam! warning: unused import: `tokio::runtime::Runtime`
Nov 01 10:53:35.024 INFO kablam!   --> src/lib.rs:19:5
Nov 01 10:53:35.024 INFO kablam!    |
Nov 01 10:53:35.024 INFO kablam! 19 | use tokio::runtime::Runtime;
Nov 01 10:53:35.024 INFO kablam!    |     ^^^^^^^^^^^^^^^^^^^^^^^
Nov 01 10:53:35.024 INFO kablam! 
Nov 01 10:53:35.103 INFO kablam! error[E0061]: this function takes 1 parameter but 0 parameters were supplied
Nov 01 10:53:35.103 INFO kablam!   --> src/lib.rs:54:19
Nov 01 10:53:35.103 INFO kablam!    |
Nov 01 10:53:35.103 INFO kablam! 54 |         let req = hyper::client::Request::new();
Nov 01 10:53:35.103 INFO kablam!    |                   ^^^^^^^^^^^^^^^^^^^^^^^^^^^^^ expected 1 parameter
Nov 01 10:53:35.103 INFO kablam! 
Nov 01 10:53:35.187 INFO kablam! error[E0599]: no method named `and_then` found for type `std::string::String` in the current scope
Nov 01 10:53:35.187 INFO kablam!   --> src/lib.rs:56:14
Nov 01 10:53:35.187 INFO kablam!    |
Nov 01 10:53:35.187 INFO kablam! 56 |             .and_then(|res| res.into_body().concat2() )
Nov 01 10:53:35.187 INFO kablam!    |              ^^^^^^^^
Nov 01 10:53:35.187 INFO kablam!    |
Nov 01 10:53:35.187 INFO kablam!    = note: the method `and_then` exists but the following trait bounds were not satisfied:
Nov 01 10:53:35.187 INFO kablam!            `&mut std::string::String : futures::Future`
Nov 01 10:53:35.187 INFO kablam!            `&mut str : futures::Future`
Nov 01 10:53:35.187 INFO kablam! 
Nov 01 10:53:35.187 INFO kablam! error[E0277]: the size for values of type `[u8]` cannot be known at compilation time
Nov 01 10:53:35.187 INFO kablam!   --> src/lib.rs:58:24
Nov 01 10:53:35.187 INFO kablam!    |
Nov 01 10:53:35.187 INFO kablam! 58 |             .and_then(|body| {
Nov 01 10:53:35.187 INFO kablam!    |                        ^^^^ doesn't have a size known at compile-time
Nov 01 10:53:35.187 INFO kablam!    |
Nov 01 10:53:35.187 INFO kablam!    = help: the trait `std::marker::Sized` is not implemented for `[u8]`
Nov 01 10:53:35.187 INFO kablam!    = note: to learn more, visit <https://doc.rust-lang.org/book/second-edition/ch19-04-advanced-types.html#dynamically-sized-types-and-the-sized-trait>
Nov 01 10:53:35.187 INFO kablam!    = note: all local variables must have a statically known size
Nov 01 10:53:35.187 INFO kablam!    = help: unsized locals are gated as an unstable feature
Nov 01 10:53:35.187 INFO kablam! 
Nov 01 10:53:35.191 INFO kablam! error[E0271]: type mismatch resolving `<hyper::client::ResponseFuture as futures::Future>::Error == FetchError`
Nov 01 10:53:35.191 INFO kablam!   --> src/lib.rs:52:33
Nov 01 10:53:35.191 INFO kablam!    |
Nov 01 10:53:35.191 INFO kablam! 52 |     pub fn take_photo(&self) -> impl Future<Item=ShootResponse, Error=FetchError> {
Nov 01 10:53:35.191 INFO kablam!    |                                 ^^^^^^^^^^^^^^^^^^^^^^^^^^^^^^^^^^^^^^^^^^^^^^^^^ expected struct `hyper::Error`, found enum `FetchError`
Nov 01 10:53:35.191 INFO kablam!    |
Nov 01 10:53:35.191 INFO kablam!    = note: expected type `hyper::Error`
Nov 01 10:53:35.191 INFO kablam!               found type `FetchError`
Nov 01 10:53:35.191 INFO kablam!    = note: the return type of a function must have a statically known size
Nov 01 10:53:35.191 INFO kablam! 
Nov 01 10:53:35.205 INFO kablam! error: aborting due to 8 previous errors
Nov 01 10:53:35.205 INFO kablam! 
Nov 01 10:53:35.205 INFO kablam! Some errors occurred: E0061, E0271, E0277, E0412, E0422, E0599, E0603.
Nov 01 10:53:35.205 INFO kablam! For more information about an error, try `rustc --explain E0061`.
Nov 01 10:53:35.227 INFO kablam! error: Could not compile `ks2-timelapse`.
Nov 01 10:53:35.227 INFO kablam! 
Nov 01 10:53:35.227 INFO kablam! To learn more, run the command again with --verbose.
Nov 01 10:53:35.227 INFO kablam! su: No module specific data is present
Nov 01 10:53:35.773 INFO running `"docker" "rm" "-f" "334259e123d643a9133a7d350dce5da12376a9ec7e2f4c5d545831df3d4c22b9"`
Nov 01 10:53:36.051 INFO blam! 334259e123d643a9133a7d350dce5da12376a9ec7e2f4c5d545831df3d4c22b9
