Nov 01 10:54:21.688 INFO testing duncandean/rust-genetic-algorithm against 1.30.0 for beta-1.31-1
Nov 01 10:54:21.688 INFO running `"docker" "create" "-v" "/mnt/big/crater/work/local/target-dirs/beta-1.31-1/worker-0/1.30.0:/target:rw,Z" "-v" "/mnt/big/crater/work/local/test-source/worker-0/beta-1.31-1/1.30.0:/source:ro,Z" "-v" "/mnt/big/crater/work/local/cargo-home:/cargo-home:ro,Z" "-v" "/mnt/big/crater/work/local/rustup-home:/rustup-home:ro,Z" "-e" "USER_ID=1000" "-e" "SOURCE_DIR=/source" "-e" "USER_ID=1000" "-e" "CMD=cargo +1.30.0 build --frozen" "-e" "CARGO_TARGET_DIR=/target" "-e" "CARGO_INCREMENTAL=0" "-e" "RUST_BACKTRACE=full" "-e" "RUSTFLAGS=--cap-lints=warn" "-e" "CARGO_HOME=/cargo-home" "-e" "RUSTUP_HOME=/rustup-home" "-m" "1536M" "--network" "none" "crater"`
Nov 01 10:54:22.111 INFO blam! d722177dc52d88d58f1367da2e5a83f7abd0393ecb8b4f8c8023af1eb1de67ab
Nov 01 10:54:22.119 INFO running `"docker" "start" "-a" "d722177dc52d88d58f1367da2e5a83f7abd0393ecb8b4f8c8023af1eb1de67ab"`
Nov 01 10:54:23.690 INFO kablam! usermod: no changes
Nov 01 10:54:23.847 INFO kablam!    Compiling libc v0.2.2
Nov 01 10:54:24.604 INFO kablam!    Compiling time v0.1.40
Nov 01 10:54:24.604 INFO kablam!    Compiling rand v0.5.5
Nov 01 10:54:29.669 INFO kablam!    Compiling evolution v0.1.0 (/source)
Nov 01 10:54:29.794 INFO kablam! error: expected `,`, or `}`, found `[`
Nov 01 10:54:29.794 INFO kablam!   --> src/lib.rs:30:19
Nov 01 10:54:29.794 INFO kablam!    |
Nov 01 10:54:29.794 INFO kablam! 30 |     permutables: T[],
Nov 01 10:54:29.796 INFO kablam!    |                   ^
Nov 01 10:54:29.796 INFO kablam! 
Nov 01 10:54:30.191 INFO kablam! error[E0428]: the name `Chromosome` is defined multiple times
Nov 01 10:54:30.191 INFO kablam!   --> src/lib.rs:98:1
Nov 01 10:54:30.191 INFO kablam!    |
Nov 01 10:54:30.191 INFO kablam! 29 | pub struct Chromosome<T> {
Nov 01 10:54:30.191 INFO kablam!    | ------------------------ previous definition of the type `Chromosome` here
Nov 01 10:54:30.191 INFO kablam! ...
Nov 01 10:54:30.191 INFO kablam! 98 | struct Chromosome {
Nov 01 10:54:30.191 INFO kablam!    | ^^^^^^^^^^^^^^^^^ `Chromosome` redefined here
Nov 01 10:54:30.191 INFO kablam!    |
Nov 01 10:54:30.191 INFO kablam!    = note: `Chromosome` must be defined only once in the type namespace of this module
Nov 01 10:54:30.191 INFO kablam! 
Nov 01 10:54:30.191 INFO kablam! error[E0412]: cannot find type `T` in this scope
Nov 01 10:54:30.191 INFO kablam!   --> src/lib.rs:36:17
Nov 01 10:54:30.191 INFO kablam!    |
Nov 01 10:54:30.191 INFO kablam! 36 | impl Chromosome<T> {
Nov 01 10:54:30.191 INFO kablam!    |                 ^ not found in this scope
Nov 01 10:54:30.191 INFO kablam! 
Nov 01 10:54:30.198 INFO kablam! error[E0107]: wrong number of type arguments: expected 1, found 0
Nov 01 10:54:30.198 INFO kablam!   --> src/lib.rs:66:23
Nov 01 10:54:30.198 INFO kablam!    |
Nov 01 10:54:30.198 INFO kablam! 66 | fn crossover(chrome1: Chromosome, chrome2: Chromosome, cross_prob: f32, solution: &str) -> Chromosome {
Nov 01 10:54:30.198 INFO kablam!    |                       ^^^^^^^^^^ expected 1 type argument
Nov 01 10:54:30.198 INFO kablam! 
Nov 01 10:54:30.198 INFO kablam! error[E0107]: wrong number of type arguments: expected 1, found 0
Nov 01 10:54:30.198 INFO kablam!   --> src/lib.rs:66:44
Nov 01 10:54:30.198 INFO kablam!    |
Nov 01 10:54:30.198 INFO kablam! 66 | fn crossover(chrome1: Chromosome, chrome2: Chromosome, cross_prob: f32, solution: &str) -> Chromosome {
Nov 01 10:54:30.198 INFO kablam!    |                                            ^^^^^^^^^^ expected 1 type argument
Nov 01 10:54:30.198 INFO kablam! 
Nov 01 10:54:30.198 INFO kablam! error[E0107]: wrong number of type arguments: expected 1, found 0
Nov 01 10:54:30.198 INFO kablam!   --> src/lib.rs:66:92
Nov 01 10:54:30.198 INFO kablam!    |
Nov 01 10:54:30.198 INFO kablam! 66 | fn crossover(chrome1: Chromosome, chrome2: Chromosome, cross_prob: f32, solution: &str) -> Chromosome {
Nov 01 10:54:30.198 INFO kablam!    |                                                                                            ^^^^^^^^^^ expected 1 type argument
Nov 01 10:54:30.198 INFO kablam! 
Nov 01 10:54:30.198 INFO kablam! error[E0107]: wrong number of type arguments: expected 1, found 0
Nov 01 10:54:30.198 INFO kablam!    --> src/lib.rs:104:6
Nov 01 10:54:30.198 INFO kablam!     |
Nov 01 10:54:30.198 INFO kablam! 104 | impl Chromosome {
Nov 01 10:54:30.199 INFO kablam!     |      ^^^^^^^^^^ expected 1 type argument
Nov 01 10:54:30.199 INFO kablam! 
Nov 01 10:54:30.199 INFO kablam! error[E0107]: wrong number of type arguments: expected 1, found 0
Nov 01 10:54:30.199 INFO kablam!   --> src/lib.rs:97:10
Nov 01 10:54:30.199 INFO kablam!    |
Nov 01 10:54:30.199 INFO kablam! 97 | #[derive(Clone)]
Nov 01 10:54:30.199 INFO kablam!    |          ^^^^^ expected 1 type argument
Nov 01 10:54:30.199 INFO kablam! 
Nov 01 10:54:30.199 INFO kablam! error[E0107]: wrong number of type arguments: expected 1, found 0
Nov 01 10:54:30.199 INFO kablam!    --> src/lib.rs:105:33
Nov 01 10:54:30.199 INFO kablam!     |
Nov 01 10:54:30.199 INFO kablam! 105 |     fn new(solution: String) -> Chromosome {
Nov 01 10:54:30.199 INFO kablam!     |                                 ^^^^^^^^^^ expected 1 type argument
Nov 01 10:54:30.199 INFO kablam! 
Nov 01 10:54:30.199 INFO kablam! error[E0107]: wrong number of type arguments: expected 1, found 0
Nov 01 10:54:30.199 INFO kablam!    --> src/lib.rs:114:43
Nov 01 10:54:30.199 INFO kablam!     |
Nov 01 10:54:30.199 INFO kablam! 114 |     fn mutate(&mut self, mut_prob:f64) -> Chromosome {
Nov 01 10:54:30.199 INFO kablam!     |                                           ^^^^^^^^^^ expected 1 type argument
Nov 01 10:54:30.199 INFO kablam! 
Nov 01 10:54:30.199 INFO kablam! error: aborting due to 10 previous errors
Nov 01 10:54:30.199 INFO kablam! 
Nov 01 10:54:30.199 INFO kablam! Some errors occurred: E0107, E0412, E0428.
Nov 01 10:54:30.199 INFO kablam! For more information about an error, try `rustc --explain E0107`.
Nov 01 10:54:30.203 INFO kablam! error: Could not compile `evolution`.
Nov 01 10:54:30.203 INFO kablam! 
Nov 01 10:54:30.203 INFO kablam! To learn more, run the command again with --verbose.
Nov 01 10:54:30.203 INFO kablam! su: No module specific data is present
Nov 01 10:54:31.056 INFO running `"docker" "rm" "-f" "d722177dc52d88d58f1367da2e5a83f7abd0393ecb8b4f8c8023af1eb1de67ab"`
Nov 01 10:54:31.335 INFO blam! d722177dc52d88d58f1367da2e5a83f7abd0393ecb8b4f8c8023af1eb1de67ab
