Nov 01 11:56:11.612 INFO testing davidshepherd7/advent-of-code-2017 against 1.30.0 for beta-1.31-1
Nov 01 11:56:11.614 INFO running `"docker" "create" "-v" "/mnt/big/crater/work/local/target-dirs/beta-1.31-1/worker-7/1.30.0:/target:rw,Z" "-v" "/mnt/big/crater/work/local/test-source/worker-7/beta-1.31-1/1.30.0:/source:ro,Z" "-v" "/mnt/big/crater/work/local/cargo-home:/cargo-home:ro,Z" "-v" "/mnt/big/crater/work/local/rustup-home:/rustup-home:ro,Z" "-e" "USER_ID=1000" "-e" "SOURCE_DIR=/source" "-e" "USER_ID=1000" "-e" "CMD=cargo +1.30.0 build --frozen" "-e" "CARGO_TARGET_DIR=/target" "-e" "CARGO_INCREMENTAL=0" "-e" "RUST_BACKTRACE=full" "-e" "RUSTFLAGS=--cap-lints=warn" "-e" "CARGO_HOME=/cargo-home" "-e" "RUSTUP_HOME=/rustup-home" "-m" "1536M" "--network" "none" "crater"`
Nov 01 11:56:11.988 INFO blam! d07920f5edd6b6851c84d1f731d8969503d51ef90cd7868d63afc4fe0e1deaa0
Nov 01 11:56:11.993 INFO running `"docker" "start" "-a" "d07920f5edd6b6851c84d1f731d8969503d51ef90cd7868d63afc4fe0e1deaa0"`
Nov 01 11:56:13.207 INFO kablam! usermod: no changes
Nov 01 11:56:13.337 INFO kablam!    Compiling libc v0.2.34
Nov 01 11:56:13.337 INFO kablam!    Compiling petgraph v0.4.11
Nov 01 11:56:16.063 INFO kablam!    Compiling memchr v2.0.1
Nov 01 11:56:16.199 INFO kablam! error[E0034]: multiple applicable items in scope
Nov 01 11:56:16.199 INFO kablam!     --> /cargo-home/registry/src/github.com-1ecc6299db9ec823/petgraph-0.4.11/src/graph_impl/stable_graph/mod.rs:1173:19
Nov 01 11:56:16.199 INFO kablam!      |
Nov 01 11:56:16.199 INFO kablam! 1173 |         self.iter.find_map(|(i, node)| {
Nov 01 11:56:16.199 INFO kablam!      |                   ^^^^^^^^ multiple `find_map` found
Nov 01 11:56:16.199 INFO kablam!      |
Nov 01 11:56:16.199 INFO kablam! note: candidate #1 is defined in an impl of the trait `iter_utils::IterUtilsExt` for the type `_`
Nov 01 11:56:16.199 INFO kablam!     --> /cargo-home/registry/src/github.com-1ecc6299db9ec823/petgraph-0.4.11/src/iter_utils.rs:5:5
Nov 01 11:56:16.199 INFO kablam!      |
Nov 01 11:56:16.199 INFO kablam! 5    | /     fn find_map<F, R>(&mut self, mut f: F) -> Option<R>
Nov 01 11:56:16.200 INFO kablam! 6    | |         where F: FnMut(Self::Item) -> Option<R>
Nov 01 11:56:16.200 INFO kablam! 7    | |     {
Nov 01 11:56:16.200 INFO kablam! 8    | |         while let Some(elt) = self.next() {
Nov 01 11:56:16.200 INFO kablam! ...    |
Nov 01 11:56:16.200 INFO kablam! 13   | |         None
Nov 01 11:56:16.200 INFO kablam! 14   | |     }
Nov 01 11:56:16.200 INFO kablam!      | |_____^
Nov 01 11:56:16.200 INFO kablam!      = note: candidate #2 is defined in an impl of the trait `std::iter::Iterator` for the type `std::iter::Enumerate<_>`
Nov 01 11:56:16.200 INFO kablam! 
Nov 01 11:56:16.235 INFO kablam! error[E0034]: multiple applicable items in scope
Nov 01 11:56:16.235 INFO kablam!     --> /cargo-home/registry/src/github.com-1ecc6299db9ec823/petgraph-0.4.11/src/graph_impl/stable_graph/mod.rs:1365:19
Nov 01 11:56:16.235 INFO kablam!      |
Nov 01 11:56:16.235 INFO kablam! 1365 |         self.iter.find_map(|(i, edge)|
Nov 01 11:56:16.235 INFO kablam!      |                   ^^^^^^^^ multiple `find_map` found
Nov 01 11:56:16.235 INFO kablam!      |
Nov 01 11:56:16.235 INFO kablam! note: candidate #1 is defined in an impl of the trait `iter_utils::IterUtilsExt` for the type `_`
Nov 01 11:56:16.235 INFO kablam!     --> /cargo-home/registry/src/github.com-1ecc6299db9ec823/petgraph-0.4.11/src/iter_utils.rs:5:5
Nov 01 11:56:16.235 INFO kablam!      |
Nov 01 11:56:16.235 INFO kablam! 5    | /     fn find_map<F, R>(&mut self, mut f: F) -> Option<R>
Nov 01 11:56:16.235 INFO kablam! 6    | |         where F: FnMut(Self::Item) -> Option<R>
Nov 01 11:56:16.235 INFO kablam! 7    | |     {
Nov 01 11:56:16.235 INFO kablam! 8    | |         while let Some(elt) = self.next() {
Nov 01 11:56:16.235 INFO kablam! ...    |
Nov 01 11:56:16.235 INFO kablam! 13   | |         None
Nov 01 11:56:16.235 INFO kablam! 14   | |     }
Nov 01 11:56:16.235 INFO kablam!      | |_____^
Nov 01 11:56:16.235 INFO kablam!      = note: candidate #2 is defined in an impl of the trait `std::iter::Iterator` for the type `std::iter::Enumerate<_>`
Nov 01 11:56:16.235 INFO kablam! 
Nov 01 11:56:16.244 INFO kablam! error[E0034]: multiple applicable items in scope
Nov 01 11:56:16.244 INFO kablam!     --> /cargo-home/registry/src/github.com-1ecc6299db9ec823/petgraph-0.4.11/src/graph_impl/stable_graph/mod.rs:1529:19
Nov 01 11:56:16.244 INFO kablam!      |
Nov 01 11:56:16.244 INFO kablam! 1529 |         self.iter.find_map(|(i, node)| {
Nov 01 11:56:16.244 INFO kablam!      |                   ^^^^^^^^ multiple `find_map` found
Nov 01 11:56:16.249 INFO kablam!      |
Nov 01 11:56:16.250 INFO kablam! note: candidate #1 is defined in an impl of the trait `iter_utils::IterUtilsExt` for the type `_`
Nov 01 11:56:16.250 INFO kablam!     --> /cargo-home/registry/src/github.com-1ecc6299db9ec823/petgraph-0.4.11/src/iter_utils.rs:5:5
Nov 01 11:56:16.250 INFO kablam!      |
Nov 01 11:56:16.250 INFO kablam! 5    | /     fn find_map<F, R>(&mut self, mut f: F) -> Option<R>
Nov 01 11:56:16.250 INFO kablam! 6    | |         where F: FnMut(Self::Item) -> Option<R>
Nov 01 11:56:16.250 INFO kablam! 7    | |     {
Nov 01 11:56:16.250 INFO kablam! 8    | |         while let Some(elt) = self.next() {
Nov 01 11:56:16.250 INFO kablam! ...    |
Nov 01 11:56:16.251 INFO kablam! 13   | |         None
Nov 01 11:56:16.251 INFO kablam! 14   | |     }
Nov 01 11:56:16.251 INFO kablam!      | |_____^
Nov 01 11:56:16.251 INFO kablam!      = note: candidate #2 is defined in an impl of the trait `std::iter::Iterator` for the type `std::iter::Enumerate<_>`
Nov 01 11:56:16.251 INFO kablam! 
Nov 01 11:56:16.255 INFO kablam! error[E0034]: multiple applicable items in scope
Nov 01 11:56:16.256 INFO kablam!     --> /cargo-home/registry/src/github.com-1ecc6299db9ec823/petgraph-0.4.11/src/graph_impl/stable_graph/mod.rs:1575:19
Nov 01 11:56:16.256 INFO kablam!      |
Nov 01 11:56:16.256 INFO kablam! 1575 |         self.iter.find_map(|(i, node)| {
Nov 01 11:56:16.256 INFO kablam!      |                   ^^^^^^^^ multiple `find_map` found
Nov 01 11:56:16.256 INFO kablam!      |
Nov 01 11:56:16.256 INFO kablam! note: candidate #1 is defined in an impl of the trait `iter_utils::IterUtilsExt` for the type `_`
Nov 01 11:56:16.257 INFO kablam!     --> /cargo-home/registry/src/github.com-1ecc6299db9ec823/petgraph-0.4.11/src/iter_utils.rs:5:5
Nov 01 11:56:16.257 INFO kablam!      |
Nov 01 11:56:16.257 INFO kablam! 5    | /     fn find_map<F, R>(&mut self, mut f: F) -> Option<R>
Nov 01 11:56:16.257 INFO kablam! 6    | |         where F: FnMut(Self::Item) -> Option<R>
Nov 01 11:56:16.257 INFO kablam! 7    | |     {
Nov 01 11:56:16.257 INFO kablam! 8    | |         while let Some(elt) = self.next() {
Nov 01 11:56:16.257 INFO kablam! ...    |
Nov 01 11:56:16.257 INFO kablam! 13   | |         None
Nov 01 11:56:16.257 INFO kablam! 14   | |     }
Nov 01 11:56:16.257 INFO kablam!      | |_____^
Nov 01 11:56:16.258 INFO kablam!      = note: candidate #2 is defined in an impl of the trait `std::iter::Iterator` for the type `std::iter::Enumerate<_>`
Nov 01 11:56:16.258 INFO kablam! 
Nov 01 11:56:16.627 INFO kablam! error: aborting due to 4 previous errors
Nov 01 11:56:16.627 INFO kablam! 
Nov 01 11:56:16.627 INFO kablam! For more information about this error, try `rustc --explain E0034`.
Nov 01 11:56:16.643 INFO kablam! error: Could not compile `petgraph`.
Nov 01 11:56:16.643 INFO kablam! warning: build failed, waiting for other jobs to finish...
Nov 01 11:56:16.912 INFO kablam! error: build failed
Nov 01 11:56:16.917 INFO kablam! su: No module specific data is present
Nov 01 11:56:17.347 INFO running `"docker" "rm" "-f" "d07920f5edd6b6851c84d1f731d8969503d51ef90cd7868d63afc4fe0e1deaa0"`
Nov 01 11:56:17.685 INFO blam! d07920f5edd6b6851c84d1f731d8969503d51ef90cd7868d63afc4fe0e1deaa0
