Nov 01 11:59:06.961 INFO testing davidalber/rust-conduct-conformulator against 1.30.0 for beta-1.31-1
Nov 01 11:59:06.961 INFO running `"docker" "create" "-v" "/mnt/big/crater/work/local/target-dirs/beta-1.31-1/worker-3/1.30.0:/target:rw,Z" "-v" "/mnt/big/crater/work/local/test-source/worker-3/beta-1.31-1/1.30.0:/source:ro,Z" "-v" "/mnt/big/crater/work/local/cargo-home:/cargo-home:ro,Z" "-v" "/mnt/big/crater/work/local/rustup-home:/rustup-home:ro,Z" "-e" "USER_ID=1000" "-e" "SOURCE_DIR=/source" "-e" "USER_ID=1000" "-e" "CMD=cargo +1.30.0 build --frozen" "-e" "CARGO_TARGET_DIR=/target" "-e" "CARGO_INCREMENTAL=0" "-e" "RUST_BACKTRACE=full" "-e" "RUSTFLAGS=--cap-lints=warn" "-e" "CARGO_HOME=/cargo-home" "-e" "RUSTUP_HOME=/rustup-home" "-m" "1536M" "--network" "none" "crater"`
Nov 01 11:59:07.210 INFO blam! 5a82daefac4ee45bb56d2372455b5c1843920e5adfe81033ffdca0bf02d4bdd2
Nov 01 11:59:07.212 INFO running `"docker" "start" "-a" "5a82daefac4ee45bb56d2372455b5c1843920e5adfe81033ffdca0bf02d4bdd2"`
Nov 01 11:59:07.759 INFO kablam! usermod: no changes
Nov 01 11:59:08.264 INFO kablam!    Compiling encoding_rs v0.8.6
Nov 01 11:59:08.264 INFO kablam!    Compiling openssl-sys v0.9.35
Nov 01 11:59:08.264 INFO kablam!    Compiling base64 v0.9.2
Nov 01 11:59:08.265 INFO kablam!    Compiling want v0.0.4
Nov 01 11:59:08.266 INFO kablam!    Compiling lock_api v0.1.3
Nov 01 11:59:08.267 INFO kablam!    Compiling bytes v0.4.10
Nov 01 11:59:08.289 INFO kablam!    Compiling futures-cpupool v0.1.8
Nov 01 11:59:08.289 INFO kablam!    Compiling mio v0.6.16
Nov 01 11:59:11.887 INFO kablam!    Compiling aho-corasick v0.6.8
Nov 01 11:59:11.935 INFO kablam!    Compiling uuid v0.6.5
Nov 01 11:59:15.203 INFO kablam!    Compiling pear_codegen v0.0.20
Nov 01 11:59:15.251 INFO kablam!    Compiling rocket v0.3.16
Nov 01 11:59:15.252 INFO kablam!    Compiling rocket_codegen v0.3.16
Nov 01 11:59:15.963 INFO kablam! error: failed to run custom build command for `rocket_codegen v0.3.16`
Nov 01 11:59:15.963 INFO kablam! process didn't exit successfully: `/target/debug/build/rocket_codegen-79ea5d674a144dcd/build-script-build` (exit code: 101)
Nov 01 11:59:15.963 INFO kablam! --- stderr
Nov 01 11:59:15.963 INFO kablam! [1;31mError:[0m [37mRocket requires a nightly or dev version of Rust.[0m
Nov 01 11:59:15.963 INFO kablam! [37mInstalled version is:[0m [33m1.30.0 (2018-10-24)[0m. [37mMinimum required:[0m [33m1.30.0-nightly (2018-08-23)[0m.
Nov 01 11:59:15.963 INFO kablam! [34mSee the getting started guide ([0m[37mhttps://rocket.rs/guide/getting-started/[0m[34m) for more information.[0m
Nov 01 11:59:15.963 INFO kablam! thread 'main' panicked at 'Aborting compilation due to incompatible compiler.', /cargo-home/registry/src/github.com-1ecc6299db9ec823/rocket_codegen-0.3.16/build.rs:38:17
Nov 01 11:59:15.963 INFO kablam! stack backtrace:
Nov 01 11:59:15.963 INFO kablam!    0:     0x55fff08fe9fe - std::sys::unix::backtrace::tracing::imp::unwind_backtrace::hf5316c67202e23c8
Nov 01 11:59:15.963 INFO kablam!                                at libstd/sys/unix/backtrace/tracing/gcc_s.rs:49
Nov 01 11:59:15.963 INFO kablam!    1:     0x55fff08f0026 - std::sys_common::backtrace::print::h3068ed2a6dc7ac86
Nov 01 11:59:15.963 INFO kablam!                                at libstd/sys_common/backtrace.rs:71
Nov 01 11:59:15.963 INFO kablam!                                at libstd/sys_common/backtrace.rs:59
Nov 01 11:59:15.963 INFO kablam!    2:     0x55fff08ee91d - std::panicking::default_hook::{{closure}}::h1b9d29cc09d41897
Nov 01 11:59:15.963 INFO kablam!                                at libstd/panicking.rs:211
Nov 01 11:59:15.963 INFO kablam!    3:     0x55fff08ee690 - std::panicking::default_hook::h3a27b204a313406b
Nov 01 11:59:15.963 INFO kablam!                                at libstd/panicking.rs:227
Nov 01 11:59:15.963 INFO kablam!    4:     0x55fff08eef1c - std::panicking::rust_panic_with_hook::h0e12cb2fc86d00fa
Nov 01 11:59:15.963 INFO kablam!                                at libstd/panicking.rs:477
Nov 01 11:59:15.963 INFO kablam!    5:     0x55fff08d2c1f - std::panicking::begin_panic::h62ce84930b3637fb
Nov 01 11:59:15.963 INFO kablam!                                at libstd/panicking.rs:411
Nov 01 11:59:15.963 INFO kablam!    6:     0x55fff08d0d72 - build_script_build::main::h1178836a11e6aa63
Nov 01 11:59:15.963 INFO kablam!                                at /cargo-home/registry/src/github.com-1ecc6299db9ec823/rocket_codegen-0.3.16/build.rs:38
Nov 01 11:59:15.963 INFO kablam!    7:     0x55fff08d350f - std::rt::lang_start::{{closure}}::h2acd45176ee0f0c2
Nov 01 11:59:15.963 INFO kablam!                                at libstd/rt.rs:74
Nov 01 11:59:15.963 INFO kablam!    8:     0x55fff08ee9c2 - std::panicking::try::do_call::h572dc6f90deb1a4d
Nov 01 11:59:15.963 INFO kablam!                                at libstd/rt.rs:59
Nov 01 11:59:15.963 INFO kablam!                                at libstd/panicking.rs:310
Nov 01 11:59:15.963 INFO kablam!    9:     0x55fff090f929 - __rust_maybe_catch_panic
Nov 01 11:59:15.963 INFO kablam!                                at libpanic_unwind/lib.rs:103
Nov 01 11:59:15.963 INFO kablam!   10:     0x55fff08f99f5 - std::rt::lang_start_internal::hce01021c3c1cf20d
Nov 01 11:59:15.963 INFO kablam!                                at libstd/panicking.rs:289
Nov 01 11:59:15.963 INFO kablam!                                at libstd/panic.rs:392
Nov 01 11:59:15.963 INFO kablam!                                at libstd/rt.rs:58
Nov 01 11:59:15.963 INFO kablam!   11:     0x55fff08d34e7 - std::rt::lang_start::h87be2113511fc989
Nov 01 11:59:15.963 INFO kablam!                                at libstd/rt.rs:74
Nov 01 11:59:15.963 INFO kablam!   12:     0x55fff08d1c09 - main
Nov 01 11:59:15.963 INFO kablam!   13:     0x7f919d5c482f - __libc_start_main
Nov 01 11:59:15.963 INFO kablam!   14:     0x55fff08d0428 - _start
Nov 01 11:59:15.963 INFO kablam!   15:                0x0 - <unknown>
Nov 01 11:59:15.963 INFO kablam! 
Nov 01 11:59:15.963 INFO kablam! warning: build failed, waiting for other jobs to finish...
Nov 01 11:59:16.015 INFO kablam! error: failed to run custom build command for `pear_codegen v0.0.20`
Nov 01 11:59:16.015 INFO kablam! process didn't exit successfully: `/target/debug/build/pear_codegen-08de146d174bf17e/build-script-build` (exit code: 101)
Nov 01 11:59:16.015 INFO kablam! --- stderr
Nov 01 11:59:16.015 INFO kablam! [1;31mError:[0m [37mPear requires a nightly or dev version of Rust.[0m
Nov 01 11:59:16.015 INFO kablam! [37mInstalled version is:[0m [33m1.30.0 (2018-10-24)[0m. [37mMinimum required:[0m [33m1.30.0-nightly (2018-08-23)[0m.
Nov 01 11:59:16.015 INFO kablam! thread 'main' panicked at 'Aborting compilation due to incompatible compiler.', /cargo-home/registry/src/github.com-1ecc6299db9ec823/pear_codegen-0.0.20/build.rs:31:13
Nov 01 11:59:16.015 INFO kablam! stack backtrace:
Nov 01 11:59:16.015 INFO kablam!    0:     0x555dbede77de - std::sys::unix::backtrace::tracing::imp::unwind_backtrace::hf5316c67202e23c8
Nov 01 11:59:16.015 INFO kablam!                                at libstd/sys/unix/backtrace/tracing/gcc_s.rs:49
Nov 01 11:59:16.015 INFO kablam!    1:     0x555dbedd8e06 - std::sys_common::backtrace::print::h3068ed2a6dc7ac86
Nov 01 11:59:16.015 INFO kablam!                                at libstd/sys_common/backtrace.rs:71
Nov 01 11:59:16.015 INFO kablam!                                at libstd/sys_common/backtrace.rs:59
Nov 01 11:59:16.015 INFO kablam!    2:     0x555dbedd76fd - std::panicking::default_hook::{{closure}}::h1b9d29cc09d41897
Nov 01 11:59:16.015 INFO kablam!                                at libstd/panicking.rs:211
Nov 01 11:59:16.015 INFO kablam!    3:     0x555dbedd7470 - std::panicking::default_hook::h3a27b204a313406b
Nov 01 11:59:16.015 INFO kablam!                                at libstd/panicking.rs:227
Nov 01 11:59:16.015 INFO kablam!    4:     0x555dbedd7cfc - std::panicking::rust_panic_with_hook::h0e12cb2fc86d00fa
Nov 01 11:59:16.015 INFO kablam!                                at libstd/panicking.rs:477
Nov 01 11:59:16.015 INFO kablam!    5:     0x555dbedbb9ff - std::panicking::begin_panic::hbd2af5d55136bf88
Nov 01 11:59:16.015 INFO kablam!                                at libstd/panicking.rs:411
Nov 01 11:59:16.015 INFO kablam!    6:     0x555dbedb9b3a - build_script_build::main::h946765383e2552ff
Nov 01 11:59:16.015 INFO kablam!                                at /cargo-home/registry/src/github.com-1ecc6299db9ec823/pear_codegen-0.0.20/build.rs:31
Nov 01 11:59:16.015 INFO kablam!    7:     0x555dbedbc2ef - std::rt::lang_start::{{closure}}::ha8726a4505c071b9
Nov 01 11:59:16.015 INFO kablam!                                at libstd/rt.rs:74
Nov 01 11:59:16.015 INFO kablam!    8:     0x555dbedd77a2 - std::panicking::try::do_call::h572dc6f90deb1a4d
Nov 01 11:59:16.015 INFO kablam!                                at libstd/rt.rs:59
Nov 01 11:59:16.015 INFO kablam!                                at libstd/panicking.rs:310
Nov 01 11:59:16.015 INFO kablam!    9:     0x555dbedf8709 - __rust_maybe_catch_panic
Nov 01 11:59:16.015 INFO kablam!                                at libpanic_unwind/lib.rs:103
Nov 01 11:59:16.015 INFO kablam!   10:     0x555dbede27d5 - std::rt::lang_start_internal::hce01021c3c1cf20d
Nov 01 11:59:16.015 INFO kablam!                                at libstd/panicking.rs:289
Nov 01 11:59:16.015 INFO kablam!                                at libstd/panic.rs:392
Nov 01 11:59:16.015 INFO kablam!                                at libstd/rt.rs:58
Nov 01 11:59:16.015 INFO kablam!   11:     0x555dbedbc2c7 - std::rt::lang_start::h187ee695f5b7fbeb
Nov 01 11:59:16.015 INFO kablam!                                at libstd/rt.rs:74
Nov 01 11:59:16.015 INFO kablam!   12:     0x555dbedba9e9 - main
Nov 01 11:59:16.015 INFO kablam!   13:     0x7feb4883682f - __libc_start_main
Nov 01 11:59:16.015 INFO kablam!   14:     0x555dbedb9428 - _start
Nov 01 11:59:16.015 INFO kablam!   15:                0x0 - <unknown>
Nov 01 11:59:16.015 INFO kablam! 
Nov 01 11:59:16.015 INFO kablam! warning: build failed, waiting for other jobs to finish...
Nov 01 11:59:16.035 INFO kablam! error: failed to run custom build command for `rocket v0.3.16`
Nov 01 11:59:16.035 INFO kablam! process didn't exit successfully: `/target/debug/build/rocket-5852bba5dfc76589/build-script-build` (exit code: 101)
Nov 01 11:59:16.035 INFO kablam! --- stderr
Nov 01 11:59:16.035 INFO kablam! [1;31mError:[0m [37mRocket requires a nightly or dev version of Rust.[0m
Nov 01 11:59:16.035 INFO kablam! [37mInstalled version is:[0m [33m1.30.0 (2018-10-24)[0m. [37mMinimum required:[0m [33m1.27.0-nightly (2018-04-26)[0m.
Nov 01 11:59:16.035 INFO kablam! [34mSee the getting started guide ([0m[37mhttps://rocket.rs/guide/getting-started/[0m[34m) for more information.[0m
Nov 01 11:59:16.035 INFO kablam! thread 'main' panicked at 'Aborting compilation due to incompatible compiler.', /cargo-home/registry/src/github.com-1ecc6299db9ec823/rocket-0.3.16/build.rs:38:13
Nov 01 11:59:16.035 INFO kablam! stack backtrace:
Nov 01 11:59:16.035 INFO kablam!    0:     0x55cdc0049a0e - std::sys::unix::backtrace::tracing::imp::unwind_backtrace::hf5316c67202e23c8
Nov 01 11:59:16.035 INFO kablam!                                at libstd/sys/unix/backtrace/tracing/gcc_s.rs:49
Nov 01 11:59:16.035 INFO kablam!    1:     0x55cdc003b036 - std::sys_common::backtrace::print::h3068ed2a6dc7ac86
Nov 01 11:59:16.035 INFO kablam!                                at libstd/sys_common/backtrace.rs:71
Nov 01 11:59:16.035 INFO kablam!                                at libstd/sys_common/backtrace.rs:59
Nov 01 11:59:16.035 INFO kablam!    2:     0x55cdc003992d - std::panicking::default_hook::{{closure}}::h1b9d29cc09d41897
Nov 01 11:59:16.035 INFO kablam!                                at libstd/panicking.rs:211
Nov 01 11:59:16.035 INFO kablam!    3:     0x55cdc00396a0 - std::panicking::default_hook::h3a27b204a313406b
Nov 01 11:59:16.035 INFO kablam!                                at libstd/panicking.rs:227
Nov 01 11:59:16.035 INFO kablam!    4:     0x55cdc0039f2c - std::panicking::rust_panic_with_hook::h0e12cb2fc86d00fa
Nov 01 11:59:16.035 INFO kablam!                                at libstd/panicking.rs:477
Nov 01 11:59:16.035 INFO kablam!    5:     0x55cdc001dc2f - std::panicking::begin_panic::hde0e552bcc1ca0ba
Nov 01 11:59:16.035 INFO kablam!                                at libstd/panicking.rs:411
Nov 01 11:59:16.035 INFO kablam!    6:     0x55cdc001bd73 - build_script_build::main::h5e5583f3a72380bc
Nov 01 11:59:16.035 INFO kablam!                                at /cargo-home/registry/src/github.com-1ecc6299db9ec823/rocket-0.3.16/build.rs:38
Nov 01 11:59:16.035 INFO kablam!    7:     0x55cdc001e51f - std::rt::lang_start::{{closure}}::h840839da89cffce0
Nov 01 11:59:16.035 INFO kablam!                                at libstd/rt.rs:74
Nov 01 11:59:16.035 INFO kablam!    8:     0x55cdc00399d2 - std::panicking::try::do_call::h572dc6f90deb1a4d
Nov 01 11:59:16.035 INFO kablam!                                at libstd/rt.rs:59
Nov 01 11:59:16.035 INFO kablam!                                at libstd/panicking.rs:310
Nov 01 11:59:16.035 INFO kablam!    9:     0x55cdc005a939 - __rust_maybe_catch_panic
Nov 01 11:59:16.035 INFO kablam!                                at libpanic_unwind/lib.rs:103
Nov 01 11:59:16.035 INFO kablam!   10:     0x55cdc0044a05 - std::rt::lang_start_internal::hce01021c3c1cf20d
Nov 01 11:59:16.035 INFO kablam!                                at libstd/panicking.rs:289
Nov 01 11:59:16.035 INFO kablam!                                at libstd/panic.rs:392
Nov 01 11:59:16.035 INFO kablam!                                at libstd/rt.rs:58
Nov 01 11:59:16.035 INFO kablam!   11:     0x55cdc001e4f7 - std::rt::lang_start::h156f7b7a5033c1a0
Nov 01 11:59:16.035 INFO kablam!                                at libstd/rt.rs:74
Nov 01 11:59:16.035 INFO kablam!   12:     0x55cdc001cc19 - main
Nov 01 11:59:16.035 INFO kablam!   13:     0x7f09967c682f - __libc_start_main
Nov 01 11:59:16.035 INFO kablam!   14:     0x55cdc001b428 - _start
Nov 01 11:59:16.035 INFO kablam!   15:                0x0 - <unknown>
Nov 01 11:59:16.035 INFO kablam! 
Nov 01 11:59:16.035 INFO kablam! warning: build failed, waiting for other jobs to finish...
Nov 01 11:59:23.543 INFO kablam! error: build failed
Nov 01 11:59:23.548 INFO kablam! su: No module specific data is present
Nov 01 11:59:24.683 INFO running `"docker" "rm" "-f" "5a82daefac4ee45bb56d2372455b5c1843920e5adfe81033ffdca0bf02d4bdd2"`
Nov 01 11:59:25.051 INFO blam! 5a82daefac4ee45bb56d2372455b5c1843920e5adfe81033ffdca0bf02d4bdd2
