Nov 01 12:03:44.874 INFO testing dat2/rpack against beta-2018-10-30 for beta-1.31-1
Nov 01 12:03:44.875 INFO running `"docker" "create" "-v" "/mnt/big/crater/work/local/target-dirs/beta-1.31-1/worker-7/beta-2018-10-30:/target:rw,Z" "-v" "/mnt/big/crater/work/local/test-source/worker-7/beta-1.31-1/beta-2018-10-30:/source:ro,Z" "-v" "/mnt/big/crater/work/local/cargo-home:/cargo-home:ro,Z" "-v" "/mnt/big/crater/work/local/rustup-home:/rustup-home:ro,Z" "-e" "USER_ID=1000" "-e" "SOURCE_DIR=/source" "-e" "USER_ID=1000" "-e" "CMD=cargo +beta-2018-10-30 build --frozen" "-e" "CARGO_TARGET_DIR=/target" "-e" "CARGO_INCREMENTAL=0" "-e" "RUST_BACKTRACE=full" "-e" "RUSTFLAGS=--cap-lints=warn" "-e" "CARGO_HOME=/cargo-home" "-e" "RUSTUP_HOME=/rustup-home" "-m" "1536M" "--network" "none" "crater"`
Nov 01 12:03:45.381 INFO blam! fe9b5c939828acbb9850f5d3af0ab74105c711ddc896d3e3ae2cd05d77a0522d
Nov 01 12:03:45.384 INFO running `"docker" "start" "-a" "fe9b5c939828acbb9850f5d3af0ab74105c711ddc896d3e3ae2cd05d77a0522d"`
Nov 01 12:03:46.481 INFO kablam! usermod: no changes
Nov 01 12:03:46.640 INFO kablam!    Compiling petgraph v0.4.12
Nov 01 12:03:46.645 INFO kablam!    Compiling combine v3.3.2
Nov 01 12:03:48.615 INFO kablam! error[E0034]: multiple applicable items in scope
Nov 01 12:03:48.615 INFO kablam!     --> /cargo-home/registry/src/github.com-1ecc6299db9ec823/petgraph-0.4.12/src/graph_impl/stable_graph/mod.rs:1171:19
Nov 01 12:03:48.615 INFO kablam!      |
Nov 01 12:03:48.615 INFO kablam! 1171 |         self.iter.find_map(|(i, node)| {
Nov 01 12:03:48.615 INFO kablam!      |                   ^^^^^^^^ multiple `find_map` found
Nov 01 12:03:48.615 INFO kablam!      |
Nov 01 12:03:48.615 INFO kablam! note: candidate #1 is defined in an impl of the trait `iter_utils::IterUtilsExt` for the type `_`
Nov 01 12:03:48.615 INFO kablam!     --> /cargo-home/registry/src/github.com-1ecc6299db9ec823/petgraph-0.4.12/src/iter_utils.rs:5:5
Nov 01 12:03:48.615 INFO kablam!      |
Nov 01 12:03:48.615 INFO kablam! 5    | /     fn find_map<F, R>(&mut self, mut f: F) -> Option<R>
Nov 01 12:03:48.615 INFO kablam! 6    | |         where F: FnMut(Self::Item) -> Option<R>
Nov 01 12:03:48.615 INFO kablam! 7    | |     {
Nov 01 12:03:48.615 INFO kablam! 8    | |         while let Some(elt) = self.next() {
Nov 01 12:03:48.615 INFO kablam! ...    |
Nov 01 12:03:48.615 INFO kablam! 13   | |         None
Nov 01 12:03:48.615 INFO kablam! 14   | |     }
Nov 01 12:03:48.615 INFO kablam!      | |_____^
Nov 01 12:03:48.615 INFO kablam!      = note: candidate #2 is defined in an impl of the trait `std::iter::Iterator` for the type `std::iter::Enumerate<_>`
Nov 01 12:03:48.615 INFO kablam! 
Nov 01 12:03:48.635 INFO kablam! error[E0034]: multiple applicable items in scope
Nov 01 12:03:48.635 INFO kablam!     --> /cargo-home/registry/src/github.com-1ecc6299db9ec823/petgraph-0.4.12/src/graph_impl/stable_graph/mod.rs:1363:19
Nov 01 12:03:48.635 INFO kablam!      |
Nov 01 12:03:48.635 INFO kablam! 1363 |         self.iter.find_map(|(i, edge)|
Nov 01 12:03:48.635 INFO kablam!      |                   ^^^^^^^^ multiple `find_map` found
Nov 01 12:03:48.635 INFO kablam!      |
Nov 01 12:03:48.635 INFO kablam! note: candidate #1 is defined in an impl of the trait `iter_utils::IterUtilsExt` for the type `_`
Nov 01 12:03:48.635 INFO kablam!     --> /cargo-home/registry/src/github.com-1ecc6299db9ec823/petgraph-0.4.12/src/iter_utils.rs:5:5
Nov 01 12:03:48.635 INFO kablam!      |
Nov 01 12:03:48.635 INFO kablam! 5    | /     fn find_map<F, R>(&mut self, mut f: F) -> Option<R>
Nov 01 12:03:48.635 INFO kablam! 6    | |         where F: FnMut(Self::Item) -> Option<R>
Nov 01 12:03:48.635 INFO kablam! 7    | |     {
Nov 01 12:03:48.635 INFO kablam! 8    | |         while let Some(elt) = self.next() {
Nov 01 12:03:48.635 INFO kablam! ...    |
Nov 01 12:03:48.635 INFO kablam! 13   | |         None
Nov 01 12:03:48.635 INFO kablam! 14   | |     }
Nov 01 12:03:48.635 INFO kablam!      | |_____^
Nov 01 12:03:48.635 INFO kablam!      = note: candidate #2 is defined in an impl of the trait `std::iter::Iterator` for the type `std::iter::Enumerate<_>`
Nov 01 12:03:48.635 INFO kablam! 
Nov 01 12:03:48.645 INFO kablam! error[E0034]: multiple applicable items in scope
Nov 01 12:03:48.645 INFO kablam!     --> /cargo-home/registry/src/github.com-1ecc6299db9ec823/petgraph-0.4.12/src/graph_impl/stable_graph/mod.rs:1527:19
Nov 01 12:03:48.645 INFO kablam!      |
Nov 01 12:03:48.645 INFO kablam! 1527 |         self.iter.find_map(|(i, node)| {
Nov 01 12:03:48.645 INFO kablam!      |                   ^^^^^^^^ multiple `find_map` found
Nov 01 12:03:48.645 INFO kablam!      |
Nov 01 12:03:48.645 INFO kablam! note: candidate #1 is defined in an impl of the trait `iter_utils::IterUtilsExt` for the type `_`
Nov 01 12:03:48.645 INFO kablam!     --> /cargo-home/registry/src/github.com-1ecc6299db9ec823/petgraph-0.4.12/src/iter_utils.rs:5:5
Nov 01 12:03:48.645 INFO kablam!      |
Nov 01 12:03:48.645 INFO kablam! 5    | /     fn find_map<F, R>(&mut self, mut f: F) -> Option<R>
Nov 01 12:03:48.645 INFO kablam! 6    | |         where F: FnMut(Self::Item) -> Option<R>
Nov 01 12:03:48.645 INFO kablam! 7    | |     {
Nov 01 12:03:48.645 INFO kablam! 8    | |         while let Some(elt) = self.next() {
Nov 01 12:03:48.645 INFO kablam! ...    |
Nov 01 12:03:48.645 INFO kablam! 13   | |         None
Nov 01 12:03:48.645 INFO kablam! 14   | |     }
Nov 01 12:03:48.645 INFO kablam!      | |_____^
Nov 01 12:03:48.645 INFO kablam!      = note: candidate #2 is defined in an impl of the trait `std::iter::Iterator` for the type `std::iter::Enumerate<_>`
Nov 01 12:03:48.645 INFO kablam! 
Nov 01 12:03:48.651 INFO kablam! error[E0034]: multiple applicable items in scope
Nov 01 12:03:48.651 INFO kablam!     --> /cargo-home/registry/src/github.com-1ecc6299db9ec823/petgraph-0.4.12/src/graph_impl/stable_graph/mod.rs:1573:19
Nov 01 12:03:48.651 INFO kablam!      |
Nov 01 12:03:48.651 INFO kablam! 1573 |         self.iter.find_map(|(i, node)| {
Nov 01 12:03:48.651 INFO kablam!      |                   ^^^^^^^^ multiple `find_map` found
Nov 01 12:03:48.651 INFO kablam!      |
Nov 01 12:03:48.652 INFO kablam! note: candidate #1 is defined in an impl of the trait `iter_utils::IterUtilsExt` for the type `_`
Nov 01 12:03:48.652 INFO kablam!     --> /cargo-home/registry/src/github.com-1ecc6299db9ec823/petgraph-0.4.12/src/iter_utils.rs:5:5
Nov 01 12:03:48.652 INFO kablam!      |
Nov 01 12:03:48.652 INFO kablam! 5    | /     fn find_map<F, R>(&mut self, mut f: F) -> Option<R>
Nov 01 12:03:48.652 INFO kablam! 6    | |         where F: FnMut(Self::Item) -> Option<R>
Nov 01 12:03:48.652 INFO kablam! 7    | |     {
Nov 01 12:03:48.652 INFO kablam! 8    | |         while let Some(elt) = self.next() {
Nov 01 12:03:48.652 INFO kablam! ...    |
Nov 01 12:03:48.652 INFO kablam! 13   | |         None
Nov 01 12:03:48.652 INFO kablam! 14   | |     }
Nov 01 12:03:48.652 INFO kablam!      | |_____^
Nov 01 12:03:48.652 INFO kablam!      = note: candidate #2 is defined in an impl of the trait `std::iter::Iterator` for the type `std::iter::Enumerate<_>`
Nov 01 12:03:48.652 INFO kablam! 
Nov 01 12:03:48.967 INFO kablam! error: aborting due to 4 previous errors
Nov 01 12:03:48.967 INFO kablam! 
Nov 01 12:03:48.967 INFO kablam! For more information about this error, try `rustc --explain E0034`.
Nov 01 12:03:48.979 INFO kablam! error: Could not compile `petgraph`.
Nov 01 12:03:48.980 INFO kablam! warning: build failed, waiting for other jobs to finish...
Nov 01 12:04:05.750 INFO kablam! error: build failed
Nov 01 12:04:05.751 INFO kablam! su: No module specific data is present
Nov 01 12:04:06.683 INFO running `"docker" "rm" "-f" "fe9b5c939828acbb9850f5d3af0ab74105c711ddc896d3e3ae2cd05d77a0522d"`
Nov 01 12:04:06.963 INFO blam! fe9b5c939828acbb9850f5d3af0ab74105c711ddc896d3e3ae2cd05d77a0522d
