Nov 01 12:39:06.279 INFO testing covercash2/germ against 1.30.0 for beta-1.31-1
Nov 01 12:39:06.279 INFO running `"docker" "create" "-v" "/mnt/big/crater/work/local/target-dirs/beta-1.31-1/worker-6/1.30.0:/target:rw,Z" "-v" "/mnt/big/crater/work/local/test-source/worker-6/beta-1.31-1/1.30.0:/source:ro,Z" "-v" "/mnt/big/crater/work/local/cargo-home:/cargo-home:ro,Z" "-v" "/mnt/big/crater/work/local/rustup-home:/rustup-home:ro,Z" "-e" "USER_ID=1000" "-e" "SOURCE_DIR=/source" "-e" "USER_ID=1000" "-e" "CMD=cargo +1.30.0 build --frozen" "-e" "CARGO_TARGET_DIR=/target" "-e" "CARGO_INCREMENTAL=0" "-e" "RUST_BACKTRACE=full" "-e" "RUSTFLAGS=--cap-lints=warn" "-e" "CARGO_HOME=/cargo-home" "-e" "RUSTUP_HOME=/rustup-home" "-m" "1536M" "--network" "none" "crater"`
Nov 01 12:39:06.420 INFO blam! 32a6324bdf4f4eb47e10826296c9e032548dab43ded776ddce57a3fcc9c97efc
Nov 01 12:39:06.420 INFO running `"docker" "start" "-a" "32a6324bdf4f4eb47e10826296c9e032548dab43ded776ddce57a3fcc9c97efc"`
Nov 01 12:39:06.989 INFO kablam! usermod: no changes
Nov 01 12:39:07.275 INFO kablam!    Compiling volatile v0.2.4
Nov 01 12:39:07.280 INFO kablam!    Compiling x11-dl v2.18.1
Nov 01 12:39:07.280 INFO kablam!    Compiling servo-fontconfig-sys v4.0.4
Nov 01 12:39:07.281 INFO kablam!    Compiling expat-sys v2.1.5
Nov 01 12:39:07.281 INFO kablam!    Compiling servo-freetype-sys v4.0.3
Nov 01 12:39:07.291 INFO kablam!    Compiling wayland-scanner v0.20.10
Nov 01 12:39:07.293 INFO kablam!    Compiling approx v0.2.0
Nov 01 12:39:07.293 INFO kablam!    Compiling glium v0.21.0
Nov 01 12:39:07.795 INFO kablam!    Compiling glutin v0.16.0
Nov 01 12:39:09.627 INFO kablam!    Compiling ordered-float v0.5.0
Nov 01 12:39:11.247 INFO kablam!    Compiling parking_lot v0.5.5
Nov 01 12:39:13.955 INFO kablam!    Compiling wayland-sys v0.20.10
Nov 01 12:39:14.031 INFO kablam!    Compiling rusttype v0.5.2
Nov 01 12:39:14.095 INFO kablam!    Compiling rusttype v0.6.1
Nov 01 12:39:14.343 INFO kablam!    Compiling wayland-client v0.20.10
Nov 01 12:39:16.094 INFO kablam!    Compiling wayland-protocols v0.20.10
Nov 01 12:39:49.207 INFO kablam!    Compiling wayland-commons v0.20.10
Nov 01 12:39:50.043 INFO kablam!    Compiling winit v0.12.0
Nov 01 12:39:54.559 INFO kablam!    Compiling servo-fontconfig v0.4.0
Nov 01 12:39:55.483 INFO kablam!    Compiling font-loader v0.7.0
Nov 01 12:40:00.377 INFO kablam!    Compiling glutin v0.14.0
Nov 01 12:40:06.455 INFO kablam!    Compiling smithay-client-toolkit v0.2.2
Nov 01 12:40:15.795 INFO kablam!    Compiling winit v0.15.0
Nov 01 12:40:50.823 INFO kablam!    Compiling conrod v0.60.0
Nov 01 12:41:11.291 INFO kablam!    Compiling germ v0.1.0 (/source)
Nov 01 12:41:15.167 INFO kablam! error[E0554]: #![feature] may not be used on the stable release channel
Nov 01 12:41:15.167 INFO kablam!  --> src/main.rs:1:1
Nov 01 12:41:15.167 INFO kablam!   |
Nov 01 12:41:15.167 INFO kablam! 1 | #![feature(const_str_as_bytes)]
Nov 01 12:41:15.167 INFO kablam!   | ^^^^^^^^^^^^^^^^^^^^^^^^^^^^^^^
Nov 01 12:41:15.167 INFO kablam! 
Nov 01 12:41:15.167 INFO kablam! error[E0554]: #![feature] may not be used on the stable release channel
Nov 01 12:41:15.167 INFO kablam!  --> src/main.rs:2:1
Nov 01 12:41:15.167 INFO kablam!   |
Nov 01 12:41:15.167 INFO kablam! 2 | #![feature(test)]
Nov 01 12:41:15.167 INFO kablam!   | ^^^^^^^^^^^^^^^^^
Nov 01 12:41:15.167 INFO kablam! 
Nov 01 12:41:15.167 INFO kablam! error[E0554]: #![feature] may not be used on the stable release channel
Nov 01 12:41:15.167 INFO kablam!  --> src/main.rs:3:1
Nov 01 12:41:15.167 INFO kablam!   |
Nov 01 12:41:15.167 INFO kablam! 3 | #![feature(try_trait)]
Nov 01 12:41:15.167 INFO kablam!   | ^^^^^^^^^^^^^^^^^^^^^^
Nov 01 12:41:15.167 INFO kablam! 
Nov 01 12:41:15.175 INFO kablam! error: aborting due to 3 previous errors
Nov 01 12:41:15.175 INFO kablam! 
Nov 01 12:41:15.175 INFO kablam! For more information about this error, try `rustc --explain E0554`.
Nov 01 12:41:15.235 INFO kablam! error: Could not compile `germ`.
Nov 01 12:41:15.235 INFO kablam! 
Nov 01 12:41:15.235 INFO kablam! To learn more, run the command again with --verbose.
Nov 01 12:41:15.263 INFO kablam! su: No module specific data is present
Nov 01 12:41:16.439 INFO running `"docker" "rm" "-f" "32a6324bdf4f4eb47e10826296c9e032548dab43ded776ddce57a3fcc9c97efc"`
Nov 01 12:41:16.695 INFO blam! 32a6324bdf4f4eb47e10826296c9e032548dab43ded776ddce57a3fcc9c97efc
