Nov 01 15:07:49.051 INFO testing awalcutt/WeddingWebsite against 1.30.0 for beta-1.31-1
Nov 01 15:07:49.051 INFO running `"docker" "create" "-v" "/mnt/big/crater/work/local/target-dirs/beta-1.31-1/worker-6/1.30.0:/target:rw,Z" "-v" "/mnt/big/crater/work/local/test-source/worker-6/beta-1.31-1/1.30.0:/source:ro,Z" "-v" "/mnt/big/crater/work/local/cargo-home:/cargo-home:ro,Z" "-v" "/mnt/big/crater/work/local/rustup-home:/rustup-home:ro,Z" "-e" "USER_ID=1000" "-e" "SOURCE_DIR=/source" "-e" "USER_ID=1000" "-e" "CMD=cargo +1.30.0 build --frozen" "-e" "CARGO_TARGET_DIR=/target" "-e" "CARGO_INCREMENTAL=0" "-e" "RUST_BACKTRACE=full" "-e" "RUSTFLAGS=--cap-lints=warn" "-e" "CARGO_HOME=/cargo-home" "-e" "RUSTUP_HOME=/rustup-home" "-m" "1536M" "--network" "none" "crater"`
Nov 01 15:07:49.408 INFO blam! be539df385a32e3e216d3e03c5e72aa50e3d2614e00d73f406d758aa92e337b5
Nov 01 15:07:49.412 INFO running `"docker" "start" "-a" "be539df385a32e3e216d3e03c5e72aa50e3d2614e00d73f406d758aa92e337b5"`
Nov 01 15:07:50.026 INFO kablam! usermod: no changes
Nov 01 15:07:50.176 INFO kablam!    Compiling maud_htmlescape v0.17.0
Nov 01 15:07:50.176 INFO kablam!    Compiling literalext v0.1.1
Nov 01 15:07:50.179 INFO kablam!    Compiling pear_codegen v0.0.20
Nov 01 15:07:50.179 INFO kablam!    Compiling rocket v0.3.16
Nov 01 15:07:50.179 INFO kablam!    Compiling rocket_codegen v0.3.16
Nov 01 15:07:50.181 INFO kablam!    Compiling hyper v0.10.13
Nov 01 15:07:50.182 INFO kablam!    Compiling rayon v0.7.1
Nov 01 15:07:50.308 INFO kablam! error: failed to run custom build command for `rocket_codegen v0.3.16`
Nov 01 15:07:50.308 INFO kablam! process didn't exit successfully: `/target/debug/build/rocket_codegen-79ea5d674a144dcd/build-script-build` (exit code: 101)
Nov 01 15:07:50.308 INFO kablam! --- stderr
Nov 01 15:07:50.308 INFO kablam! [1;31mError:[0m [37mRocket requires a nightly or dev version of Rust.[0m
Nov 01 15:07:50.308 INFO kablam! [37mInstalled version is:[0m [33m1.30.0 (2018-10-24)[0m. [37mMinimum required:[0m [33m1.30.0-nightly (2018-08-23)[0m.
Nov 01 15:07:50.308 INFO kablam! [34mSee the getting started guide ([0m[37mhttps://rocket.rs/guide/getting-started/[0m[34m) for more information.[0m
Nov 01 15:07:50.308 INFO kablam! thread 'main' panicked at 'Aborting compilation due to incompatible compiler.', /cargo-home/registry/src/github.com-1ecc6299db9ec823/rocket_codegen-0.3.16/build.rs:38:17
Nov 01 15:07:50.308 INFO kablam! stack backtrace:
Nov 01 15:07:50.308 INFO kablam!    0:     0x5651f506f9fe - std::sys::unix::backtrace::tracing::imp::unwind_backtrace::hf5316c67202e23c8
Nov 01 15:07:50.308 INFO kablam!                                at libstd/sys/unix/backtrace/tracing/gcc_s.rs:49
Nov 01 15:07:50.308 INFO kablam!    1:     0x5651f5061026 - std::sys_common::backtrace::print::h3068ed2a6dc7ac86
Nov 01 15:07:50.308 INFO kablam!                                at libstd/sys_common/backtrace.rs:71
Nov 01 15:07:50.308 INFO kablam!                                at libstd/sys_common/backtrace.rs:59
Nov 01 15:07:50.308 INFO kablam!    2:     0x5651f505f91d - std::panicking::default_hook::{{closure}}::h1b9d29cc09d41897
Nov 01 15:07:50.308 INFO kablam!                                at libstd/panicking.rs:211
Nov 01 15:07:50.308 INFO kablam!    3:     0x5651f505f690 - std::panicking::default_hook::h3a27b204a313406b
Nov 01 15:07:50.308 INFO kablam!                                at libstd/panicking.rs:227
Nov 01 15:07:50.308 INFO kablam!    4:     0x5651f505ff1c - std::panicking::rust_panic_with_hook::h0e12cb2fc86d00fa
Nov 01 15:07:50.308 INFO kablam!                                at libstd/panicking.rs:477
Nov 01 15:07:50.308 INFO kablam!    5:     0x5651f5043c1f - std::panicking::begin_panic::h62ce84930b3637fb
Nov 01 15:07:50.308 INFO kablam!                                at libstd/panicking.rs:411
Nov 01 15:07:50.308 INFO kablam!    6:     0x5651f5041d72 - build_script_build::main::h1178836a11e6aa63
Nov 01 15:07:50.308 INFO kablam!                                at /cargo-home/registry/src/github.com-1ecc6299db9ec823/rocket_codegen-0.3.16/build.rs:38
Nov 01 15:07:50.308 INFO kablam!    7:     0x5651f504450f - std::rt::lang_start::{{closure}}::h2acd45176ee0f0c2
Nov 01 15:07:50.308 INFO kablam!                                at libstd/rt.rs:74
Nov 01 15:07:50.308 INFO kablam!    8:     0x5651f505f9c2 - std::panicking::try::do_call::h572dc6f90deb1a4d
Nov 01 15:07:50.308 INFO kablam!                                at libstd/rt.rs:59
Nov 01 15:07:50.308 INFO kablam!                                at libstd/panicking.rs:310
Nov 01 15:07:50.308 INFO kablam!    9:     0x5651f5080929 - __rust_maybe_catch_panic
Nov 01 15:07:50.308 INFO kablam!                                at libpanic_unwind/lib.rs:103
Nov 01 15:07:50.308 INFO kablam!   10:     0x5651f506a9f5 - std::rt::lang_start_internal::hce01021c3c1cf20d
Nov 01 15:07:50.308 INFO kablam!                                at libstd/panicking.rs:289
Nov 01 15:07:50.308 INFO kablam!                                at libstd/panic.rs:392
Nov 01 15:07:50.308 INFO kablam!                                at libstd/rt.rs:58
Nov 01 15:07:50.308 INFO kablam!   11:     0x5651f50444e7 - std::rt::lang_start::h87be2113511fc989
Nov 01 15:07:50.308 INFO kablam!                                at libstd/rt.rs:74
Nov 01 15:07:50.308 INFO kablam!   12:     0x5651f5042c09 - main
Nov 01 15:07:50.308 INFO kablam!   13:     0x7f914dac182f - __libc_start_main
Nov 01 15:07:50.308 INFO kablam!   14:     0x5651f5041428 - _start
Nov 01 15:07:50.308 INFO kablam!   15:                0x0 - <unknown>
Nov 01 15:07:50.308 INFO kablam! 
Nov 01 15:07:50.308 INFO kablam! warning: build failed, waiting for other jobs to finish...
Nov 01 15:07:50.312 INFO kablam! error: failed to run custom build command for `pear_codegen v0.0.20`
Nov 01 15:07:50.312 INFO kablam! process didn't exit successfully: `/target/debug/build/pear_codegen-08de146d174bf17e/build-script-build` (exit code: 101)
Nov 01 15:07:50.312 INFO kablam! --- stderr
Nov 01 15:07:50.312 INFO kablam! [1;31mError:[0m [37mPear requires a nightly or dev version of Rust.[0m
Nov 01 15:07:50.312 INFO kablam! [37mInstalled version is:[0m [33m1.30.0 (2018-10-24)[0m. [37mMinimum required:[0m [33m1.30.0-nightly (2018-08-23)[0m.
Nov 01 15:07:50.312 INFO kablam! thread 'main' panicked at 'Aborting compilation due to incompatible compiler.', /cargo-home/registry/src/github.com-1ecc6299db9ec823/pear_codegen-0.0.20/build.rs:31:13
Nov 01 15:07:50.312 INFO kablam! stack backtrace:
Nov 01 15:07:50.312 INFO kablam!    0:     0x561e7517a7de - std::sys::unix::backtrace::tracing::imp::unwind_backtrace::hf5316c67202e23c8
Nov 01 15:07:50.312 INFO kablam!                                at libstd/sys/unix/backtrace/tracing/gcc_s.rs:49
Nov 01 15:07:50.312 INFO kablam!    1:     0x561e7516be06 - std::sys_common::backtrace::print::h3068ed2a6dc7ac86
Nov 01 15:07:50.312 INFO kablam!                                at libstd/sys_common/backtrace.rs:71
Nov 01 15:07:50.312 INFO kablam!                                at libstd/sys_common/backtrace.rs:59
Nov 01 15:07:50.312 INFO kablam!    2:     0x561e7516a6fd - std::panicking::default_hook::{{closure}}::h1b9d29cc09d41897
Nov 01 15:07:50.312 INFO kablam!                                at libstd/panicking.rs:211
Nov 01 15:07:50.312 INFO kablam!    3:     0x561e7516a470 - std::panicking::default_hook::h3a27b204a313406b
Nov 01 15:07:50.312 INFO kablam!                                at libstd/panicking.rs:227
Nov 01 15:07:50.312 INFO kablam!    4:     0x561e7516acfc - std::panicking::rust_panic_with_hook::h0e12cb2fc86d00fa
Nov 01 15:07:50.312 INFO kablam!                                at libstd/panicking.rs:477
Nov 01 15:07:50.312 INFO kablam!    5:     0x561e7514e9ff - std::panicking::begin_panic::hbd2af5d55136bf88
Nov 01 15:07:50.312 INFO kablam!                                at libstd/panicking.rs:411
Nov 01 15:07:50.312 INFO kablam!    6:     0x561e7514cb3a - build_script_build::main::h946765383e2552ff
Nov 01 15:07:50.312 INFO kablam!                                at /cargo-home/registry/src/github.com-1ecc6299db9ec823/pear_codegen-0.0.20/build.rs:31
Nov 01 15:07:50.312 INFO kablam!    7:     0x561e7514f2ef - std::rt::lang_start::{{closure}}::ha8726a4505c071b9
Nov 01 15:07:50.313 INFO kablam!                                at libstd/rt.rs:74
Nov 01 15:07:50.313 INFO kablam!    8:     0x561e7516a7a2 - std::panicking::try::do_call::h572dc6f90deb1a4d
Nov 01 15:07:50.313 INFO kablam!                                at libstd/rt.rs:59
Nov 01 15:07:50.313 INFO kablam!                                at libstd/panicking.rs:310
Nov 01 15:07:50.313 INFO kablam!    9:     0x561e7518b709 - __rust_maybe_catch_panic
Nov 01 15:07:50.313 INFO kablam!                                at libpanic_unwind/lib.rs:103
Nov 01 15:07:50.313 INFO kablam!   10:     0x561e751757d5 - std::rt::lang_start_internal::hce01021c3c1cf20d
Nov 01 15:07:50.313 INFO kablam!                                at libstd/panicking.rs:289
Nov 01 15:07:50.313 INFO kablam!                                at libstd/panic.rs:392
Nov 01 15:07:50.313 INFO kablam!                                at libstd/rt.rs:58
Nov 01 15:07:50.313 INFO kablam!   11:     0x561e7514f2c7 - std::rt::lang_start::h187ee695f5b7fbeb
Nov 01 15:07:50.313 INFO kablam!                                at libstd/rt.rs:74
Nov 01 15:07:50.313 INFO kablam!   12:     0x561e7514d9e9 - main
Nov 01 15:07:50.313 INFO kablam!   13:     0x7f78feb2982f - __libc_start_main
Nov 01 15:07:50.313 INFO kablam!   14:     0x561e7514c428 - _start
Nov 01 15:07:50.313 INFO kablam!   15:                0x0 - <unknown>
Nov 01 15:07:50.313 INFO kablam! 
Nov 01 15:07:50.313 INFO kablam! warning: build failed, waiting for other jobs to finish...
Nov 01 15:07:50.332 INFO kablam! error: failed to run custom build command for `rocket v0.3.16`
Nov 01 15:07:50.332 INFO kablam! process didn't exit successfully: `/target/debug/build/rocket-5852bba5dfc76589/build-script-build` (exit code: 101)
Nov 01 15:07:50.332 INFO kablam! --- stderr
Nov 01 15:07:50.332 INFO kablam! [1;31mError:[0m [37mRocket requires a nightly or dev version of Rust.[0m
Nov 01 15:07:50.332 INFO kablam! [37mInstalled version is:[0m [33m1.30.0 (2018-10-24)[0m. [37mMinimum required:[0m [33m1.27.0-nightly (2018-04-26)[0m.
Nov 01 15:07:50.332 INFO kablam! [34mSee the getting started guide ([0m[37mhttps://rocket.rs/guide/getting-started/[0m[34m) for more information.[0m
Nov 01 15:07:50.332 INFO kablam! thread 'main' panicked at 'Aborting compilation due to incompatible compiler.', /cargo-home/registry/src/github.com-1ecc6299db9ec823/rocket-0.3.16/build.rs:38:13
Nov 01 15:07:50.332 INFO kablam! stack backtrace:
Nov 01 15:07:50.332 INFO kablam!    0:     0x5600a3901a0e - std::sys::unix::backtrace::tracing::imp::unwind_backtrace::hf5316c67202e23c8
Nov 01 15:07:50.332 INFO kablam!                                at libstd/sys/unix/backtrace/tracing/gcc_s.rs:49
Nov 01 15:07:50.332 INFO kablam!    1:     0x5600a38f3036 - std::sys_common::backtrace::print::h3068ed2a6dc7ac86
Nov 01 15:07:50.332 INFO kablam!                                at libstd/sys_common/backtrace.rs:71
Nov 01 15:07:50.332 INFO kablam!                                at libstd/sys_common/backtrace.rs:59
Nov 01 15:07:50.332 INFO kablam!    2:     0x5600a38f192d - std::panicking::default_hook::{{closure}}::h1b9d29cc09d41897
Nov 01 15:07:50.332 INFO kablam!                                at libstd/panicking.rs:211
Nov 01 15:07:50.332 INFO kablam!    3:     0x5600a38f16a0 - std::panicking::default_hook::h3a27b204a313406b
Nov 01 15:07:50.332 INFO kablam!                                at libstd/panicking.rs:227
Nov 01 15:07:50.332 INFO kablam!    4:     0x5600a38f1f2c - std::panicking::rust_panic_with_hook::h0e12cb2fc86d00fa
Nov 01 15:07:50.332 INFO kablam!                                at libstd/panicking.rs:477
Nov 01 15:07:50.333 INFO kablam!    5:     0x5600a38d5c2f - std::panicking::begin_panic::hde0e552bcc1ca0ba
Nov 01 15:07:50.333 INFO kablam!                                at libstd/panicking.rs:411
Nov 01 15:07:50.333 INFO kablam!    6:     0x5600a38d3d73 - build_script_build::main::h5e5583f3a72380bc
Nov 01 15:07:50.333 INFO kablam!                                at /cargo-home/registry/src/github.com-1ecc6299db9ec823/rocket-0.3.16/build.rs:38
Nov 01 15:07:50.333 INFO kablam!    7:     0x5600a38d651f - std::rt::lang_start::{{closure}}::h840839da89cffce0
Nov 01 15:07:50.333 INFO kablam!                                at libstd/rt.rs:74
Nov 01 15:07:50.333 INFO kablam!    8:     0x5600a38f19d2 - std::panicking::try::do_call::h572dc6f90deb1a4d
Nov 01 15:07:50.333 INFO kablam!                                at libstd/rt.rs:59
Nov 01 15:07:50.333 INFO kablam!                                at libstd/panicking.rs:310
Nov 01 15:07:50.333 INFO kablam!    9:     0x5600a3912939 - __rust_maybe_catch_panic
Nov 01 15:07:50.333 INFO kablam!                                at libpanic_unwind/lib.rs:103
Nov 01 15:07:50.333 INFO kablam!   10:     0x5600a38fca05 - std::rt::lang_start_internal::hce01021c3c1cf20d
Nov 01 15:07:50.333 INFO kablam!                                at libstd/panicking.rs:289
Nov 01 15:07:50.333 INFO kablam!                                at libstd/panic.rs:392
Nov 01 15:07:50.333 INFO kablam!                                at libstd/rt.rs:58
Nov 01 15:07:50.333 INFO kablam!   11:     0x5600a38d64f7 - std::rt::lang_start::h156f7b7a5033c1a0
Nov 01 15:07:50.333 INFO kablam!                                at libstd/rt.rs:74
Nov 01 15:07:50.333 INFO kablam!   12:     0x5600a38d4c19 - main
Nov 01 15:07:50.333 INFO kablam!   13:     0x7f72476e382f - __libc_start_main
Nov 01 15:07:50.333 INFO kablam!   14:     0x5600a38d3428 - _start
Nov 01 15:07:50.333 INFO kablam!   15:                0x0 - <unknown>
Nov 01 15:07:50.333 INFO kablam! 
Nov 01 15:07:50.333 INFO kablam! warning: build failed, waiting for other jobs to finish...
Nov 01 15:07:52.427 INFO kablam! error[E0554]: #![feature] may not be used on the stable release channel
Nov 01 15:07:52.427 INFO kablam!   --> /cargo-home/registry/src/github.com-1ecc6299db9ec823/literalext-0.1.1/src/lib.rs:19:37
Nov 01 15:07:52.427 INFO kablam!    |
Nov 01 15:07:52.427 INFO kablam! 19 | #![cfg_attr(feature = "proc-macro", feature(proc_macro))]
Nov 01 15:07:52.427 INFO kablam!    |                                     ^^^^^^^^^^^^^^^^^^^^
Nov 01 15:07:52.427 INFO kablam! 
Nov 01 15:07:52.427 INFO kablam! error: aborting due to previous error
Nov 01 15:07:52.427 INFO kablam! 
Nov 01 15:07:52.427 INFO kablam! For more information about this error, try `rustc --explain E0554`.
Nov 01 15:07:52.435 INFO kablam! error: Could not compile `literalext`.
Nov 01 15:07:52.435 INFO kablam! warning: build failed, waiting for other jobs to finish...
Nov 01 15:07:59.639 INFO kablam! error: build failed
Nov 01 15:07:59.639 INFO kablam! su: No module specific data is present
Nov 01 15:08:00.347 INFO running `"docker" "rm" "-f" "be539df385a32e3e216d3e03c5e72aa50e3d2614e00d73f406d758aa92e337b5"`
Nov 01 15:08:00.583 INFO blam! be539df385a32e3e216d3e03c5e72aa50e3d2614e00d73f406d758aa92e337b5
