Nov 01 15:43:57.360 INFO testing andrewf/tellurium against beta-2018-10-30 for beta-1.31-1
Nov 01 15:43:57.360 INFO running `"docker" "create" "-v" "/mnt/big/crater/work/local/target-dirs/beta-1.31-1/worker-0/beta-2018-10-30:/target:rw,Z" "-v" "/mnt/big/crater/work/local/test-source/worker-0/beta-1.31-1/beta-2018-10-30:/source:ro,Z" "-v" "/mnt/big/crater/work/local/cargo-home:/cargo-home:ro,Z" "-v" "/mnt/big/crater/work/local/rustup-home:/rustup-home:ro,Z" "-e" "USER_ID=1000" "-e" "SOURCE_DIR=/source" "-e" "USER_ID=1000" "-e" "CMD=cargo +beta-2018-10-30 build --frozen" "-e" "CARGO_TARGET_DIR=/target" "-e" "CARGO_INCREMENTAL=0" "-e" "RUST_BACKTRACE=full" "-e" "RUSTFLAGS=--cap-lints=warn" "-e" "CARGO_HOME=/cargo-home" "-e" "RUSTUP_HOME=/rustup-home" "-m" "1536M" "--network" "none" "crater"`
Nov 01 15:43:57.713 INFO blam! 90da0587fb9aa233108a42dd8bec7029ca3fb3e546212930bc9af2f7c8093491
Nov 01 15:43:57.713 INFO running `"docker" "start" "-a" "90da0587fb9aa233108a42dd8bec7029ca3fb3e546212930bc9af2f7c8093491"`
Nov 01 15:43:58.783 INFO kablam! usermod: no changes
Nov 01 15:43:58.883 INFO kablam!    Compiling memchr v1.0.1
Nov 01 15:43:58.883 INFO kablam!    Compiling num-bigint v0.1.39
Nov 01 15:43:59.700 INFO kablam!    Compiling aho-corasick v0.6.3
Nov 01 15:44:00.966 INFO kablam!    Compiling regex v0.2.2
Nov 01 15:44:01.039 INFO kablam!    Compiling num-rational v0.1.38
Nov 01 15:44:03.131 INFO kablam!    Compiling num v0.1.39
Nov 01 15:44:08.001 INFO kablam!    Compiling tellurium v0.0.1 (/source)
Nov 01 15:44:08.779 INFO kablam! error[E0554]: #![feature] may not be used on the beta release channel
Nov 01 15:44:08.779 INFO kablam!  --> src/main.rs:1:1
Nov 01 15:44:08.779 INFO kablam!   |
Nov 01 15:44:08.779 INFO kablam! 1 | #![feature(box_syntax)]
Nov 01 15:44:08.779 INFO kablam!   | ^^^^^^^^^^^^^^^^^^^^^^^
Nov 01 15:44:08.779 INFO kablam! 
Nov 01 15:44:08.779 INFO kablam! error[E0554]: #![feature] may not be used on the beta release channel
Nov 01 15:44:08.779 INFO kablam!  --> src/main.rs:2:1
Nov 01 15:44:08.779 INFO kablam!   |
Nov 01 15:44:08.779 INFO kablam! 2 | #![feature(box_patterns)]
Nov 01 15:44:08.779 INFO kablam!   | ^^^^^^^^^^^^^^^^^^^^^^^^^
Nov 01 15:44:08.779 INFO kablam! 
Nov 01 15:44:08.779 INFO kablam! error[E0554]: #![feature] may not be used on the beta release channel
Nov 01 15:44:08.779 INFO kablam!  --> src/main.rs:3:1
Nov 01 15:44:08.779 INFO kablam!   |
Nov 01 15:44:08.779 INFO kablam! 3 | #![feature(plugin)]
Nov 01 15:44:08.779 INFO kablam!   | ^^^^^^^^^^^^^^^^^^^
Nov 01 15:44:08.779 INFO kablam! 
Nov 01 15:44:08.782 INFO kablam! error: aborting due to 3 previous errors
Nov 01 15:44:08.782 INFO kablam! 
Nov 01 15:44:08.782 INFO kablam! For more information about this error, try `rustc --explain E0554`.
Nov 01 15:44:08.788 INFO kablam! error: Could not compile `tellurium`.
Nov 01 15:44:08.788 INFO kablam! 
Nov 01 15:44:08.788 INFO kablam! To learn more, run the command again with --verbose.
Nov 01 15:44:08.790 INFO kablam! su: No module specific data is present
Nov 01 15:44:09.097 INFO running `"docker" "rm" "-f" "90da0587fb9aa233108a42dd8bec7029ca3fb3e546212930bc9af2f7c8093491"`
Nov 01 15:44:09.210 INFO blam! 90da0587fb9aa233108a42dd8bec7029ca3fb3e546212930bc9af2f7c8093491
