Nov 01 15:46:02.310 INFO testing andreaseg/lang against beta-2018-10-30 for beta-1.31-1
Nov 01 15:46:02.311 INFO running `"docker" "create" "-v" "/mnt/big/crater/work/local/target-dirs/beta-1.31-1/worker-5/beta-2018-10-30:/target:rw,Z" "-v" "/mnt/big/crater/work/local/test-source/worker-5/beta-1.31-1/beta-2018-10-30:/source:ro,Z" "-v" "/mnt/big/crater/work/local/cargo-home:/cargo-home:ro,Z" "-v" "/mnt/big/crater/work/local/rustup-home:/rustup-home:ro,Z" "-e" "USER_ID=1000" "-e" "SOURCE_DIR=/source" "-e" "USER_ID=1000" "-e" "CMD=cargo +beta-2018-10-30 build --frozen" "-e" "CARGO_TARGET_DIR=/target" "-e" "CARGO_INCREMENTAL=0" "-e" "RUST_BACKTRACE=full" "-e" "RUSTFLAGS=--cap-lints=warn" "-e" "CARGO_HOME=/cargo-home" "-e" "RUSTUP_HOME=/rustup-home" "-m" "1536M" "--network" "none" "crater"`
Nov 01 15:46:03.165 INFO blam! 0365138c98215e552df86440c715d89a1716a4d803a5bc8631be9fc83effd0fe
Nov 01 15:46:03.167 INFO running `"docker" "start" "-a" "0365138c98215e552df86440c715d89a1716a4d803a5bc8631be9fc83effd0fe"`
Nov 01 15:46:04.887 INFO kablam! usermod: no changes
Nov 01 15:46:05.119 INFO kablam!    Compiling num-iter v0.1.37
Nov 01 15:46:05.119 INFO kablam!    Compiling syn v0.15.8
Nov 01 15:46:05.944 INFO kablam!    Compiling num v0.2.0
Nov 01 15:46:17.075 INFO kablam!    Compiling num-derive v0.2.3
Nov 01 15:46:24.668 INFO kablam!    Compiling lang v0.1.0 (/source)
Nov 01 15:46:25.750 INFO kablam! error[E0432]: unresolved import `self::terminal`
Nov 01 15:46:25.751 INFO kablam!    --> src/visualizer/ast_tree.rs:168:19
Nov 01 15:46:25.751 INFO kablam!     |
Nov 01 15:46:25.752 INFO kablam! 168 |         use self::terminal::Constness as C;
Nov 01 15:46:25.752 INFO kablam!     |                   ^^^^^^^^ Could not find `terminal` in `self`
Nov 01 15:46:25.752 INFO kablam! 
Nov 01 15:46:25.753 INFO kablam! error[E0432]: unresolved import `self::ast::Scope`
Nov 01 15:46:25.753 INFO kablam!    --> src/compiler/parser.rs:203:25
Nov 01 15:46:25.753 INFO kablam!     |
Nov 01 15:46:25.753 INFO kablam! 203 |                       use $error_type as path;
Nov 01 15:46:25.754 INFO kablam!     |                           ^^^^^^^^^^^^^^^^^^^ no `Scope` in `compiler::parser::ast`
Nov 01 15:46:25.754 INFO kablam! ...
Nov 01 15:46:25.754 INFO kablam! 372 | /             expect_tokens!(tokens, self::ast::Scope, "Expected ;",
Nov 01 15:46:25.755 INFO kablam! 373 | |                     (Token::Semicolon => {}),);
Nov 01 15:46:25.756 INFO kablam!     | |_______________________________________________- in this macro invocation
Nov 01 15:46:25.756 INFO kablam! 
Nov 01 15:46:25.756 INFO kablam! error[E0432]: unresolved import `self::ast::Scope`
Nov 01 15:46:25.756 INFO kablam!    --> src/compiler/parser.rs:211:21
Nov 01 15:46:25.757 INFO kablam!     |
Nov 01 15:46:25.757 INFO kablam! 211 |                   use $error_type as path;
Nov 01 15:46:25.757 INFO kablam!     |                       ^^^^^^^^^^^^^^^^^^^ no `Scope` in `compiler::parser::ast`
Nov 01 15:46:25.757 INFO kablam! ...
Nov 01 15:46:25.758 INFO kablam! 372 | /             expect_tokens!(tokens, self::ast::Scope, "Expected ;",
Nov 01 15:46:25.758 INFO kablam! 373 | |                     (Token::Semicolon => {}),);
Nov 01 15:46:25.758 INFO kablam!     | |_______________________________________________- in this macro invocation
Nov 01 15:46:25.759 INFO kablam! 
Nov 01 15:46:25.759 INFO kablam! error[E0433]: failed to resolve. Use of undeclared type or module `terminal`
Nov 01 15:46:25.759 INFO kablam!    --> src/visualizer/ast_tree.rs:166:17
Nov 01 15:46:25.760 INFO kablam!     |
Nov 01 15:46:25.760 INFO kablam! 166 | impl ToHtml for terminal::Constness {
Nov 01 15:46:25.760 INFO kablam!     |                 ^^^^^^^^ Use of undeclared type or module `terminal`
Nov 01 15:46:25.760 INFO kablam! 
Nov 01 15:46:25.771 INFO kablam! error[E0433]: failed to resolve. Use of undeclared type or module `Scope`
Nov 01 15:46:25.772 INFO kablam!    --> src/visualizer/ast_tree.rs:180:13
Nov 01 15:46:25.772 INFO kablam!     |
Nov 01 15:46:25.772 INFO kablam! 180 |             Scope::Closed(v) => {
Nov 01 15:46:25.773 INFO kablam!     |             ^^^^^ Use of undeclared type or module `Scope`
Nov 01 15:46:25.773 INFO kablam! 
Nov 01 15:46:25.773 INFO kablam! error[E0433]: failed to resolve. Use of undeclared type or module `Scope`
Nov 01 15:46:25.773 INFO kablam!    --> src/visualizer/ast_tree.rs:186:13
Nov 01 15:46:25.774 INFO kablam!     |
Nov 01 15:46:25.774 INFO kablam! 186 |             Scope::Open(s) => (*s).to_html(),
Nov 01 15:46:25.774 INFO kablam!     |             ^^^^^ Use of undeclared type or module `Scope`
Nov 01 15:46:25.775 INFO kablam! 
Nov 01 15:46:25.775 INFO kablam! error[E0433]: failed to resolve. Use of undeclared type or module `Scope`
Nov 01 15:46:25.775 INFO kablam!    --> src/visualizer/ast_tree.rs:187:13
Nov 01 15:46:25.775 INFO kablam!     |
Nov 01 15:46:25.776 INFO kablam! 187 |             Scope::Error(e) => e.to_html(),
Nov 01 15:46:25.776 INFO kablam!     |             ^^^^^ Use of undeclared type or module `Scope`
Nov 01 15:46:25.776 INFO kablam! 
Nov 01 15:46:25.777 INFO kablam! error[E0433]: failed to resolve. Use of undeclared type or module `terminal`
Nov 01 15:46:25.777 INFO kablam!    --> src/visualizer/ast_tree.rs:234:17
Nov 01 15:46:25.777 INFO kablam!     |
Nov 01 15:46:25.778 INFO kablam! 234 | impl ToHtml for terminal::Literal {
Nov 01 15:46:25.778 INFO kablam!     |                 ^^^^^^^^ Use of undeclared type or module `terminal`
Nov 01 15:46:25.778 INFO kablam! 
Nov 01 15:46:25.778 INFO kablam! error[E0433]: failed to resolve. Use of undeclared type or module `terminal`
Nov 01 15:46:25.779 INFO kablam!    --> src/visualizer/ast_tree.rs:237:13
Nov 01 15:46:25.779 INFO kablam!     |
Nov 01 15:46:25.779 INFO kablam! 237 |             terminal::Literal::Float(n) => [
Nov 01 15:46:25.780 INFO kablam!     |             ^^^^^^^^ Use of undeclared type or module `terminal`
Nov 01 15:46:25.780 INFO kablam! 
Nov 01 15:46:25.780 INFO kablam! error[E0433]: failed to resolve. Use of undeclared type or module `terminal`
Nov 01 15:46:25.781 INFO kablam!    --> src/visualizer/ast_tree.rs:245:13
Nov 01 15:46:25.781 INFO kablam!     |
Nov 01 15:46:25.781 INFO kablam! 245 |             terminal::Literal::Integer(n) => [
Nov 01 15:46:25.781 INFO kablam!     |             ^^^^^^^^ Use of undeclared type or module `terminal`
Nov 01 15:46:25.782 INFO kablam! 
Nov 01 15:46:25.782 INFO kablam! error[E0433]: failed to resolve. Use of undeclared type or module `terminal`
Nov 01 15:46:25.782 INFO kablam!    --> src/visualizer/ast_tree.rs:253:13
Nov 01 15:46:25.782 INFO kablam!     |
Nov 01 15:46:25.783 INFO kablam! 253 |             terminal::Literal::String(s) => {
Nov 01 15:46:25.783 INFO kablam!     |             ^^^^^^^^ Use of undeclared type or module `terminal`
Nov 01 15:46:25.783 INFO kablam! 
Nov 01 15:46:25.784 INFO kablam! error[E0433]: failed to resolve. Use of undeclared type or module `terminal`
Nov 01 15:46:25.784 INFO kablam!    --> src/visualizer/ast_tree.rs:256:13
Nov 01 15:46:25.784 INFO kablam!     |
Nov 01 15:46:25.784 INFO kablam! 256 |             terminal::Literal::Bool(b) => [
Nov 01 15:46:25.784 INFO kablam!     |             ^^^^^^^^ Use of undeclared type or module `terminal`
Nov 01 15:46:25.785 INFO kablam! 
Nov 01 15:46:25.785 INFO kablam! error[E0412]: cannot find type `Scope` in this scope
Nov 01 15:46:25.785 INFO kablam!    --> src/visualizer/ast_tree.rs:177:17
Nov 01 15:46:25.785 INFO kablam!     |
Nov 01 15:46:25.786 INFO kablam! 177 | impl ToHtml for Scope {
Nov 01 15:46:25.786 INFO kablam!     |                 ^^^^^ not found in this scope
Nov 01 15:46:25.786 INFO kablam! 
Nov 01 15:46:25.786 INFO kablam! error[E0554]: #![feature] may not be used on the beta release channel
Nov 01 15:46:25.787 INFO kablam!  --> src/main.rs:1:1
Nov 01 15:46:25.787 INFO kablam!   |
Nov 01 15:46:25.787 INFO kablam! 1 | #![feature(tool_lints)]
Nov 01 15:46:25.787 INFO kablam!   | ^^^^^^^^^^^^^^^^^^^^^^^
Nov 01 15:46:25.788 INFO kablam! 
Nov 01 15:46:25.788 INFO kablam! error: aborting due to 14 previous errors
Nov 01 15:46:25.788 INFO kablam! 
Nov 01 15:46:25.788 INFO kablam! Some errors occurred: E0412, E0432, E0433, E0554.
Nov 01 15:46:25.789 INFO kablam! For more information about an error, try `rustc --explain E0412`.
Nov 01 15:46:25.789 INFO kablam! error: Could not compile `lang`.
Nov 01 15:46:25.789 INFO kablam! 
Nov 01 15:46:25.789 INFO kablam! To learn more, run the command again with --verbose.
Nov 01 15:46:25.789 INFO kablam! su: No module specific data is present
Nov 01 15:46:26.352 INFO running `"docker" "rm" "-f" "0365138c98215e552df86440c715d89a1716a4d803a5bc8631be9fc83effd0fe"`
Nov 01 15:46:26.657 INFO blam! 0365138c98215e552df86440c715d89a1716a4d803a5bc8631be9fc83effd0fe
