Nov 01 15:48:31.431 INFO testing anderejd/cargo-geiger against 1.30.0 for beta-1.31-1
Nov 01 15:48:31.431 INFO running `"docker" "create" "-v" "/mnt/big/crater/work/local/target-dirs/beta-1.31-1/worker-3/1.30.0:/target:rw,Z" "-v" "/mnt/big/crater/work/local/test-source/worker-3/beta-1.31-1/1.30.0:/source:ro,Z" "-v" "/mnt/big/crater/work/local/cargo-home:/cargo-home:ro,Z" "-v" "/mnt/big/crater/work/local/rustup-home:/rustup-home:ro,Z" "-e" "USER_ID=1000" "-e" "SOURCE_DIR=/source" "-e" "USER_ID=1000" "-e" "CMD=cargo +1.30.0 build --frozen" "-e" "CARGO_TARGET_DIR=/target" "-e" "CARGO_INCREMENTAL=0" "-e" "RUST_BACKTRACE=full" "-e" "RUSTFLAGS=--cap-lints=warn" "-e" "CARGO_HOME=/cargo-home" "-e" "RUSTUP_HOME=/rustup-home" "-m" "1536M" "--network" "none" "crater"`
Nov 01 15:48:31.615 INFO blam! f3978121870007cf57740718260a03fa6bd99cf91a1f76c39a08eaadf3307fcb
Nov 01 15:48:31.615 INFO running `"docker" "start" "-a" "f3978121870007cf57740718260a03fa6bd99cf91a1f76c39a08eaadf3307fcb"`
Nov 01 15:48:32.482 INFO kablam! usermod: no changes
Nov 01 15:48:32.795 INFO kablam!    Compiling openssl v0.10.10
Nov 01 15:48:32.795 INFO kablam!    Compiling cmake v0.1.31
Nov 01 15:48:32.795 INFO kablam!    Compiling libz-sys v1.0.18
Nov 01 15:48:32.795 INFO kablam!    Compiling curl-sys v0.4.7
Nov 01 15:48:32.795 INFO kablam!    Compiling fs2 v0.4.3
Nov 01 15:48:32.795 INFO kablam!    Compiling colored v1.6.1
Nov 01 15:48:32.795 INFO kablam!    Compiling filetime v0.2.1
Nov 01 15:48:32.795 INFO kablam!    Compiling petgraph v0.4.12
Nov 01 15:48:36.759 INFO kablam!    Compiling jobserver v0.1.11
Nov 01 15:48:36.759 INFO kablam!    Compiling tar v0.4.16
Nov 01 15:48:36.819 INFO kablam!    Compiling libssh2-sys v0.2.8
Nov 01 15:48:36.955 INFO kablam!    Compiling libgit2-sys v0.7.6
Nov 01 15:48:36.959 INFO kablam!    Compiling miniz-sys v0.1.10
Nov 01 15:48:38.423 INFO kablam!    Compiling openssl-sys v0.9.33
Nov 01 15:48:39.888 INFO kablam!    Compiling syn v0.14.5
Nov 01 15:48:39.907 INFO kablam!    Compiling serde_ignored v0.0.4
Nov 01 15:48:40.035 INFO kablam!    Compiling flate2 v1.0.1
Nov 01 15:48:40.091 INFO kablam! error[E0034]: multiple applicable items in scope
Nov 01 15:48:40.091 INFO kablam!     --> /cargo-home/registry/src/github.com-1ecc6299db9ec823/petgraph-0.4.12/src/graph_impl/stable_graph/mod.rs:1171:19
Nov 01 15:48:40.091 INFO kablam!      |
Nov 01 15:48:40.091 INFO kablam! 1171 |         self.iter.find_map(|(i, node)| {
Nov 01 15:48:40.091 INFO kablam!      |                   ^^^^^^^^ multiple `find_map` found
Nov 01 15:48:40.091 INFO kablam!      |
Nov 01 15:48:40.091 INFO kablam! note: candidate #1 is defined in an impl of the trait `iter_utils::IterUtilsExt` for the type `_`
Nov 01 15:48:40.091 INFO kablam!     --> /cargo-home/registry/src/github.com-1ecc6299db9ec823/petgraph-0.4.12/src/iter_utils.rs:5:5
Nov 01 15:48:40.091 INFO kablam!      |
Nov 01 15:48:40.091 INFO kablam! 5    | /     fn find_map<F, R>(&mut self, mut f: F) -> Option<R>
Nov 01 15:48:40.091 INFO kablam! 6    | |         where F: FnMut(Self::Item) -> Option<R>
Nov 01 15:48:40.091 INFO kablam! 7    | |     {
Nov 01 15:48:40.091 INFO kablam! 8    | |         while let Some(elt) = self.next() {
Nov 01 15:48:40.091 INFO kablam! ...    |
Nov 01 15:48:40.091 INFO kablam! 13   | |         None
Nov 01 15:48:40.091 INFO kablam! 14   | |     }
Nov 01 15:48:40.091 INFO kablam!      | |_____^
Nov 01 15:48:40.091 INFO kablam!      = note: candidate #2 is defined in an impl of the trait `std::iter::Iterator` for the type `std::iter::Enumerate<_>`
Nov 01 15:48:40.091 INFO kablam! 
Nov 01 15:48:40.151 INFO kablam! error[E0034]: multiple applicable items in scope
Nov 01 15:48:40.151 INFO kablam!     --> /cargo-home/registry/src/github.com-1ecc6299db9ec823/petgraph-0.4.12/src/graph_impl/stable_graph/mod.rs:1363:19
Nov 01 15:48:40.151 INFO kablam!      |
Nov 01 15:48:40.151 INFO kablam! 1363 |         self.iter.find_map(|(i, edge)|
Nov 01 15:48:40.151 INFO kablam!      |                   ^^^^^^^^ multiple `find_map` found
Nov 01 15:48:40.151 INFO kablam!      |
Nov 01 15:48:40.151 INFO kablam! note: candidate #1 is defined in an impl of the trait `iter_utils::IterUtilsExt` for the type `_`
Nov 01 15:48:40.151 INFO kablam!     --> /cargo-home/registry/src/github.com-1ecc6299db9ec823/petgraph-0.4.12/src/iter_utils.rs:5:5
Nov 01 15:48:40.151 INFO kablam!      |
Nov 01 15:48:40.151 INFO kablam! 5    | /     fn find_map<F, R>(&mut self, mut f: F) -> Option<R>
Nov 01 15:48:40.151 INFO kablam! 6    | |         where F: FnMut(Self::Item) -> Option<R>
Nov 01 15:48:40.151 INFO kablam! 7    | |     {
Nov 01 15:48:40.151 INFO kablam! 8    | |         while let Some(elt) = self.next() {
Nov 01 15:48:40.151 INFO kablam! ...    |
Nov 01 15:48:40.151 INFO kablam! 13   | |         None
Nov 01 15:48:40.151 INFO kablam! 14   | |     }
Nov 01 15:48:40.151 INFO kablam!      | |_____^
Nov 01 15:48:40.151 INFO kablam!      = note: candidate #2 is defined in an impl of the trait `std::iter::Iterator` for the type `std::iter::Enumerate<_>`
Nov 01 15:48:40.151 INFO kablam! 
Nov 01 15:48:40.183 INFO kablam! error[E0034]: multiple applicable items in scope
Nov 01 15:48:40.183 INFO kablam!     --> /cargo-home/registry/src/github.com-1ecc6299db9ec823/petgraph-0.4.12/src/graph_impl/stable_graph/mod.rs:1527:19
Nov 01 15:48:40.183 INFO kablam!      |
Nov 01 15:48:40.183 INFO kablam! 1527 |         self.iter.find_map(|(i, node)| {
Nov 01 15:48:40.184 INFO kablam!      |                   ^^^^^^^^ multiple `find_map` found
Nov 01 15:48:40.184 INFO kablam!      |
Nov 01 15:48:40.184 INFO kablam! note: candidate #1 is defined in an impl of the trait `iter_utils::IterUtilsExt` for the type `_`
Nov 01 15:48:40.184 INFO kablam!     --> /cargo-home/registry/src/github.com-1ecc6299db9ec823/petgraph-0.4.12/src/iter_utils.rs:5:5
Nov 01 15:48:40.184 INFO kablam!      |
Nov 01 15:48:40.184 INFO kablam! 5    | /     fn find_map<F, R>(&mut self, mut f: F) -> Option<R>
Nov 01 15:48:40.184 INFO kablam! 6    | |         where F: FnMut(Self::Item) -> Option<R>
Nov 01 15:48:40.184 INFO kablam! 7    | |     {
Nov 01 15:48:40.184 INFO kablam! 8    | |         while let Some(elt) = self.next() {
Nov 01 15:48:40.184 INFO kablam! ...    |
Nov 01 15:48:40.184 INFO kablam! 13   | |         None
Nov 01 15:48:40.184 INFO kablam! 14   | |     }
Nov 01 15:48:40.184 INFO kablam!      | |_____^
Nov 01 15:48:40.184 INFO kablam!      = note: candidate #2 is defined in an impl of the trait `std::iter::Iterator` for the type `std::iter::Enumerate<_>`
Nov 01 15:48:40.184 INFO kablam! 
Nov 01 15:48:40.186 INFO kablam! error[E0034]: multiple applicable items in scope
Nov 01 15:48:40.186 INFO kablam!     --> /cargo-home/registry/src/github.com-1ecc6299db9ec823/petgraph-0.4.12/src/graph_impl/stable_graph/mod.rs:1573:19
Nov 01 15:48:40.186 INFO kablam!      |
Nov 01 15:48:40.186 INFO kablam! 1573 |         self.iter.find_map(|(i, node)| {
Nov 01 15:48:40.186 INFO kablam!      |                   ^^^^^^^^ multiple `find_map` found
Nov 01 15:48:40.186 INFO kablam!      |
Nov 01 15:48:40.186 INFO kablam! note: candidate #1 is defined in an impl of the trait `iter_utils::IterUtilsExt` for the type `_`
Nov 01 15:48:40.186 INFO kablam!     --> /cargo-home/registry/src/github.com-1ecc6299db9ec823/petgraph-0.4.12/src/iter_utils.rs:5:5
Nov 01 15:48:40.186 INFO kablam!      |
Nov 01 15:48:40.186 INFO kablam! 5    | /     fn find_map<F, R>(&mut self, mut f: F) -> Option<R>
Nov 01 15:48:40.186 INFO kablam! 6    | |         where F: FnMut(Self::Item) -> Option<R>
Nov 01 15:48:40.186 INFO kablam! 7    | |     {
Nov 01 15:48:40.186 INFO kablam! 8    | |         while let Some(elt) = self.next() {
Nov 01 15:48:40.186 INFO kablam! ...    |
Nov 01 15:48:40.186 INFO kablam! 13   | |         None
Nov 01 15:48:40.186 INFO kablam! 14   | |     }
Nov 01 15:48:40.186 INFO kablam!      | |_____^
Nov 01 15:48:40.186 INFO kablam!      = note: candidate #2 is defined in an impl of the trait `std::iter::Iterator` for the type `std::iter::Enumerate<_>`
Nov 01 15:48:40.186 INFO kablam! 
Nov 01 15:48:41.003 INFO kablam! error: aborting due to 4 previous errors
Nov 01 15:48:41.003 INFO kablam! 
Nov 01 15:48:41.003 INFO kablam! For more information about this error, try `rustc --explain E0034`.
Nov 01 15:48:41.014 INFO kablam! error: Could not compile `petgraph`.
Nov 01 15:48:41.014 INFO kablam! warning: build failed, waiting for other jobs to finish...
Nov 01 15:48:56.555 INFO kablam! error: build failed
Nov 01 15:48:56.563 INFO kablam! su: No module specific data is present
Nov 01 15:48:57.271 INFO running `"docker" "rm" "-f" "f3978121870007cf57740718260a03fa6bd99cf91a1f76c39a08eaadf3307fcb"`
Nov 01 15:48:57.467 INFO blam! f3978121870007cf57740718260a03fa6bd99cf91a1f76c39a08eaadf3307fcb
