Nov 01 16:18:29.042 INFO testing aisamanra/xargo against beta-2018-10-30 for beta-1.31-1
Nov 01 16:18:29.042 INFO running `"docker" "create" "-v" "/mnt/big/crater/work/local/target-dirs/beta-1.31-1/worker-4/beta-2018-10-30:/target:rw,Z" "-v" "/mnt/big/crater/work/local/test-source/worker-4/beta-1.31-1/beta-2018-10-30:/source:ro,Z" "-v" "/mnt/big/crater/work/local/cargo-home:/cargo-home:ro,Z" "-v" "/mnt/big/crater/work/local/rustup-home:/rustup-home:ro,Z" "-e" "USER_ID=1000" "-e" "SOURCE_DIR=/source" "-e" "USER_ID=1000" "-e" "CMD=cargo +beta-2018-10-30 build --frozen" "-e" "CARGO_TARGET_DIR=/target" "-e" "CARGO_INCREMENTAL=0" "-e" "RUST_BACKTRACE=full" "-e" "RUSTFLAGS=--cap-lints=warn" "-e" "CARGO_HOME=/cargo-home" "-e" "RUSTUP_HOME=/rustup-home" "-m" "1536M" "--network" "none" "crater"`
Nov 01 16:18:29.212 INFO blam! 9904b7a70156ef3ba4b417d994e6f2583557ca911519c4d3ec4bc57203b49568
Nov 01 16:18:29.213 INFO running `"docker" "start" "-a" "9904b7a70156ef3ba4b417d994e6f2583557ca911519c4d3ec4bc57203b49568"`
Nov 01 16:18:29.671 INFO kablam! usermod: no changes
Nov 01 16:18:29.752 INFO kablam!    Compiling xargo v0.3.8 (/source)
Nov 01 16:18:30.927 INFO kablam! warning: lint `unused_doc_comment` has been renamed to `unused_doc_comments`
Nov 01 16:18:30.927 INFO kablam!  --> src/errors.rs:2:10
Nov 01 16:18:30.927 INFO kablam!   |
Nov 01 16:18:30.927 INFO kablam! 2 | #![allow(unused_doc_comment)]
Nov 01 16:18:30.927 INFO kablam!   |          ^^^^^^^^^^^^^^^^^^ help: use the new name: `unused_doc_comments`
Nov 01 16:18:30.927 INFO kablam!   |
Nov 01 16:18:30.927 INFO kablam! note: lint level defined here
Nov 01 16:18:30.927 INFO kablam!  --> src/main.rs:1:9
Nov 01 16:18:30.927 INFO kablam!   |
Nov 01 16:18:30.927 INFO kablam! 1 | #![deny(warnings)]
Nov 01 16:18:30.927 INFO kablam!   |         ^^^^^^^^
Nov 01 16:18:30.927 INFO kablam!   = note: #[warn(renamed_and_removed_lints)] implied by #[warn(warnings)]
Nov 01 16:18:30.927 INFO kablam! 
Nov 01 16:18:32.143 INFO kablam! warning: use of deprecated item 'std::env::home_dir': This function's behavior is unexpected and probably not what you want. Consider using the home_dir function from https://crates.io/crates/dirs instead.
Nov 01 16:18:32.143 INFO kablam!   --> src/xargo.rs:82:9
Nov 01 16:18:32.143 INFO kablam!    |
Nov 01 16:18:32.143 INFO kablam! 82 |         env::home_dir()
Nov 01 16:18:32.144 INFO kablam!    |         ^^^^^^^^^^^^^
Nov 01 16:18:32.144 INFO kablam!    |
Nov 01 16:18:32.144 INFO kablam! note: lint level defined here
Nov 01 16:18:32.145 INFO kablam!   --> src/main.rs:1:9
Nov 01 16:18:32.145 INFO kablam!    |
Nov 01 16:18:32.145 INFO kablam! 1  | #![deny(warnings)]
Nov 01 16:18:32.145 INFO kablam!    |         ^^^^^^^^
Nov 01 16:18:32.145 INFO kablam!    = note: #[warn(deprecated)] implied by #[warn(warnings)]
Nov 01 16:18:32.145 INFO kablam! 
Nov 01 16:18:35.115 INFO kablam!     Finished dev [unoptimized + debuginfo] target(s) in 5.43s
Nov 01 16:18:35.195 INFO kablam! su: No module specific data is present
Nov 01 16:18:35.834 INFO running `"docker" "rm" "-f" "9904b7a70156ef3ba4b417d994e6f2583557ca911519c4d3ec4bc57203b49568"`
Nov 01 16:18:35.937 INFO blam! 9904b7a70156ef3ba4b417d994e6f2583557ca911519c4d3ec4bc57203b49568
Nov 01 16:18:35.939 INFO running `"docker" "create" "-v" "/mnt/big/crater/work/local/target-dirs/beta-1.31-1/worker-4/beta-2018-10-30:/target:rw,Z" "-v" "/mnt/big/crater/work/local/test-source/worker-4/beta-1.31-1/beta-2018-10-30:/source:ro,Z" "-v" "/mnt/big/crater/work/local/cargo-home:/cargo-home:ro,Z" "-v" "/mnt/big/crater/work/local/rustup-home:/rustup-home:ro,Z" "-e" "USER_ID=1000" "-e" "SOURCE_DIR=/source" "-e" "USER_ID=1000" "-e" "CMD=cargo +beta-2018-10-30 test --frozen --no-run" "-e" "CARGO_TARGET_DIR=/target" "-e" "CARGO_INCREMENTAL=0" "-e" "RUST_BACKTRACE=full" "-e" "RUSTFLAGS=--cap-lints=warn" "-e" "CARGO_HOME=/cargo-home" "-e" "RUSTUP_HOME=/rustup-home" "-m" "1536M" "--network" "none" "crater"`
Nov 01 16:18:36.132 INFO blam! adda01af6b646010ee7d86a7fd45d3e8311370adb4d5b14c0b97e9348aa8346c
Nov 01 16:18:36.137 INFO running `"docker" "start" "-a" "adda01af6b646010ee7d86a7fd45d3e8311370adb4d5b14c0b97e9348aa8346c"`
Nov 01 16:18:36.537 INFO kablam! usermod: no changes
Nov 01 16:18:36.606 INFO kablam!    Compiling owning_ref v0.2.2
Nov 01 16:18:36.611 INFO kablam!    Compiling parking_lot_core v0.2.0
Nov 01 16:18:37.027 INFO kablam! error[E0554]: #![feature] may not be used on the beta release channel
Nov 01 16:18:37.027 INFO kablam!   --> /cargo-home/registry/src/github.com-1ecc6299db9ec823/parking_lot_core-0.2.0/src/lib.rs:40:34
Nov 01 16:18:37.027 INFO kablam!    |
Nov 01 16:18:37.027 INFO kablam! 40 | #![cfg_attr(feature = "nightly", feature(const_fn))]
Nov 01 16:18:37.027 INFO kablam!    |                                  ^^^^^^^^^^^^^^^^^
Nov 01 16:18:37.027 INFO kablam! 
Nov 01 16:18:37.027 INFO kablam! error[E0554]: #![feature] may not be used on the beta release channel
Nov 01 16:18:37.027 INFO kablam!   --> /cargo-home/registry/src/github.com-1ecc6299db9ec823/parking_lot_core-0.2.0/src/lib.rs:41:34
Nov 01 16:18:37.027 INFO kablam!    |
Nov 01 16:18:37.027 INFO kablam! 41 | #![cfg_attr(feature = "nightly", feature(integer_atomics))]
Nov 01 16:18:37.027 INFO kablam!    |                                  ^^^^^^^^^^^^^^^^^^^^^^^^
Nov 01 16:18:37.027 INFO kablam! 
Nov 01 16:18:37.027 INFO kablam! error[E0554]: #![feature] may not be used on the beta release channel
Nov 01 16:18:37.027 INFO kablam!   --> /cargo-home/registry/src/github.com-1ecc6299db9ec823/parking_lot_core-0.2.0/src/lib.rs:42:34
Nov 01 16:18:37.027 INFO kablam!    |
Nov 01 16:18:37.027 INFO kablam! 42 | #![cfg_attr(feature = "nightly", feature(asm))]
Nov 01 16:18:37.027 INFO kablam!    |                                  ^^^^^^^^^^^^
Nov 01 16:18:37.027 INFO kablam! 
Nov 01 16:18:37.031 INFO kablam! error: aborting due to 3 previous errors
Nov 01 16:18:37.031 INFO kablam! 
Nov 01 16:18:37.031 INFO kablam! For more information about this error, try `rustc --explain E0554`.
Nov 01 16:18:37.033 INFO kablam! error: Could not compile `parking_lot_core`.
Nov 01 16:18:37.034 INFO kablam! warning: build failed, waiting for other jobs to finish...
Nov 01 16:18:37.239 INFO kablam! error: build failed
Nov 01 16:18:37.243 INFO kablam! su: No module specific data is present
Nov 01 16:18:37.869 INFO running `"docker" "rm" "-f" "adda01af6b646010ee7d86a7fd45d3e8311370adb4d5b14c0b97e9348aa8346c"`
Nov 01 16:18:38.079 INFO blam! adda01af6b646010ee7d86a7fd45d3e8311370adb4d5b14c0b97e9348aa8346c
