Nov 01 16:34:20.337 INFO testing acsearle/barc against beta-2018-10-30 for beta-1.31-1
Nov 01 16:34:20.337 INFO running `"docker" "create" "-v" "/mnt/big/crater/work/local/target-dirs/beta-1.31-1/worker-6/beta-2018-10-30:/target:rw,Z" "-v" "/mnt/big/crater/work/local/test-source/worker-6/beta-1.31-1/beta-2018-10-30:/source:ro,Z" "-v" "/mnt/big/crater/work/local/cargo-home:/cargo-home:ro,Z" "-v" "/mnt/big/crater/work/local/rustup-home:/rustup-home:ro,Z" "-e" "USER_ID=1000" "-e" "SOURCE_DIR=/source" "-e" "USER_ID=1000" "-e" "CMD=cargo +beta-2018-10-30 build --frozen" "-e" "CARGO_TARGET_DIR=/target" "-e" "CARGO_INCREMENTAL=0" "-e" "RUST_BACKTRACE=full" "-e" "RUSTFLAGS=--cap-lints=warn" "-e" "CARGO_HOME=/cargo-home" "-e" "RUSTUP_HOME=/rustup-home" "-m" "1536M" "--network" "none" "crater"`
Nov 01 16:34:20.515 INFO blam! 8f94a8670c63a85ac89e1648276a2762b7bf5c8498c3fe1b2495ff71c4f478cd
Nov 01 16:34:20.516 INFO running `"docker" "start" "-a" "8f94a8670c63a85ac89e1648276a2762b7bf5c8498c3fe1b2495ff71c4f478cd"`
Nov 01 16:34:20.887 INFO kablam! usermod: no changes
Nov 01 16:34:20.916 INFO kablam!    Compiling barc v0.1.0 (/source)
Nov 01 16:34:21.199 INFO kablam! error[E0554]: #![feature] may not be used on the beta release channel
Nov 01 16:34:21.199 INFO kablam!   --> src/lib.rs:78:1
Nov 01 16:34:21.199 INFO kablam!    |
Nov 01 16:34:21.199 INFO kablam! 78 | #![feature(cfg_target_has_atomic)]
Nov 01 16:34:21.199 INFO kablam!    | ^^^^^^^^^^^^^^^^^^^^^^^^^^^^^^^^^^
Nov 01 16:34:21.199 INFO kablam! 
Nov 01 16:34:21.199 INFO kablam! error[E0554]: #![feature] may not be used on the beta release channel
Nov 01 16:34:21.199 INFO kablam!   --> src/lib.rs:81:1
Nov 01 16:34:21.199 INFO kablam!    |
Nov 01 16:34:21.199 INFO kablam! 81 | #![feature(allocator_api)]
Nov 01 16:34:21.199 INFO kablam!    | ^^^^^^^^^^^^^^^^^^^^^^^^^^
Nov 01 16:34:21.200 INFO kablam! 
Nov 01 16:34:21.200 INFO kablam! error[E0554]: #![feature] may not be used on the beta release channel
Nov 01 16:34:21.200 INFO kablam!   --> src/lib.rs:82:1
Nov 01 16:34:21.200 INFO kablam!    |
Nov 01 16:34:21.200 INFO kablam! 82 | #![feature(box_into_raw_non_null)]
Nov 01 16:34:21.200 INFO kablam!    | ^^^^^^^^^^^^^^^^^^^^^^^^^^^^^^^^^^
Nov 01 16:34:21.200 INFO kablam! 
Nov 01 16:34:21.200 INFO kablam! error[E0554]: #![feature] may not be used on the beta release channel
Nov 01 16:34:21.200 INFO kablam!   --> src/lib.rs:83:1
Nov 01 16:34:21.200 INFO kablam!    |
Nov 01 16:34:21.200 INFO kablam! 83 | #![feature(extern_prelude)]
Nov 01 16:34:21.200 INFO kablam!    | ^^^^^^^^^^^^^^^^^^^^^^^^^^^
Nov 01 16:34:21.200 INFO kablam! 
Nov 01 16:34:21.211 INFO kablam! error: aborting due to 4 previous errors
Nov 01 16:34:21.211 INFO kablam! 
Nov 01 16:34:21.211 INFO kablam! For more information about this error, try `rustc --explain E0554`.
Nov 01 16:34:21.211 INFO kablam! error: Could not compile `barc`.
Nov 01 16:34:21.211 INFO kablam! 
Nov 01 16:34:21.211 INFO kablam! To learn more, run the command again with --verbose.
Nov 01 16:34:21.211 INFO kablam! su: No module specific data is present
Nov 01 16:34:21.519 INFO running `"docker" "rm" "-f" "8f94a8670c63a85ac89e1648276a2762b7bf5c8498c3fe1b2495ff71c4f478cd"`
Nov 01 16:34:21.624 INFO blam! 8f94a8670c63a85ac89e1648276a2762b7bf5c8498c3fe1b2495ff71c4f478cd
