Nov 01 16:45:23.712 INFO testing Zyphicx/ecstest against 1.30.0 for beta-1.31-1
Nov 01 16:45:23.712 INFO running `"docker" "create" "-v" "/mnt/big/crater/work/local/target-dirs/beta-1.31-1/worker-1/1.30.0:/target:rw,Z" "-v" "/mnt/big/crater/work/local/test-source/worker-1/beta-1.31-1/1.30.0:/source:ro,Z" "-v" "/mnt/big/crater/work/local/cargo-home:/cargo-home:ro,Z" "-v" "/mnt/big/crater/work/local/rustup-home:/rustup-home:ro,Z" "-e" "USER_ID=1000" "-e" "SOURCE_DIR=/source" "-e" "USER_ID=1000" "-e" "CMD=cargo +1.30.0 build --frozen" "-e" "CARGO_TARGET_DIR=/target" "-e" "CARGO_INCREMENTAL=0" "-e" "RUST_BACKTRACE=full" "-e" "RUSTFLAGS=--cap-lints=warn" "-e" "CARGO_HOME=/cargo-home" "-e" "RUSTUP_HOME=/rustup-home" "-m" "1536M" "--network" "none" "crater"`
Nov 01 16:45:24.169 INFO blam! b3abfd605a33d8ed327651978881d4461c07b7d1ed72f421dcb84bc8f7d4ba90
Nov 01 16:45:24.182 INFO running `"docker" "start" "-a" "b3abfd605a33d8ed327651978881d4461c07b7d1ed72f421dcb84bc8f7d4ba90"`
Nov 01 16:45:25.107 INFO kablam! usermod: no changes
Nov 01 16:45:25.135 INFO kablam!    Compiling ecstest v0.1.0 (/source)
Nov 01 16:45:25.517 INFO kablam! warning: unused import: `Tag::*`
Nov 01 16:45:25.518 INFO kablam!    --> src/main.rs:159:5
Nov 01 16:45:25.518 INFO kablam!     |
Nov 01 16:45:25.518 INFO kablam! 159 | use Tag::*;
Nov 01 16:45:25.519 INFO kablam!     |     ^^^^^^
Nov 01 16:45:25.519 INFO kablam!     |
Nov 01 16:45:25.519 INFO kablam!     = note: #[warn(unused_imports)] on by default
Nov 01 16:45:25.519 INFO kablam! 
Nov 01 16:45:25.567 INFO kablam! error[E0277]: a collection of type `&Vel` cannot be built from an iterator over elements of type `&Vel`
Nov 01 16:45:25.568 INFO kablam!    --> src/main.rs:94:30
Nov 01 16:45:25.568 INFO kablam!     |
Nov 01 16:45:25.569 INFO kablam! 94  |                             .collect()
Nov 01 16:45:25.569 INFO kablam!     |                              ^^^^^^^ a collection of type `&Vel` cannot be built from `std::iter::Iterator<Item=&Vel>`
Nov 01 16:45:25.569 INFO kablam! ...
Nov 01 16:45:25.570 INFO kablam! 357 |     read!( Tag::HasGravity: Vel ); 
Nov 01 16:45:25.570 INFO kablam!     |     ------------------------------ in this macro invocation
Nov 01 16:45:25.570 INFO kablam!     |
Nov 01 16:45:25.570 INFO kablam!     = help: the trait `std::iter::FromIterator<&Vel>` is not implemented for `&Vel`
Nov 01 16:45:25.571 INFO kablam! 
Nov 01 16:45:25.671 INFO kablam! error[E0308]: mismatched types
Nov 01 16:45:25.671 INFO kablam!    --> src/main.rs:133:67
Nov 01 16:45:25.672 INFO kablam!     |
Nov 01 16:45:25.672 INFO kablam! 133 |                               .map(|x| { let comp: &mut Component = &**world.components.get_mut(&TypeId::of::<$components>())
Nov 01 16:45:25.672 INFO kablam!     |  ___________________________________________________________________^
Nov 01 16:45:25.673 INFO kablam! 134 | |                                                                                      .unwrap()
Nov 01 16:45:25.673 INFO kablam! 135 | |                                                                                      .get_mut(*x) // Get the corresponding component
Nov 01 16:45:25.673 INFO kablam! 136 | |                                                                                      .unwrap();
Nov 01 16:45:25.674 INFO kablam!     | |______________________________________________________________________________________________^ types differ in mutability
Nov 01 16:45:25.674 INFO kablam! ...
Nov 01 16:45:25.674 INFO kablam! 358 |       write!( Tag::HasGravity: Pos );
Nov 01 16:45:25.675 INFO kablam!     |       ------------------------------- in this macro invocation
Nov 01 16:45:25.675 INFO kablam!     |
Nov 01 16:45:25.675 INFO kablam!     = note: expected type `&mut (dyn Component + 'static)`
Nov 01 16:45:25.675 INFO kablam!                found type `&(dyn Component + 'static)`
Nov 01 16:45:25.676 INFO kablam! 
Nov 01 16:45:25.676 INFO kablam! error[E0277]: a collection of type `&mut Pos` cannot be built from an iterator over elements of type `&mut Pos`
Nov 01 16:45:25.676 INFO kablam!    --> src/main.rs:144:30
Nov 01 16:45:25.677 INFO kablam!     |
Nov 01 16:45:25.677 INFO kablam! 144 |                             .collect()
Nov 01 16:45:25.677 INFO kablam!     |                              ^^^^^^^ a collection of type `&mut Pos` cannot be built from `std::iter::Iterator<Item=&mut Pos>`
Nov 01 16:45:25.678 INFO kablam! ...
Nov 01 16:45:25.678 INFO kablam! 358 |     write!( Tag::HasGravity: Pos );
Nov 01 16:45:25.678 INFO kablam!     |     ------------------------------- in this macro invocation
Nov 01 16:45:25.687 INFO kablam!     |
Nov 01 16:45:25.687 INFO kablam!     = help: the trait `std::iter::FromIterator<&mut Pos>` is not implemented for `&mut Pos`
Nov 01 16:45:25.687 INFO kablam! 
Nov 01 16:45:25.706 INFO kablam! error[E0308]: mismatched types
Nov 01 16:45:25.706 INFO kablam!    --> src/main.rs:191:14
Nov 01 16:45:25.706 INFO kablam!     |
Nov 01 16:45:25.706 INFO kablam! 191 |         Some(&self[id as usize])
Nov 01 16:45:25.706 INFO kablam!     |              ^^^^^^^^^^^^^^^^^^ types differ in mutability
Nov 01 16:45:25.706 INFO kablam!     |
Nov 01 16:45:25.706 INFO kablam!     = note: expected type `&mut std::boxed::Box<(dyn Component + 'static)>`
Nov 01 16:45:25.706 INFO kablam!                found type `&std::boxed::Box<(dyn Component + 'static)>`
Nov 01 16:45:25.706 INFO kablam! 
Nov 01 16:45:25.723 INFO kablam! error: aborting due to 4 previous errors
Nov 01 16:45:25.723 INFO kablam! 
Nov 01 16:45:25.723 INFO kablam! Some errors occurred: E0277, E0308.
Nov 01 16:45:25.723 INFO kablam! For more information about an error, try `rustc --explain E0277`.
Nov 01 16:45:25.730 INFO kablam! error: Could not compile `ecstest`.
Nov 01 16:45:25.730 INFO kablam! 
Nov 01 16:45:25.730 INFO kablam! To learn more, run the command again with --verbose.
Nov 01 16:45:25.732 INFO kablam! su: No module specific data is present
Nov 01 16:45:26.211 INFO running `"docker" "rm" "-f" "b3abfd605a33d8ed327651978881d4461c07b7d1ed72f421dcb84bc8f7d4ba90"`
Nov 01 16:45:26.381 INFO blam! b3abfd605a33d8ed327651978881d4461c07b7d1ed72f421dcb84bc8f7d4ba90
