Nov 01 17:12:02.856 INFO testing Vallium/rubik-rs against beta-2018-10-30 for beta-1.31-1
Nov 01 17:12:02.856 INFO running `"docker" "create" "-v" "/mnt/big/crater/work/local/target-dirs/beta-1.31-1/worker-4/beta-2018-10-30:/target:rw,Z" "-v" "/mnt/big/crater/work/local/test-source/worker-4/beta-1.31-1/beta-2018-10-30:/source:ro,Z" "-v" "/mnt/big/crater/work/local/cargo-home:/cargo-home:ro,Z" "-v" "/mnt/big/crater/work/local/rustup-home:/rustup-home:ro,Z" "-e" "USER_ID=1000" "-e" "SOURCE_DIR=/source" "-e" "USER_ID=1000" "-e" "CMD=cargo +beta-2018-10-30 build --frozen" "-e" "CARGO_TARGET_DIR=/target" "-e" "CARGO_INCREMENTAL=0" "-e" "RUST_BACKTRACE=full" "-e" "RUSTFLAGS=--cap-lints=warn" "-e" "CARGO_HOME=/cargo-home" "-e" "RUSTUP_HOME=/rustup-home" "-m" "1536M" "--network" "none" "crater"`
Nov 01 17:12:03.351 INFO blam! 0ff6a7bf593e670b74ece0c52f65d846095f7edd56c0f6f42ea43d36b04f6461
Nov 01 17:12:03.353 INFO running `"docker" "start" "-a" "0ff6a7bf593e670b74ece0c52f65d846095f7edd56c0f6f42ea43d36b04f6461"`
Nov 01 17:12:04.334 INFO kablam! usermod: no changes
Nov 01 17:12:04.375 INFO kablam!    Compiling bincode v0.9.2
Nov 01 17:12:05.607 INFO kablam!    Compiling rubik v0.1.0 (/source)
Nov 01 17:12:06.227 INFO kablam! error[E0554]: #![feature] may not be used on the beta release channel
Nov 01 17:12:06.227 INFO kablam!  --> src/main.rs:1:1
Nov 01 17:12:06.227 INFO kablam!   |
Nov 01 17:12:06.227 INFO kablam! 1 | #![feature(inclusive_range_syntax)]
Nov 01 17:12:06.227 INFO kablam!   | ^^^^^^^^^^^^^^^^^^^^^^^^^^^^^^^^^^^
Nov 01 17:12:06.227 INFO kablam! 
Nov 01 17:12:06.227 INFO kablam! error[E0554]: #![feature] may not be used on the beta release channel
Nov 01 17:12:06.227 INFO kablam!  --> src/main.rs:2:1
Nov 01 17:12:06.227 INFO kablam!   |
Nov 01 17:12:06.227 INFO kablam! 2 | #![feature(box_syntax)]
Nov 01 17:12:06.227 INFO kablam!   | ^^^^^^^^^^^^^^^^^^^^^^^
Nov 01 17:12:06.227 INFO kablam! 
Nov 01 17:12:06.227 INFO kablam! error[E0554]: #![feature] may not be used on the beta release channel
Nov 01 17:12:06.227 INFO kablam!  --> src/main.rs:3:1
Nov 01 17:12:06.227 INFO kablam!   |
Nov 01 17:12:06.227 INFO kablam! 3 | #![feature(test)]
Nov 01 17:12:06.227 INFO kablam!   | ^^^^^^^^^^^^^^^^^
Nov 01 17:12:06.227 INFO kablam! 
Nov 01 17:12:06.227 INFO kablam! error: aborting due to 3 previous errors
Nov 01 17:12:06.227 INFO kablam! 
Nov 01 17:12:06.227 INFO kablam! For more information about this error, try `rustc --explain E0554`.
Nov 01 17:12:06.231 INFO kablam! error: Could not compile `rubik`.
Nov 01 17:12:06.231 INFO kablam! 
Nov 01 17:12:06.231 INFO kablam! To learn more, run the command again with --verbose.
Nov 01 17:12:06.231 INFO kablam! su: No module specific data is present
Nov 01 17:12:06.839 INFO running `"docker" "rm" "-f" "0ff6a7bf593e670b74ece0c52f65d846095f7edd56c0f6f42ea43d36b04f6461"`
Nov 01 17:12:06.951 INFO blam! 0ff6a7bf593e670b74ece0c52f65d846095f7edd56c0f6f42ea43d36b04f6461
