Nov 01 17:13:28.775 INFO testing UTN-FRD/construccion-compilador against beta-2018-10-30 for beta-1.31-1
Nov 01 17:13:28.775 INFO running `"docker" "create" "-v" "/mnt/big/crater/work/local/target-dirs/beta-1.31-1/worker-4/beta-2018-10-30:/target:rw,Z" "-v" "/mnt/big/crater/work/local/test-source/worker-4/beta-1.31-1/beta-2018-10-30:/source:ro,Z" "-v" "/mnt/big/crater/work/local/cargo-home:/cargo-home:ro,Z" "-v" "/mnt/big/crater/work/local/rustup-home:/rustup-home:ro,Z" "-e" "USER_ID=1000" "-e" "SOURCE_DIR=/source" "-e" "USER_ID=1000" "-e" "CMD=cargo +beta-2018-10-30 build --frozen" "-e" "CARGO_TARGET_DIR=/target" "-e" "CARGO_INCREMENTAL=0" "-e" "RUST_BACKTRACE=full" "-e" "RUSTFLAGS=--cap-lints=warn" "-e" "CARGO_HOME=/cargo-home" "-e" "RUSTUP_HOME=/rustup-home" "-m" "1536M" "--network" "none" "crater"`
Nov 01 17:13:29.328 INFO blam! 1544298ec94302f979cb58d8895236a180818cc64c46a500607a7cbe71f21860
Nov 01 17:13:29.330 INFO running `"docker" "start" "-a" "1544298ec94302f979cb58d8895236a180818cc64c46a500607a7cbe71f21860"`
Nov 01 17:13:30.078 INFO kablam! usermod: no changes
Nov 01 17:13:30.190 INFO kablam!    Compiling petgraph v0.4.12
Nov 01 17:13:30.190 INFO kablam!    Compiling phf_generator v0.7.22
Nov 01 17:13:30.191 INFO kablam!    Compiling atty v0.1.2
Nov 01 17:13:30.191 INFO kablam!    Compiling digest v0.7.2
Nov 01 17:13:30.191 INFO kablam!    Compiling docopt v0.8.3
Nov 01 17:13:30.987 INFO kablam!    Compiling sha2 v0.7.1
Nov 01 17:13:31.264 INFO kablam!    Compiling string_cache_codegen v0.4.1
Nov 01 17:13:33.515 INFO kablam! error[E0034]: multiple applicable items in scope
Nov 01 17:13:33.515 INFO kablam!     --> /cargo-home/registry/src/github.com-1ecc6299db9ec823/petgraph-0.4.12/src/graph_impl/stable_graph/mod.rs:1171:19
Nov 01 17:13:33.516 INFO kablam!      |
Nov 01 17:13:33.516 INFO kablam! 1171 |         self.iter.find_map(|(i, node)| {
Nov 01 17:13:33.516 INFO kablam!      |                   ^^^^^^^^ multiple `find_map` found
Nov 01 17:13:33.517 INFO kablam!      |
Nov 01 17:13:33.517 INFO kablam! note: candidate #1 is defined in an impl of the trait `iter_utils::IterUtilsExt` for the type `_`
Nov 01 17:13:33.517 INFO kablam!     --> /cargo-home/registry/src/github.com-1ecc6299db9ec823/petgraph-0.4.12/src/iter_utils.rs:5:5
Nov 01 17:13:33.517 INFO kablam!      |
Nov 01 17:13:33.518 INFO kablam! 5    | /     fn find_map<F, R>(&mut self, mut f: F) -> Option<R>
Nov 01 17:13:33.518 INFO kablam! 6    | |         where F: FnMut(Self::Item) -> Option<R>
Nov 01 17:13:33.518 INFO kablam! 7    | |     {
Nov 01 17:13:33.518 INFO kablam! 8    | |         while let Some(elt) = self.next() {
Nov 01 17:13:33.519 INFO kablam! ...    |
Nov 01 17:13:33.519 INFO kablam! 13   | |         None
Nov 01 17:13:33.519 INFO kablam! 14   | |     }
Nov 01 17:13:33.520 INFO kablam!      | |_____^
Nov 01 17:13:33.520 INFO kablam!      = note: candidate #2 is defined in an impl of the trait `std::iter::Iterator` for the type `std::iter::Enumerate<_>`
Nov 01 17:13:33.520 INFO kablam! 
Nov 01 17:13:33.543 INFO kablam! error[E0034]: multiple applicable items in scope
Nov 01 17:13:33.543 INFO kablam!     --> /cargo-home/registry/src/github.com-1ecc6299db9ec823/petgraph-0.4.12/src/graph_impl/stable_graph/mod.rs:1363:19
Nov 01 17:13:33.544 INFO kablam!      |
Nov 01 17:13:33.544 INFO kablam! 1363 |         self.iter.find_map(|(i, edge)|
Nov 01 17:13:33.544 INFO kablam!      |                   ^^^^^^^^ multiple `find_map` found
Nov 01 17:13:33.544 INFO kablam!      |
Nov 01 17:13:33.545 INFO kablam! note: candidate #1 is defined in an impl of the trait `iter_utils::IterUtilsExt` for the type `_`
Nov 01 17:13:33.545 INFO kablam!     --> /cargo-home/registry/src/github.com-1ecc6299db9ec823/petgraph-0.4.12/src/iter_utils.rs:5:5
Nov 01 17:13:33.545 INFO kablam!      |
Nov 01 17:13:33.545 INFO kablam! 5    | /     fn find_map<F, R>(&mut self, mut f: F) -> Option<R>
Nov 01 17:13:33.546 INFO kablam! 6    | |         where F: FnMut(Self::Item) -> Option<R>
Nov 01 17:13:33.546 INFO kablam! 7    | |     {
Nov 01 17:13:33.546 INFO kablam! 8    | |         while let Some(elt) = self.next() {
Nov 01 17:13:33.547 INFO kablam! ...    |
Nov 01 17:13:33.547 INFO kablam! 13   | |         None
Nov 01 17:13:33.547 INFO kablam! 14   | |     }
Nov 01 17:13:33.547 INFO kablam!      | |_____^
Nov 01 17:13:33.548 INFO kablam!      = note: candidate #2 is defined in an impl of the trait `std::iter::Iterator` for the type `std::iter::Enumerate<_>`
Nov 01 17:13:33.548 INFO kablam! 
Nov 01 17:13:33.558 INFO kablam! error[E0034]: multiple applicable items in scope
Nov 01 17:13:33.559 INFO kablam!     --> /cargo-home/registry/src/github.com-1ecc6299db9ec823/petgraph-0.4.12/src/graph_impl/stable_graph/mod.rs:1527:19
Nov 01 17:13:33.559 INFO kablam!      |
Nov 01 17:13:33.559 INFO kablam! 1527 |         self.iter.find_map(|(i, node)| {
Nov 01 17:13:33.559 INFO kablam!      |                   ^^^^^^^^ multiple `find_map` found
Nov 01 17:13:33.559 INFO kablam!      |
Nov 01 17:13:33.559 INFO kablam! note: candidate #1 is defined in an impl of the trait `iter_utils::IterUtilsExt` for the type `_`
Nov 01 17:13:33.559 INFO kablam!     --> /cargo-home/registry/src/github.com-1ecc6299db9ec823/petgraph-0.4.12/src/iter_utils.rs:5:5
Nov 01 17:13:33.559 INFO kablam!      |
Nov 01 17:13:33.559 INFO kablam! 5    | /     fn find_map<F, R>(&mut self, mut f: F) -> Option<R>
Nov 01 17:13:33.559 INFO kablam! 6    | |         where F: FnMut(Self::Item) -> Option<R>
Nov 01 17:13:33.559 INFO kablam! 7    | |     {
Nov 01 17:13:33.559 INFO kablam! 8    | |         while let Some(elt) = self.next() {
Nov 01 17:13:33.559 INFO kablam! ...    |
Nov 01 17:13:33.559 INFO kablam! 13   | |         None
Nov 01 17:13:33.559 INFO kablam! 14   | |     }
Nov 01 17:13:33.559 INFO kablam!      | |_____^
Nov 01 17:13:33.559 INFO kablam!      = note: candidate #2 is defined in an impl of the trait `std::iter::Iterator` for the type `std::iter::Enumerate<_>`
Nov 01 17:13:33.559 INFO kablam! 
Nov 01 17:13:33.565 INFO kablam! error[E0034]: multiple applicable items in scope
Nov 01 17:13:33.565 INFO kablam!     --> /cargo-home/registry/src/github.com-1ecc6299db9ec823/petgraph-0.4.12/src/graph_impl/stable_graph/mod.rs:1573:19
Nov 01 17:13:33.565 INFO kablam!      |
Nov 01 17:13:33.565 INFO kablam! 1573 |         self.iter.find_map(|(i, node)| {
Nov 01 17:13:33.565 INFO kablam!      |                   ^^^^^^^^ multiple `find_map` found
Nov 01 17:13:33.566 INFO kablam!      |
Nov 01 17:13:33.566 INFO kablam! note: candidate #1 is defined in an impl of the trait `iter_utils::IterUtilsExt` for the type `_`
Nov 01 17:13:33.566 INFO kablam!     --> /cargo-home/registry/src/github.com-1ecc6299db9ec823/petgraph-0.4.12/src/iter_utils.rs:5:5
Nov 01 17:13:33.566 INFO kablam!      |
Nov 01 17:13:33.566 INFO kablam! 5    | /     fn find_map<F, R>(&mut self, mut f: F) -> Option<R>
Nov 01 17:13:33.566 INFO kablam! 6    | |         where F: FnMut(Self::Item) -> Option<R>
Nov 01 17:13:33.566 INFO kablam! 7    | |     {
Nov 01 17:13:33.567 INFO kablam! 8    | |         while let Some(elt) = self.next() {
Nov 01 17:13:33.567 INFO kablam! ...    |
Nov 01 17:13:33.567 INFO kablam! 13   | |         None
Nov 01 17:13:33.567 INFO kablam! 14   | |     }
Nov 01 17:13:33.567 INFO kablam!      | |_____^
Nov 01 17:13:33.567 INFO kablam!      = note: candidate #2 is defined in an impl of the trait `std::iter::Iterator` for the type `std::iter::Enumerate<_>`
Nov 01 17:13:33.567 INFO kablam! 
Nov 01 17:13:34.879 INFO kablam! error: aborting due to 4 previous errors
Nov 01 17:13:34.879 INFO kablam! 
Nov 01 17:13:34.879 INFO kablam! For more information about this error, try `rustc --explain E0034`.
Nov 01 17:13:34.891 INFO kablam! error: Could not compile `petgraph`.
Nov 01 17:13:34.891 INFO kablam! warning: build failed, waiting for other jobs to finish...
Nov 01 17:13:37.683 INFO kablam! error: build failed
Nov 01 17:13:37.687 INFO kablam! su: No module specific data is present
Nov 01 17:13:38.174 INFO running `"docker" "rm" "-f" "1544298ec94302f979cb58d8895236a180818cc64c46a500607a7cbe71f21860"`
Nov 01 17:13:38.505 INFO blam! 1544298ec94302f979cb58d8895236a180818cc64c46a500607a7cbe71f21860
