Nov 01 17:35:34.851 INFO testing Techcable/spanish-website against beta-2018-10-30 for beta-1.31-1
Nov 01 17:35:34.852 INFO running `"docker" "create" "-v" "/mnt/big/crater/work/local/target-dirs/beta-1.31-1/worker-6/beta-2018-10-30:/target:rw,Z" "-v" "/mnt/big/crater/work/local/test-source/worker-6/beta-1.31-1/beta-2018-10-30:/source:ro,Z" "-v" "/mnt/big/crater/work/local/cargo-home:/cargo-home:ro,Z" "-v" "/mnt/big/crater/work/local/rustup-home:/rustup-home:ro,Z" "-e" "USER_ID=1000" "-e" "SOURCE_DIR=/source" "-e" "USER_ID=1000" "-e" "CMD=cargo +beta-2018-10-30 build --frozen" "-e" "CARGO_TARGET_DIR=/target" "-e" "CARGO_INCREMENTAL=0" "-e" "RUST_BACKTRACE=full" "-e" "RUSTFLAGS=--cap-lints=warn" "-e" "CARGO_HOME=/cargo-home" "-e" "RUSTUP_HOME=/rustup-home" "-m" "1536M" "--network" "none" "crater"`
Nov 01 17:35:35.293 INFO blam! d4ced92b1c1314d4eb7779ddc317a110683e5ae0939ae68412b3b774081674cb
Nov 01 17:35:35.296 INFO running `"docker" "start" "-a" "d4ced92b1c1314d4eb7779ddc317a110683e5ae0939ae68412b3b774081674cb"`
Nov 01 17:35:37.527 INFO kablam! usermod: no changes
Nov 01 17:35:37.873 INFO kablam!    Compiling pear_codegen v0.0.20
Nov 01 17:35:37.873 INFO kablam!    Compiling rocket v0.3.16
Nov 01 17:35:37.873 INFO kablam!    Compiling rocket_codegen v0.3.16
Nov 01 17:35:37.899 INFO kablam!    Compiling toml v0.4.6
Nov 01 17:35:37.899 INFO kablam!    Compiling parking_lot_core v0.2.14
Nov 01 17:35:37.903 INFO kablam!    Compiling ring v0.11.0
Nov 01 17:35:38.519 INFO kablam! error: failed to run custom build command for `rocket v0.3.16`
Nov 01 17:35:38.519 INFO kablam! process didn't exit successfully: `/target/debug/build/rocket-9546155b43cfc76a/build-script-build` (exit code: 101)
Nov 01 17:35:38.519 INFO kablam! --- stderr
Nov 01 17:35:38.519 INFO kablam! [1;31mError:[0m [37mRocket requires a nightly or dev version of Rust.[0m
Nov 01 17:35:38.520 INFO kablam! [37mInstalled version is:[0m [33m1.31.0-beta.1 (2018-10-29)[0m. [37mMinimum required:[0m [33m1.27.0-nightly (2018-04-26)[0m.
Nov 01 17:35:38.520 INFO kablam! [34mSee the getting started guide ([0m[37mhttps://rocket.rs/guide/getting-started/[0m[34m) for more information.[0m
Nov 01 17:35:38.520 INFO kablam! thread 'main' panicked at 'Aborting compilation due to incompatible compiler.', /cargo-home/registry/src/github.com-1ecc6299db9ec823/rocket-0.3.16/build.rs:38:13
Nov 01 17:35:38.520 INFO kablam! stack backtrace:
Nov 01 17:35:38.520 INFO kablam!    0:     0x55614218925f - std::sys::unix::backtrace::tracing::imp::unwind_backtrace::h3c55afa80a996a32
Nov 01 17:35:38.520 INFO kablam!                                at libstd/sys/unix/backtrace/tracing/gcc_s.rs:49
Nov 01 17:35:38.520 INFO kablam!    1:     0x556142194c17 - std::sys_common::backtrace::print::hcef907ea7a07cd40
Nov 01 17:35:38.520 INFO kablam!                                at libstd/sys_common/backtrace.rs:71
Nov 01 17:35:38.520 INFO kablam!                                at libstd/sys_common/backtrace.rs:59
Nov 01 17:35:38.520 INFO kablam!    2:     0x55614218dadf - std::panicking::default_hook::{{closure}}::hf541876c65f36ea7
Nov 01 17:35:38.520 INFO kablam!                                at libstd/panicking.rs:211
Nov 01 17:35:38.520 INFO kablam!    3:     0x55614218d844 - std::panicking::default_hook::h4ecc06b30ae4459d
Nov 01 17:35:38.520 INFO kablam!                                at libstd/panicking.rs:227
Nov 01 17:35:38.520 INFO kablam!    4:     0x55614218e10e - std::panicking::rust_panic_with_hook::h0cc6d9cc9f34a947
Nov 01 17:35:38.520 INFO kablam!                                at libstd/panicking.rs:476
Nov 01 17:35:38.520 INFO kablam!    5:     0x556142160ac3 - std::panicking::begin_panic::h24634797a05f62e0
Nov 01 17:35:38.520 INFO kablam!                                at libstd/panicking.rs:410
Nov 01 17:35:38.520 INFO kablam!    6:     0x55614215eb85 - build_script_build::main::h8dd85931ae60270e
Nov 01 17:35:38.520 INFO kablam!                                at /cargo-home/registry/src/github.com-1ecc6299db9ec823/rocket-0.3.16/build.rs:38
Nov 01 17:35:38.520 INFO kablam!    7:     0x5561421613af - std::rt::lang_start::{{closure}}::h4a6e04d961ee78fb
Nov 01 17:35:38.520 INFO kablam!                                at libstd/rt.rs:74
Nov 01 17:35:38.520 INFO kablam!    8:     0x55614218db82 - std::panicking::try::do_call::h203c4989fde7f201
Nov 01 17:35:38.520 INFO kablam!                                at libstd/rt.rs:59
Nov 01 17:35:38.520 INFO kablam!                                at libstd/panicking.rs:310
Nov 01 17:35:38.520 INFO kablam!    9:     0x55614219fe49 - __rust_maybe_catch_panic
Nov 01 17:35:38.520 INFO kablam!                                at libpanic_unwind/lib.rs:102
Nov 01 17:35:38.520 INFO kablam!   10:     0x55614217d97a - std::rt::lang_start_internal::h80fd76ad39d9c8d9
Nov 01 17:35:38.520 INFO kablam!                                at libstd/panicking.rs:289
Nov 01 17:35:38.520 INFO kablam!                                at libstd/panic.rs:392
Nov 01 17:35:38.520 INFO kablam!                                at libstd/rt.rs:58
Nov 01 17:35:38.520 INFO kablam!   11:     0x556142161388 - std::rt::lang_start::h91a927b7d6adc1b6
Nov 01 17:35:38.520 INFO kablam!                                at libstd/rt.rs:74
Nov 01 17:35:38.520 INFO kablam!   12:     0x55614215fa59 - main
Nov 01 17:35:38.520 INFO kablam!   13:     0x7fcb4a03b82f - __libc_start_main
Nov 01 17:35:38.520 INFO kablam!   14:     0x55614215e228 - _start
Nov 01 17:35:38.520 INFO kablam!   15:                0x0 - <unknown>
Nov 01 17:35:38.520 INFO kablam! 
Nov 01 17:35:38.520 INFO kablam! warning: build failed, waiting for other jobs to finish...
Nov 01 17:35:38.587 INFO kablam! error: failed to run custom build command for `rocket_codegen v0.3.16`
Nov 01 17:35:38.587 INFO kablam! process didn't exit successfully: `/target/debug/build/rocket_codegen-6cf560e53b444db1/build-script-build` (exit code: 101)
Nov 01 17:35:38.587 INFO kablam! --- stderr
Nov 01 17:35:38.587 INFO kablam! [1;31mError:[0m [37mRocket requires a nightly or dev version of Rust.[0m
Nov 01 17:35:38.587 INFO kablam! [37mInstalled version is:[0m [33m1.31.0-beta.1 (2018-10-29)[0m. [37mMinimum required:[0m [33m1.30.0-nightly (2018-08-23)[0m.
Nov 01 17:35:38.587 INFO kablam! [34mSee the getting started guide ([0m[37mhttps://rocket.rs/guide/getting-started/[0m[34m) for more information.[0m
Nov 01 17:35:38.587 INFO kablam! thread 'main' panicked at 'Aborting compilation due to incompatible compiler.', /cargo-home/registry/src/github.com-1ecc6299db9ec823/rocket_codegen-0.3.16/build.rs:38:17
Nov 01 17:35:38.587 INFO kablam! stack backtrace:
Nov 01 17:35:38.587 INFO kablam!    0:     0x5604370ac24f - std::sys::unix::backtrace::tracing::imp::unwind_backtrace::h3c55afa80a996a32
Nov 01 17:35:38.587 INFO kablam!                                at libstd/sys/unix/backtrace/tracing/gcc_s.rs:49
Nov 01 17:35:38.587 INFO kablam!    1:     0x5604370b7c07 - std::sys_common::backtrace::print::hcef907ea7a07cd40
Nov 01 17:35:38.587 INFO kablam!                                at libstd/sys_common/backtrace.rs:71
Nov 01 17:35:38.587 INFO kablam!                                at libstd/sys_common/backtrace.rs:59
Nov 01 17:35:38.587 INFO kablam!    2:     0x5604370b0acf - std::panicking::default_hook::{{closure}}::hf541876c65f36ea7
Nov 01 17:35:38.587 INFO kablam!                                at libstd/panicking.rs:211
Nov 01 17:35:38.587 INFO kablam!    3:     0x5604370b0834 - std::panicking::default_hook::h4ecc06b30ae4459d
Nov 01 17:35:38.587 INFO kablam!                                at libstd/panicking.rs:227
Nov 01 17:35:38.587 INFO kablam!    4:     0x5604370b10fe - std::panicking::rust_panic_with_hook::h0cc6d9cc9f34a947
Nov 01 17:35:38.587 INFO kablam!                                at libstd/panicking.rs:476
Nov 01 17:35:38.587 INFO kablam!    5:     0x560437083ab3 - std::panicking::begin_panic::h92b9ad11cdbd0cdc
Nov 01 17:35:38.587 INFO kablam!                                at libstd/panicking.rs:410
Nov 01 17:35:38.587 INFO kablam!    6:     0x560437081b84 - build_script_build::main::hc83621e801ff522e
Nov 01 17:35:38.587 INFO kablam!                                at /cargo-home/registry/src/github.com-1ecc6299db9ec823/rocket_codegen-0.3.16/build.rs:38
Nov 01 17:35:38.587 INFO kablam!    7:     0x56043708439f - std::rt::lang_start::{{closure}}::h50f7e069571cb423
Nov 01 17:35:38.587 INFO kablam!                                at libstd/rt.rs:74
Nov 01 17:35:38.587 INFO kablam!    8:     0x5604370b0b72 - std::panicking::try::do_call::h203c4989fde7f201
Nov 01 17:35:38.587 INFO kablam!                                at libstd/rt.rs:59
Nov 01 17:35:38.587 INFO kablam!                                at libstd/panicking.rs:310
Nov 01 17:35:38.587 INFO kablam!    9:     0x5604370c2e39 - __rust_maybe_catch_panic
Nov 01 17:35:38.587 INFO kablam!                                at libpanic_unwind/lib.rs:102
Nov 01 17:35:38.587 INFO kablam!   10:     0x5604370a096a - std::rt::lang_start_internal::h80fd76ad39d9c8d9
Nov 01 17:35:38.587 INFO kablam!                                at libstd/panicking.rs:289
Nov 01 17:35:38.587 INFO kablam!                                at libstd/panic.rs:392
Nov 01 17:35:38.587 INFO kablam!                                at libstd/rt.rs:58
Nov 01 17:35:38.587 INFO kablam!   11:     0x560437084378 - std::rt::lang_start::h83a8313eb62a6a50
Nov 01 17:35:38.587 INFO kablam!                                at libstd/rt.rs:74
Nov 01 17:35:38.587 INFO kablam!   12:     0x560437082a49 - main
Nov 01 17:35:38.587 INFO kablam!   13:     0x7f9b5152d82f - __libc_start_main
Nov 01 17:35:38.587 INFO kablam!   14:     0x560437081228 - _start
Nov 01 17:35:38.587 INFO kablam!   15:                0x0 - <unknown>
Nov 01 17:35:38.587 INFO kablam! 
Nov 01 17:35:38.587 INFO kablam! warning: build failed, waiting for other jobs to finish...
Nov 01 17:35:38.603 INFO kablam! error: failed to run custom build command for `pear_codegen v0.0.20`
Nov 01 17:35:38.603 INFO kablam! process didn't exit successfully: `/target/debug/build/pear_codegen-0e03c189b0d326bf/build-script-build` (exit code: 101)
Nov 01 17:35:38.603 INFO kablam! --- stderr
Nov 01 17:35:38.603 INFO kablam! [1;31mError:[0m [37mPear requires a nightly or dev version of Rust.[0m
Nov 01 17:35:38.603 INFO kablam! [37mInstalled version is:[0m [33m1.31.0-beta.1 (2018-10-29)[0m. [37mMinimum required:[0m [33m1.30.0-nightly (2018-08-23)[0m.
Nov 01 17:35:38.603 INFO kablam! thread 'main' panicked at 'Aborting compilation due to incompatible compiler.', /cargo-home/registry/src/github.com-1ecc6299db9ec823/pear_codegen-0.0.20/build.rs:31:13
Nov 01 17:35:38.603 INFO kablam! stack backtrace:
Nov 01 17:35:38.603 INFO kablam!    0:     0x564fde72c01f - std::sys::unix::backtrace::tracing::imp::unwind_backtrace::h3c55afa80a996a32
Nov 01 17:35:38.603 INFO kablam!                                at libstd/sys/unix/backtrace/tracing/gcc_s.rs:49
Nov 01 17:35:38.603 INFO kablam!    1:     0x564fde7379d7 - std::sys_common::backtrace::print::hcef907ea7a07cd40
Nov 01 17:35:38.603 INFO kablam!                                at libstd/sys_common/backtrace.rs:71
Nov 01 17:35:38.603 INFO kablam!                                at libstd/sys_common/backtrace.rs:59
Nov 01 17:35:38.603 INFO kablam!    2:     0x564fde73089f - std::panicking::default_hook::{{closure}}::hf541876c65f36ea7
Nov 01 17:35:38.603 INFO kablam!                                at libstd/panicking.rs:211
Nov 01 17:35:38.603 INFO kablam!    3:     0x564fde730604 - std::panicking::default_hook::h4ecc06b30ae4459d
Nov 01 17:35:38.603 INFO kablam!                                at libstd/panicking.rs:227
Nov 01 17:35:38.603 INFO kablam!    4:     0x564fde730ece - std::panicking::rust_panic_with_hook::h0cc6d9cc9f34a947
Nov 01 17:35:38.603 INFO kablam!                                at libstd/panicking.rs:476
Nov 01 17:35:38.603 INFO kablam!    5:     0x564fde703883 - std::panicking::begin_panic::h7e40f4e8c5fa6614
Nov 01 17:35:38.603 INFO kablam!                                at libstd/panicking.rs:410
Nov 01 17:35:38.603 INFO kablam!    6:     0x564fde701948 - build_script_build::main::h1669b2562a281f0c
Nov 01 17:35:38.603 INFO kablam!                                at /cargo-home/registry/src/github.com-1ecc6299db9ec823/pear_codegen-0.0.20/build.rs:31
Nov 01 17:35:38.603 INFO kablam!    7:     0x564fde70416f - std::rt::lang_start::{{closure}}::h16e132b1dd9ed1a8
Nov 01 17:35:38.603 INFO kablam!                                at libstd/rt.rs:74
Nov 01 17:35:38.603 INFO kablam!    8:     0x564fde730942 - std::panicking::try::do_call::h203c4989fde7f201
Nov 01 17:35:38.603 INFO kablam!                                at libstd/rt.rs:59
Nov 01 17:35:38.603 INFO kablam!                                at libstd/panicking.rs:310
Nov 01 17:35:38.603 INFO kablam!    9:     0x564fde742c09 - __rust_maybe_catch_panic
Nov 01 17:35:38.603 INFO kablam!                                at libpanic_unwind/lib.rs:102
Nov 01 17:35:38.603 INFO kablam!   10:     0x564fde72073a - std::rt::lang_start_internal::h80fd76ad39d9c8d9
Nov 01 17:35:38.603 INFO kablam!                                at libstd/panicking.rs:289
Nov 01 17:35:38.603 INFO kablam!                                at libstd/panic.rs:392
Nov 01 17:35:38.603 INFO kablam!                                at libstd/rt.rs:58
Nov 01 17:35:38.603 INFO kablam!   11:     0x564fde704148 - std::rt::lang_start::heb8c1134759eb26f
Nov 01 17:35:38.603 INFO kablam!                                at libstd/rt.rs:74
Nov 01 17:35:38.603 INFO kablam!   12:     0x564fde702819 - main
Nov 01 17:35:38.603 INFO kablam!   13:     0x7f368e8eb82f - __libc_start_main
Nov 01 17:35:38.603 INFO kablam!   14:     0x564fde701228 - _start
Nov 01 17:35:38.603 INFO kablam!   15:                0x0 - <unknown>
Nov 01 17:35:38.603 INFO kablam! 
Nov 01 17:35:38.603 INFO kablam! warning: build failed, waiting for other jobs to finish...
Nov 01 17:35:40.954 INFO kablam! error[E0554]: #![feature] may not be used on the beta release channel
Nov 01 17:35:40.954 INFO kablam!   --> /cargo-home/registry/src/github.com-1ecc6299db9ec823/parking_lot_core-0.2.14/src/lib.rs:41:60
Nov 01 17:35:40.954 INFO kablam!    |
Nov 01 17:35:40.954 INFO kablam! 41 | #![cfg_attr(all(feature = "nightly", target_os = "linux"), feature(integer_atomics))]
Nov 01 17:35:40.954 INFO kablam!    |                                                            ^^^^^^^^^^^^^^^^^^^^^^^^
Nov 01 17:35:40.954 INFO kablam! 
Nov 01 17:35:40.955 INFO kablam! error: aborting due to previous error
Nov 01 17:35:40.955 INFO kablam! 
Nov 01 17:35:40.955 INFO kablam! For more information about this error, try `rustc --explain E0554`.
Nov 01 17:35:40.979 INFO kablam! error: Could not compile `parking_lot_core`.
Nov 01 17:35:40.979 INFO kablam! warning: build failed, waiting for other jobs to finish...
Nov 01 17:35:45.781 INFO kablam! error: build failed
Nov 01 17:35:45.784 INFO kablam! su: No module specific data is present
Nov 01 17:35:47.442 INFO running `"docker" "rm" "-f" "d4ced92b1c1314d4eb7779ddc317a110683e5ae0939ae68412b3b774081674cb"`
Nov 01 17:35:47.771 INFO blam! d4ced92b1c1314d4eb7779ddc317a110683e5ae0939ae68412b3b774081674cb
