Nov 01 17:50:21.512 INFO testing Soft/advent-of-code against 1.30.0 for beta-1.31-1
Nov 01 17:50:21.512 INFO running `"docker" "create" "-v" "/mnt/big/crater/work/local/target-dirs/beta-1.31-1/worker-4/1.30.0:/target:rw,Z" "-v" "/mnt/big/crater/work/local/test-source/worker-4/beta-1.31-1/1.30.0:/source:ro,Z" "-v" "/mnt/big/crater/work/local/cargo-home:/cargo-home:ro,Z" "-v" "/mnt/big/crater/work/local/rustup-home:/rustup-home:ro,Z" "-e" "USER_ID=1000" "-e" "SOURCE_DIR=/source" "-e" "USER_ID=1000" "-e" "CMD=cargo +1.30.0 build --frozen" "-e" "CARGO_TARGET_DIR=/target" "-e" "CARGO_INCREMENTAL=0" "-e" "RUST_BACKTRACE=full" "-e" "RUSTFLAGS=--cap-lints=warn" "-e" "CARGO_HOME=/cargo-home" "-e" "RUSTUP_HOME=/rustup-home" "-m" "1536M" "--network" "none" "crater"`
Nov 01 17:50:21.693 INFO blam! 6e1e8727be55bb76518209d12c00bde248a1c3c9df941eb2da103d476351efa7
Nov 01 17:50:21.695 INFO running `"docker" "start" "-a" "6e1e8727be55bb76518209d12c00bde248a1c3c9df941eb2da103d476351efa7"`
Nov 01 17:50:22.203 INFO kablam! usermod: no changes
Nov 01 17:50:22.299 INFO kablam!    Compiling ordermap v0.3.2
Nov 01 17:50:22.299 INFO kablam!    Compiling knot-hash v0.1.0 (/source/knot-hash)
Nov 01 17:50:24.123 INFO kablam!    Compiling petgraph v0.4.10
Nov 01 17:50:26.172 INFO kablam! error[E0034]: multiple applicable items in scope
Nov 01 17:50:26.172 INFO kablam!     --> /cargo-home/registry/src/github.com-1ecc6299db9ec823/petgraph-0.4.10/src/graph_impl/stable_graph/mod.rs:1173:19
Nov 01 17:50:26.172 INFO kablam!      |
Nov 01 17:50:26.172 INFO kablam! 1173 |         self.iter.find_map(|(i, node)| {
Nov 01 17:50:26.172 INFO kablam!      |                   ^^^^^^^^ multiple `find_map` found
Nov 01 17:50:26.172 INFO kablam!      |
Nov 01 17:50:26.172 INFO kablam! note: candidate #1 is defined in an impl of the trait `iter_utils::IterUtilsExt` for the type `_`
Nov 01 17:50:26.172 INFO kablam!     --> /cargo-home/registry/src/github.com-1ecc6299db9ec823/petgraph-0.4.10/src/iter_utils.rs:5:5
Nov 01 17:50:26.172 INFO kablam!      |
Nov 01 17:50:26.172 INFO kablam! 5    | /     fn find_map<F, R>(&mut self, mut f: F) -> Option<R>
Nov 01 17:50:26.172 INFO kablam! 6    | |         where F: FnMut(Self::Item) -> Option<R>
Nov 01 17:50:26.172 INFO kablam! 7    | |     {
Nov 01 17:50:26.172 INFO kablam! 8    | |         while let Some(elt) = self.next() {
Nov 01 17:50:26.172 INFO kablam! ...    |
Nov 01 17:50:26.172 INFO kablam! 13   | |         None
Nov 01 17:50:26.172 INFO kablam! 14   | |     }
Nov 01 17:50:26.172 INFO kablam!      | |_____^
Nov 01 17:50:26.172 INFO kablam!      = note: candidate #2 is defined in an impl of the trait `std::iter::Iterator` for the type `std::iter::Enumerate<_>`
Nov 01 17:50:26.172 INFO kablam! 
Nov 01 17:50:26.187 INFO kablam! error[E0034]: multiple applicable items in scope
Nov 01 17:50:26.187 INFO kablam!     --> /cargo-home/registry/src/github.com-1ecc6299db9ec823/petgraph-0.4.10/src/graph_impl/stable_graph/mod.rs:1365:19
Nov 01 17:50:26.187 INFO kablam!      |
Nov 01 17:50:26.187 INFO kablam! 1365 |         self.iter.find_map(|(i, edge)|
Nov 01 17:50:26.187 INFO kablam!      |                   ^^^^^^^^ multiple `find_map` found
Nov 01 17:50:26.187 INFO kablam!      |
Nov 01 17:50:26.187 INFO kablam! note: candidate #1 is defined in an impl of the trait `iter_utils::IterUtilsExt` for the type `_`
Nov 01 17:50:26.187 INFO kablam!     --> /cargo-home/registry/src/github.com-1ecc6299db9ec823/petgraph-0.4.10/src/iter_utils.rs:5:5
Nov 01 17:50:26.187 INFO kablam!      |
Nov 01 17:50:26.187 INFO kablam! 5    | /     fn find_map<F, R>(&mut self, mut f: F) -> Option<R>
Nov 01 17:50:26.187 INFO kablam! 6    | |         where F: FnMut(Self::Item) -> Option<R>
Nov 01 17:50:26.187 INFO kablam! 7    | |     {
Nov 01 17:50:26.187 INFO kablam! 8    | |         while let Some(elt) = self.next() {
Nov 01 17:50:26.187 INFO kablam! ...    |
Nov 01 17:50:26.187 INFO kablam! 13   | |         None
Nov 01 17:50:26.187 INFO kablam! 14   | |     }
Nov 01 17:50:26.187 INFO kablam!      | |_____^
Nov 01 17:50:26.187 INFO kablam!      = note: candidate #2 is defined in an impl of the trait `std::iter::Iterator` for the type `std::iter::Enumerate<_>`
Nov 01 17:50:26.187 INFO kablam! 
Nov 01 17:50:26.195 INFO kablam! error[E0034]: multiple applicable items in scope
Nov 01 17:50:26.195 INFO kablam!     --> /cargo-home/registry/src/github.com-1ecc6299db9ec823/petgraph-0.4.10/src/graph_impl/stable_graph/mod.rs:1529:19
Nov 01 17:50:26.195 INFO kablam!      |
Nov 01 17:50:26.195 INFO kablam! 1529 |         self.iter.find_map(|(i, node)| {
Nov 01 17:50:26.195 INFO kablam!      |                   ^^^^^^^^ multiple `find_map` found
Nov 01 17:50:26.195 INFO kablam!      |
Nov 01 17:50:26.195 INFO kablam! note: candidate #1 is defined in an impl of the trait `iter_utils::IterUtilsExt` for the type `_`
Nov 01 17:50:26.195 INFO kablam!     --> /cargo-home/registry/src/github.com-1ecc6299db9ec823/petgraph-0.4.10/src/iter_utils.rs:5:5
Nov 01 17:50:26.195 INFO kablam!      |
Nov 01 17:50:26.195 INFO kablam! 5    | /     fn find_map<F, R>(&mut self, mut f: F) -> Option<R>
Nov 01 17:50:26.195 INFO kablam! 6    | |         where F: FnMut(Self::Item) -> Option<R>
Nov 01 17:50:26.195 INFO kablam! 7    | |     {
Nov 01 17:50:26.195 INFO kablam! 8    | |         while let Some(elt) = self.next() {
Nov 01 17:50:26.195 INFO kablam! ...    |
Nov 01 17:50:26.195 INFO kablam! 13   | |         None
Nov 01 17:50:26.195 INFO kablam! 14   | |     }
Nov 01 17:50:26.195 INFO kablam!      | |_____^
Nov 01 17:50:26.195 INFO kablam!      = note: candidate #2 is defined in an impl of the trait `std::iter::Iterator` for the type `std::iter::Enumerate<_>`
Nov 01 17:50:26.195 INFO kablam! 
Nov 01 17:50:26.199 INFO kablam! error[E0034]: multiple applicable items in scope
Nov 01 17:50:26.199 INFO kablam!     --> /cargo-home/registry/src/github.com-1ecc6299db9ec823/petgraph-0.4.10/src/graph_impl/stable_graph/mod.rs:1575:19
Nov 01 17:50:26.199 INFO kablam!      |
Nov 01 17:50:26.199 INFO kablam! 1575 |         self.iter.find_map(|(i, node)| {
Nov 01 17:50:26.199 INFO kablam!      |                   ^^^^^^^^ multiple `find_map` found
Nov 01 17:50:26.199 INFO kablam!      |
Nov 01 17:50:26.199 INFO kablam! note: candidate #1 is defined in an impl of the trait `iter_utils::IterUtilsExt` for the type `_`
Nov 01 17:50:26.199 INFO kablam!     --> /cargo-home/registry/src/github.com-1ecc6299db9ec823/petgraph-0.4.10/src/iter_utils.rs:5:5
Nov 01 17:50:26.199 INFO kablam!      |
Nov 01 17:50:26.199 INFO kablam! 5    | /     fn find_map<F, R>(&mut self, mut f: F) -> Option<R>
Nov 01 17:50:26.199 INFO kablam! 6    | |         where F: FnMut(Self::Item) -> Option<R>
Nov 01 17:50:26.199 INFO kablam! 7    | |     {
Nov 01 17:50:26.199 INFO kablam! 8    | |         while let Some(elt) = self.next() {
Nov 01 17:50:26.199 INFO kablam! ...    |
Nov 01 17:50:26.199 INFO kablam! 13   | |         None
Nov 01 17:50:26.199 INFO kablam! 14   | |     }
Nov 01 17:50:26.199 INFO kablam!      | |_____^
Nov 01 17:50:26.199 INFO kablam!      = note: candidate #2 is defined in an impl of the trait `std::iter::Iterator` for the type `std::iter::Enumerate<_>`
Nov 01 17:50:26.199 INFO kablam! 
Nov 01 17:50:26.475 INFO kablam! error: aborting due to 4 previous errors
Nov 01 17:50:26.475 INFO kablam! 
Nov 01 17:50:26.475 INFO kablam! For more information about this error, try `rustc --explain E0034`.
Nov 01 17:50:26.484 INFO kablam! error: Could not compile `petgraph`.
Nov 01 17:50:26.484 INFO kablam! 
Nov 01 17:50:26.484 INFO kablam! To learn more, run the command again with --verbose.
Nov 01 17:50:26.484 INFO kablam! su: No module specific data is present
Nov 01 17:50:27.107 INFO running `"docker" "rm" "-f" "6e1e8727be55bb76518209d12c00bde248a1c3c9df941eb2da103d476351efa7"`
Nov 01 17:50:27.336 INFO blam! 6e1e8727be55bb76518209d12c00bde248a1c3c9df941eb2da103d476351efa7
