Nov 01 18:21:08.138 INFO testing RemiliaForever/koumakan against beta-2018-10-30 for beta-1.31-1
Nov 01 18:21:08.138 INFO running `"docker" "create" "-v" "/mnt/big/crater/work/local/target-dirs/beta-1.31-1/worker-3/beta-2018-10-30:/target:rw,Z" "-v" "/mnt/big/crater/work/local/test-source/worker-3/beta-1.31-1/beta-2018-10-30:/source:ro,Z" "-v" "/mnt/big/crater/work/local/cargo-home:/cargo-home:ro,Z" "-v" "/mnt/big/crater/work/local/rustup-home:/rustup-home:ro,Z" "-e" "USER_ID=1000" "-e" "SOURCE_DIR=/source" "-e" "USER_ID=1000" "-e" "CMD=cargo +beta-2018-10-30 build --frozen" "-e" "CARGO_TARGET_DIR=/target" "-e" "CARGO_INCREMENTAL=0" "-e" "RUST_BACKTRACE=full" "-e" "RUSTFLAGS=--cap-lints=warn" "-e" "CARGO_HOME=/cargo-home" "-e" "RUSTUP_HOME=/rustup-home" "-m" "1536M" "--network" "none" "crater"`
Nov 01 18:21:08.356 INFO blam! 6b435020cfa411c12d1077ed77112a1eecc0067906b47e77e1c63e48b2c43942
Nov 01 18:21:08.363 INFO running `"docker" "start" "-a" "6b435020cfa411c12d1077ed77112a1eecc0067906b47e77e1c63e48b2c43942"`
Nov 01 18:21:09.155 INFO kablam! usermod: no changes
Nov 01 18:21:09.210 INFO kablam! warning: the cargo feature `edition` is now stable and is no longer necessary to be listed in the manifest
Nov 01 18:21:09.535 INFO kablam!    Compiling md5 v0.4.0
Nov 01 18:21:09.536 INFO kablam!    Compiling email v0.0.20
Nov 01 18:21:09.551 INFO kablam!    Compiling libsqlite3-sys v0.9.3
Nov 01 18:21:09.554 INFO kablam!    Compiling lettre v0.8.2
Nov 01 18:21:09.560 INFO kablam!    Compiling pear_codegen v0.0.20
Nov 01 18:21:09.560 INFO kablam!    Compiling rocket v0.3.17
Nov 01 18:21:09.561 INFO kablam!    Compiling rocket_codegen v0.3.17
Nov 01 18:21:09.571 INFO kablam!    Compiling twoway v0.1.8
Nov 01 18:21:10.174 INFO kablam! error: failed to run custom build command for `rocket v0.3.17`
Nov 01 18:21:10.174 INFO kablam! process didn't exit successfully: `/target/debug/build/rocket-cb4e687dd7ec0f74/build-script-build` (exit code: 101)
Nov 01 18:21:10.174 INFO kablam! --- stderr
Nov 01 18:21:10.174 INFO kablam! [1;31mError:[0m [37mRocket requires a nightly or dev version of Rust.[0m
Nov 01 18:21:10.174 INFO kablam! [37mInstalled version is:[0m [33m1.31.0-beta.1 (2018-10-29)[0m. [37mMinimum required:[0m [33m1.27.0-nightly (2018-04-26)[0m.
Nov 01 18:21:10.174 INFO kablam! [34mSee the getting started guide ([0m[37mhttps://rocket.rs/guide/getting-started/[0m[34m) for more information.[0m
Nov 01 18:21:10.174 INFO kablam! thread 'main' panicked at 'Aborting compilation due to incompatible compiler.', /cargo-home/registry/src/github.com-1ecc6299db9ec823/rocket-0.3.17/build.rs:38:13
Nov 01 18:21:10.174 INFO kablam! stack backtrace:
Nov 01 18:21:10.174 INFO kablam!    0:     0x5564981b23df - std::sys::unix::backtrace::tracing::imp::unwind_backtrace::h3c55afa80a996a32
Nov 01 18:21:10.174 INFO kablam!                                at libstd/sys/unix/backtrace/tracing/gcc_s.rs:49
Nov 01 18:21:10.174 INFO kablam!    1:     0x5564981bdd97 - std::sys_common::backtrace::print::hcef907ea7a07cd40
Nov 01 18:21:10.174 INFO kablam!                                at libstd/sys_common/backtrace.rs:71
Nov 01 18:21:10.174 INFO kablam!                                at libstd/sys_common/backtrace.rs:59
Nov 01 18:21:10.174 INFO kablam!    2:     0x5564981b6c5f - std::panicking::default_hook::{{closure}}::hf541876c65f36ea7
Nov 01 18:21:10.174 INFO kablam!                                at libstd/panicking.rs:211
Nov 01 18:21:10.174 INFO kablam!    3:     0x5564981b69c4 - std::panicking::default_hook::h4ecc06b30ae4459d
Nov 01 18:21:10.174 INFO kablam!                                at libstd/panicking.rs:227
Nov 01 18:21:10.174 INFO kablam!    4:     0x5564981b728e - std::panicking::rust_panic_with_hook::h0cc6d9cc9f34a947
Nov 01 18:21:10.174 INFO kablam!                                at libstd/panicking.rs:476
Nov 01 18:21:10.174 INFO kablam!    5:     0x556498188ef3 - std::panicking::begin_panic::h28700b8304268d0b
Nov 01 18:21:10.174 INFO kablam!                                at libstd/panicking.rs:410
Nov 01 18:21:10.174 INFO kablam!    6:     0x556498186fb5 - build_script_build::main::h8cdbd2e3e3584058
Nov 01 18:21:10.174 INFO kablam!                                at /cargo-home/registry/src/github.com-1ecc6299db9ec823/rocket-0.3.17/build.rs:38
Nov 01 18:21:10.174 INFO kablam!    7:     0x5564981897df - std::rt::lang_start::{{closure}}::h649328ad8e864661
Nov 01 18:21:10.174 INFO kablam!                                at libstd/rt.rs:74
Nov 01 18:21:10.174 INFO kablam!    8:     0x5564981b6d02 - std::panicking::try::do_call::h203c4989fde7f201
Nov 01 18:21:10.174 INFO kablam!                                at libstd/rt.rs:59
Nov 01 18:21:10.174 INFO kablam!                                at libstd/panicking.rs:310
Nov 01 18:21:10.174 INFO kablam!    9:     0x5564981c8fc9 - __rust_maybe_catch_panic
Nov 01 18:21:10.174 INFO kablam!                                at libpanic_unwind/lib.rs:102
Nov 01 18:21:10.174 INFO kablam!   10:     0x5564981a6afa - std::rt::lang_start_internal::h80fd76ad39d9c8d9
Nov 01 18:21:10.174 INFO kablam!                                at libstd/panicking.rs:289
Nov 01 18:21:10.174 INFO kablam!                                at libstd/panic.rs:392
Nov 01 18:21:10.174 INFO kablam!                                at libstd/rt.rs:58
Nov 01 18:21:10.174 INFO kablam!   11:     0x5564981897b8 - std::rt::lang_start::h4644da082745a404
Nov 01 18:21:10.174 INFO kablam!                                at libstd/rt.rs:74
Nov 01 18:21:10.174 INFO kablam!   12:     0x556498187e89 - main
Nov 01 18:21:10.174 INFO kablam!   13:     0x7f3e2abe582f - __libc_start_main
Nov 01 18:21:10.174 INFO kablam!   14:     0x556498186658 - _start
Nov 01 18:21:10.174 INFO kablam!   15:                0x0 - <unknown>
Nov 01 18:21:10.174 INFO kablam! 
Nov 01 18:21:10.174 INFO kablam! warning: build failed, waiting for other jobs to finish...
Nov 01 18:21:10.211 INFO kablam! error: failed to run custom build command for `pear_codegen v0.0.20`
Nov 01 18:21:10.211 INFO kablam! process didn't exit successfully: `/target/debug/build/pear_codegen-664845dd6aed6dd0/build-script-build` (exit code: 101)
Nov 01 18:21:10.212 INFO kablam! --- stderr
Nov 01 18:21:10.212 INFO kablam! [1;31mError:[0m [37mPear requires a nightly or dev version of Rust.[0m
Nov 01 18:21:10.212 INFO kablam! [37mInstalled version is:[0m [33m1.31.0-beta.1 (2018-10-29)[0m. [37mMinimum required:[0m [33m1.30.0-nightly (2018-08-23)[0m.
Nov 01 18:21:10.212 INFO kablam! thread 'main' panicked at 'Aborting compilation due to incompatible compiler.', /cargo-home/registry/src/github.com-1ecc6299db9ec823/pear_codegen-0.0.20/build.rs:31:13
Nov 01 18:21:10.212 INFO kablam! stack backtrace:
Nov 01 18:21:10.212 INFO kablam!    0:     0x55be8a25d19f - std::sys::unix::backtrace::tracing::imp::unwind_backtrace::h3c55afa80a996a32
Nov 01 18:21:10.213 INFO kablam!                                at libstd/sys/unix/backtrace/tracing/gcc_s.rs:49
Nov 01 18:21:10.213 INFO kablam!    1:     0x55be8a268b57 - std::sys_common::backtrace::print::hcef907ea7a07cd40
Nov 01 18:21:10.213 INFO kablam!                                at libstd/sys_common/backtrace.rs:71
Nov 01 18:21:10.213 INFO kablam!                                at libstd/sys_common/backtrace.rs:59
Nov 01 18:21:10.213 INFO kablam!    2:     0x55be8a261a1f - std::panicking::default_hook::{{closure}}::hf541876c65f36ea7
Nov 01 18:21:10.213 INFO kablam!                                at libstd/panicking.rs:211
Nov 01 18:21:10.214 INFO kablam!    3:     0x55be8a261784 - std::panicking::default_hook::h4ecc06b30ae4459d
Nov 01 18:21:10.214 INFO kablam!                                at libstd/panicking.rs:227
Nov 01 18:21:10.214 INFO kablam!    4:     0x55be8a26204e - std::panicking::rust_panic_with_hook::h0cc6d9cc9f34a947
Nov 01 18:21:10.214 INFO kablam!                                at libstd/panicking.rs:476
Nov 01 18:21:10.214 INFO kablam!    5:     0x55be8a233cb3 - std::panicking::begin_panic::he74e7211d5b546cb
Nov 01 18:21:10.214 INFO kablam!                                at libstd/panicking.rs:410
Nov 01 18:21:10.215 INFO kablam!    6:     0x55be8a231d78 - build_script_build::main::hedbae8bae3446c65
Nov 01 18:21:10.215 INFO kablam!                                at /cargo-home/registry/src/github.com-1ecc6299db9ec823/pear_codegen-0.0.20/build.rs:31
Nov 01 18:21:10.215 INFO kablam!    7:     0x55be8a23459f - std::rt::lang_start::{{closure}}::h2d9ec1eb962f5200
Nov 01 18:21:10.215 INFO kablam!                                at libstd/rt.rs:74
Nov 01 18:21:10.215 INFO kablam!    8:     0x55be8a261ac2 - std::panicking::try::do_call::h203c4989fde7f201
Nov 01 18:21:10.215 INFO kablam!                                at libstd/rt.rs:59
Nov 01 18:21:10.216 INFO kablam!                                at libstd/panicking.rs:310
Nov 01 18:21:10.216 INFO kablam!    9:     0x55be8a273d89 - __rust_maybe_catch_panic
Nov 01 18:21:10.216 INFO kablam!                                at libpanic_unwind/lib.rs:102
Nov 01 18:21:10.216 INFO kablam!   10:     0x55be8a2518ba - std::rt::lang_start_internal::h80fd76ad39d9c8d9
Nov 01 18:21:10.216 INFO kablam!                                at libstd/panicking.rs:289
Nov 01 18:21:10.216 INFO kablam!                                at libstd/panic.rs:392
Nov 01 18:21:10.216 INFO kablam!                                at libstd/rt.rs:58
Nov 01 18:21:10.217 INFO kablam!   11:     0x55be8a234578 - std::rt::lang_start::h0eae701c0adc29c7
Nov 01 18:21:10.217 INFO kablam!                                at libstd/rt.rs:74
Nov 01 18:21:10.217 INFO kablam!   12:     0x55be8a232c49 - main
Nov 01 18:21:10.217 INFO kablam!   13:     0x7f346bc7382f - __libc_start_main
Nov 01 18:21:10.217 INFO kablam!   14:     0x55be8a231658 - _start
Nov 01 18:21:10.217 INFO kablam!   15:                0x0 - <unknown>
Nov 01 18:21:10.218 INFO kablam! 
Nov 01 18:21:10.218 INFO kablam! warning: build failed, waiting for other jobs to finish...
Nov 01 18:21:10.279 INFO kablam! error: failed to run custom build command for `rocket_codegen v0.3.17`
Nov 01 18:21:10.279 INFO kablam! process didn't exit successfully: `/target/debug/build/rocket_codegen-001adb6f7eb89bc1/build-script-build` (exit code: 101)
Nov 01 18:21:10.280 INFO kablam! --- stderr
Nov 01 18:21:10.280 INFO kablam! [1;31mError:[0m [37mRocket requires a nightly or dev version of Rust.[0m
Nov 01 18:21:10.280 INFO kablam! [37mInstalled version is:[0m [33m1.31.0-beta.1 (2018-10-29)[0m. [37mMinimum required:[0m [33m1.30.0-nightly (2018-08-23)[0m.
Nov 01 18:21:10.280 INFO kablam! [34mSee the getting started guide ([0m[37mhttps://rocket.rs/guide/getting-started/[0m[34m) for more information.[0m
Nov 01 18:21:10.281 INFO kablam! thread 'main' panicked at 'Aborting compilation due to incompatible compiler.', /cargo-home/registry/src/github.com-1ecc6299db9ec823/rocket_codegen-0.3.17/build.rs:38:17
Nov 01 18:21:10.281 INFO kablam! stack backtrace:
Nov 01 18:21:10.281 INFO kablam!    0:     0x55cb49fe33cf - std::sys::unix::backtrace::tracing::imp::unwind_backtrace::h3c55afa80a996a32
Nov 01 18:21:10.282 INFO kablam!                                at libstd/sys/unix/backtrace/tracing/gcc_s.rs:49
Nov 01 18:21:10.282 INFO kablam!    1:     0x55cb49feed87 - std::sys_common::backtrace::print::hcef907ea7a07cd40
Nov 01 18:21:10.282 INFO kablam!                                at libstd/sys_common/backtrace.rs:71
Nov 01 18:21:10.282 INFO kablam!                                at libstd/sys_common/backtrace.rs:59
Nov 01 18:21:10.283 INFO kablam!    2:     0x55cb49fe7c4f - std::panicking::default_hook::{{closure}}::hf541876c65f36ea7
Nov 01 18:21:10.283 INFO kablam!                                at libstd/panicking.rs:211
Nov 01 18:21:10.283 INFO kablam!    3:     0x55cb49fe79b4 - std::panicking::default_hook::h4ecc06b30ae4459d
Nov 01 18:21:10.283 INFO kablam!                                at libstd/panicking.rs:227
Nov 01 18:21:10.284 INFO kablam!    4:     0x55cb49fe827e - std::panicking::rust_panic_with_hook::h0cc6d9cc9f34a947
Nov 01 18:21:10.284 INFO kablam!                                at libstd/panicking.rs:476
Nov 01 18:21:10.284 INFO kablam!    5:     0x55cb49fb9ee3 - std::panicking::begin_panic::h05d80b8b48e3c319
Nov 01 18:21:10.285 INFO kablam!                                at libstd/panicking.rs:410
Nov 01 18:21:10.285 INFO kablam!    6:     0x55cb49fb7fb4 - build_script_build::main::hc35a3f8ce7cb97ca
Nov 01 18:21:10.285 INFO kablam!                                at /cargo-home/registry/src/github.com-1ecc6299db9ec823/rocket_codegen-0.3.17/build.rs:38
Nov 01 18:21:10.285 INFO kablam!    7:     0x55cb49fba7cf - std::rt::lang_start::{{closure}}::h313a9fb24de9d0a7
Nov 01 18:21:10.286 INFO kablam!                                at libstd/rt.rs:74
Nov 01 18:21:10.286 INFO kablam!    8:     0x55cb49fe7cf2 - std::panicking::try::do_call::h203c4989fde7f201
Nov 01 18:21:10.286 INFO kablam!                                at libstd/rt.rs:59
Nov 01 18:21:10.286 INFO kablam!                                at libstd/panicking.rs:310
Nov 01 18:21:10.287 INFO kablam!    9:     0x55cb49ff9fb9 - __rust_maybe_catch_panic
Nov 01 18:21:10.287 INFO kablam!                                at libpanic_unwind/lib.rs:102
Nov 01 18:21:10.287 INFO kablam!   10:     0x55cb49fd7aea - std::rt::lang_start_internal::h80fd76ad39d9c8d9
Nov 01 18:21:10.287 INFO kablam!                                at libstd/panicking.rs:289
Nov 01 18:21:10.288 INFO kablam!                                at libstd/panic.rs:392
Nov 01 18:21:10.288 INFO kablam!                                at libstd/rt.rs:58
Nov 01 18:21:10.288 INFO kablam!   11:     0x55cb49fba7a8 - std::rt::lang_start::hd4c3da2b0f62cbe1
Nov 01 18:21:10.288 INFO kablam!                                at libstd/rt.rs:74
Nov 01 18:21:10.289 INFO kablam!   12:     0x55cb49fb8e79 - main
Nov 01 18:21:10.289 INFO kablam!   13:     0x7f8e9381f82f - __libc_start_main
Nov 01 18:21:10.289 INFO kablam!   14:     0x55cb49fb7658 - _start
Nov 01 18:21:10.290 INFO kablam!   15:                0x0 - <unknown>
Nov 01 18:21:10.290 INFO kablam! 
Nov 01 18:21:10.290 INFO kablam! warning: build failed, waiting for other jobs to finish...
Nov 01 18:21:12.099 INFO kablam! error: build failed
Nov 01 18:21:12.099 INFO kablam! su: No module specific data is present
Nov 01 18:21:12.663 INFO running `"docker" "rm" "-f" "6b435020cfa411c12d1077ed77112a1eecc0067906b47e77e1c63e48b2c43942"`
Nov 01 18:21:12.911 INFO blam! 6b435020cfa411c12d1077ed77112a1eecc0067906b47e77e1c63e48b2c43942
