Nov 01 18:33:56.524 INFO testing ProgrammingRust/antisamples against beta-2018-10-30 for beta-1.31-1
Nov 01 18:33:56.524 INFO running `"docker" "create" "-v" "/mnt/big/crater/work/local/target-dirs/beta-1.31-1/worker-4/beta-2018-10-30:/target:rw,Z" "-v" "/mnt/big/crater/work/local/test-source/worker-4/beta-1.31-1/beta-2018-10-30:/source:ro,Z" "-v" "/mnt/big/crater/work/local/cargo-home:/cargo-home:ro,Z" "-v" "/mnt/big/crater/work/local/rustup-home:/rustup-home:ro,Z" "-e" "USER_ID=1000" "-e" "SOURCE_DIR=/source" "-e" "USER_ID=1000" "-e" "CMD=cargo +beta-2018-10-30 build --frozen" "-e" "CARGO_TARGET_DIR=/target" "-e" "CARGO_INCREMENTAL=0" "-e" "RUST_BACKTRACE=full" "-e" "RUSTFLAGS=--cap-lints=warn" "-e" "CARGO_HOME=/cargo-home" "-e" "RUSTUP_HOME=/rustup-home" "-m" "1536M" "--network" "none" "crater"`
Nov 01 18:33:56.980 INFO blam! e625a4aca5773607829c67c142da63511a87060053d984be1b2bb07726c64576
Nov 01 18:33:56.983 INFO running `"docker" "start" "-a" "e625a4aca5773607829c67c142da63511a87060053d984be1b2bb07726c64576"`
Nov 01 18:33:57.487 INFO kablam! usermod: no changes
Nov 01 18:33:57.563 INFO kablam!    Compiling antisamples v0.1.0 (/source)
Nov 01 18:33:57.975 INFO kablam!     Finished dev [unoptimized + debuginfo] target(s) in 0.45s
Nov 01 18:33:57.978 INFO kablam! su: No module specific data is present
Nov 01 18:33:58.370 INFO running `"docker" "rm" "-f" "e625a4aca5773607829c67c142da63511a87060053d984be1b2bb07726c64576"`
Nov 01 18:33:58.671 INFO blam! e625a4aca5773607829c67c142da63511a87060053d984be1b2bb07726c64576
Nov 01 18:33:58.683 INFO running `"docker" "create" "-v" "/mnt/big/crater/work/local/target-dirs/beta-1.31-1/worker-4/beta-2018-10-30:/target:rw,Z" "-v" "/mnt/big/crater/work/local/test-source/worker-4/beta-1.31-1/beta-2018-10-30:/source:ro,Z" "-v" "/mnt/big/crater/work/local/cargo-home:/cargo-home:ro,Z" "-v" "/mnt/big/crater/work/local/rustup-home:/rustup-home:ro,Z" "-e" "USER_ID=1000" "-e" "SOURCE_DIR=/source" "-e" "USER_ID=1000" "-e" "CMD=cargo +beta-2018-10-30 test --frozen --no-run" "-e" "CARGO_TARGET_DIR=/target" "-e" "CARGO_INCREMENTAL=0" "-e" "RUST_BACKTRACE=full" "-e" "RUSTFLAGS=--cap-lints=warn" "-e" "CARGO_HOME=/cargo-home" "-e" "RUSTUP_HOME=/rustup-home" "-m" "1536M" "--network" "none" "crater"`
Nov 01 18:33:58.968 INFO blam! ff3349a352b385f165020f40c9fb77e970893617a3f32f55f3b3d683386729a9
Nov 01 18:33:58.969 INFO running `"docker" "start" "-a" "ff3349a352b385f165020f40c9fb77e970893617a3f32f55f3b3d683386729a9"`
Nov 01 18:33:59.704 INFO kablam! usermod: no changes
Nov 01 18:33:59.863 INFO kablam!    Compiling compiletest_rs v0.3.11
Nov 01 18:33:59.867 INFO kablam!    Compiling filetime v0.2.1
Nov 01 18:33:59.867 INFO kablam!    Compiling serde_derive v1.0.55
Nov 01 18:34:14.859 INFO kablam! error[E0554]: #![feature] may not be used on the beta release channel
Nov 01 18:34:14.859 INFO kablam!   --> /cargo-home/registry/src/github.com-1ecc6299db9ec823/compiletest_rs-0.3.11/src/lib.rs:13:39
Nov 01 18:34:14.859 INFO kablam!    |
Nov 01 18:34:14.859 INFO kablam! 13 | #![cfg_attr(not(feature = "norustc"), feature(rustc_private))]
Nov 01 18:34:14.859 INFO kablam!    |                                       ^^^^^^^^^^^^^^^^^^^^^^
Nov 01 18:34:14.859 INFO kablam! 
Nov 01 18:34:14.859 INFO kablam! error[E0554]: #![feature] may not be used on the beta release channel
Nov 01 18:34:14.859 INFO kablam!   --> /cargo-home/registry/src/github.com-1ecc6299db9ec823/compiletest_rs-0.3.11/src/lib.rs:14:38
Nov 01 18:34:14.859 INFO kablam!    |
Nov 01 18:34:14.859 INFO kablam! 14 | #![cfg_attr(not(feature = "stable"), feature(test))]
Nov 01 18:34:14.859 INFO kablam!    |                                      ^^^^^^^^^^^^^
Nov 01 18:34:14.859 INFO kablam! 
Nov 01 18:34:14.859 INFO kablam! error[E0554]: #![feature] may not be used on the beta release channel
Nov 01 18:34:14.859 INFO kablam!   --> /cargo-home/registry/src/github.com-1ecc6299db9ec823/compiletest_rs-0.3.11/src/lib.rs:15:38
Nov 01 18:34:14.859 INFO kablam!    |
Nov 01 18:34:14.859 INFO kablam! 15 | #![cfg_attr(not(feature = "stable"), feature(slice_rotate))]
Nov 01 18:34:14.859 INFO kablam!    |                                      ^^^^^^^^^^^^^^^^^^^^^
Nov 01 18:34:14.859 INFO kablam! 
Nov 01 18:34:14.871 INFO kablam! error: aborting due to 3 previous errors
Nov 01 18:34:14.871 INFO kablam! 
Nov 01 18:34:14.871 INFO kablam! For more information about this error, try `rustc --explain E0554`.
Nov 01 18:34:14.883 INFO kablam! error: Could not compile `compiletest_rs`.
Nov 01 18:34:14.883 INFO kablam! 
Nov 01 18:34:14.883 INFO kablam! To learn more, run the command again with --verbose.
Nov 01 18:34:14.885 INFO kablam! su: No module specific data is present
Nov 01 18:34:15.360 INFO running `"docker" "rm" "-f" "ff3349a352b385f165020f40c9fb77e970893617a3f32f55f3b3d683386729a9"`
Nov 01 18:34:15.584 INFO blam! ff3349a352b385f165020f40c9fb77e970893617a3f32f55f3b3d683386729a9
