Nov 01 18:33:57.240 INFO testing ProgrammingRust/antisamples against 1.30.0 for beta-1.31-1
Nov 01 18:33:57.240 INFO running `"docker" "create" "-v" "/mnt/big/crater/work/local/target-dirs/beta-1.31-1/worker-5/1.30.0:/target:rw,Z" "-v" "/mnt/big/crater/work/local/test-source/worker-5/beta-1.31-1/1.30.0:/source:ro,Z" "-v" "/mnt/big/crater/work/local/cargo-home:/cargo-home:ro,Z" "-v" "/mnt/big/crater/work/local/rustup-home:/rustup-home:ro,Z" "-e" "USER_ID=1000" "-e" "SOURCE_DIR=/source" "-e" "USER_ID=1000" "-e" "CMD=cargo +1.30.0 build --frozen" "-e" "CARGO_TARGET_DIR=/target" "-e" "CARGO_INCREMENTAL=0" "-e" "RUST_BACKTRACE=full" "-e" "RUSTFLAGS=--cap-lints=warn" "-e" "CARGO_HOME=/cargo-home" "-e" "RUSTUP_HOME=/rustup-home" "-m" "1536M" "--network" "none" "crater"`
Nov 01 18:33:57.446 INFO blam! 2170939cb5fd9fae34cf1c35d908d37d6487a95438374da1b195aff4592f6300
Nov 01 18:33:57.448 INFO running `"docker" "start" "-a" "2170939cb5fd9fae34cf1c35d908d37d6487a95438374da1b195aff4592f6300"`
Nov 01 18:33:58.337 INFO kablam! usermod: no changes
Nov 01 18:33:58.391 INFO kablam!    Compiling antisamples v0.1.0 (/source)
Nov 01 18:33:58.847 INFO kablam!     Finished dev [unoptimized + debuginfo] target(s) in 0.49s
Nov 01 18:33:58.854 INFO kablam! su: No module specific data is present
Nov 01 18:33:59.289 INFO running `"docker" "rm" "-f" "2170939cb5fd9fae34cf1c35d908d37d6487a95438374da1b195aff4592f6300"`
Nov 01 18:33:59.548 INFO blam! 2170939cb5fd9fae34cf1c35d908d37d6487a95438374da1b195aff4592f6300
Nov 01 18:33:59.555 INFO running `"docker" "create" "-v" "/mnt/big/crater/work/local/target-dirs/beta-1.31-1/worker-5/1.30.0:/target:rw,Z" "-v" "/mnt/big/crater/work/local/test-source/worker-5/beta-1.31-1/1.30.0:/source:ro,Z" "-v" "/mnt/big/crater/work/local/cargo-home:/cargo-home:ro,Z" "-v" "/mnt/big/crater/work/local/rustup-home:/rustup-home:ro,Z" "-e" "USER_ID=1000" "-e" "SOURCE_DIR=/source" "-e" "USER_ID=1000" "-e" "CMD=cargo +1.30.0 test --frozen --no-run" "-e" "CARGO_TARGET_DIR=/target" "-e" "CARGO_INCREMENTAL=0" "-e" "RUST_BACKTRACE=full" "-e" "RUSTFLAGS=--cap-lints=warn" "-e" "CARGO_HOME=/cargo-home" "-e" "RUSTUP_HOME=/rustup-home" "-m" "1536M" "--network" "none" "crater"`
Nov 01 18:33:59.859 INFO blam! 7e9559c8836b32d42584fc464b87c1a3e3040a4a108cd3861e553d0cce97db87
Nov 01 18:33:59.867 INFO running `"docker" "start" "-a" "7e9559c8836b32d42584fc464b87c1a3e3040a4a108cd3861e553d0cce97db87"`
Nov 01 18:34:01.068 INFO kablam! usermod: no changes
Nov 01 18:34:01.155 INFO kablam!    Compiling compiletest_rs v0.3.11
Nov 01 18:34:01.163 INFO kablam!    Compiling filetime v0.2.1
Nov 01 18:34:06.851 INFO kablam! error[E0554]: #![feature] may not be used on the stable release channel
Nov 01 18:34:06.851 INFO kablam!   --> /cargo-home/registry/src/github.com-1ecc6299db9ec823/compiletest_rs-0.3.11/src/lib.rs:13:39
Nov 01 18:34:06.851 INFO kablam!    |
Nov 01 18:34:06.851 INFO kablam! 13 | #![cfg_attr(not(feature = "norustc"), feature(rustc_private))]
Nov 01 18:34:06.851 INFO kablam!    |                                       ^^^^^^^^^^^^^^^^^^^^^^^
Nov 01 18:34:06.851 INFO kablam! 
Nov 01 18:34:06.851 INFO kablam! error[E0554]: #![feature] may not be used on the stable release channel
Nov 01 18:34:06.851 INFO kablam!   --> /cargo-home/registry/src/github.com-1ecc6299db9ec823/compiletest_rs-0.3.11/src/lib.rs:14:38
Nov 01 18:34:06.851 INFO kablam!    |
Nov 01 18:34:06.851 INFO kablam! 14 | #![cfg_attr(not(feature = "stable"), feature(test))]
Nov 01 18:34:06.851 INFO kablam!    |                                      ^^^^^^^^^^^^^^
Nov 01 18:34:06.851 INFO kablam! 
Nov 01 18:34:06.851 INFO kablam! error[E0554]: #![feature] may not be used on the stable release channel
Nov 01 18:34:06.851 INFO kablam!   --> /cargo-home/registry/src/github.com-1ecc6299db9ec823/compiletest_rs-0.3.11/src/lib.rs:15:38
Nov 01 18:34:06.851 INFO kablam!    |
Nov 01 18:34:06.851 INFO kablam! 15 | #![cfg_attr(not(feature = "stable"), feature(slice_rotate))]
Nov 01 18:34:06.851 INFO kablam!    |                                      ^^^^^^^^^^^^^^^^^^^^^^
Nov 01 18:34:06.851 INFO kablam! 
Nov 01 18:34:06.859 INFO kablam! error: aborting due to 3 previous errors
Nov 01 18:34:06.859 INFO kablam! 
Nov 01 18:34:06.859 INFO kablam! For more information about this error, try `rustc --explain E0554`.
Nov 01 18:34:06.874 INFO kablam! error: Could not compile `compiletest_rs`.
Nov 01 18:34:06.874 INFO kablam! 
Nov 01 18:34:06.874 INFO kablam! To learn more, run the command again with --verbose.
Nov 01 18:34:06.883 INFO kablam! su: No module specific data is present
Nov 01 18:34:07.685 INFO running `"docker" "rm" "-f" "7e9559c8836b32d42584fc464b87c1a3e3040a4a108cd3861e553d0cce97db87"`
Nov 01 18:34:07.999 INFO blam! 7e9559c8836b32d42584fc464b87c1a3e3040a4a108cd3861e553d0cce97db87
