Nov 01 19:43:15.735 INFO testing MadonnaMat/mbta_with_friends against 1.30.0 for beta-1.31-1
Nov 01 19:43:15.735 INFO running `"docker" "create" "-v" "/mnt/big/crater/work/local/target-dirs/beta-1.31-1/worker-5/1.30.0:/target:rw,Z" "-v" "/mnt/big/crater/work/local/test-source/worker-5/beta-1.31-1/1.30.0:/source:ro,Z" "-v" "/mnt/big/crater/work/local/cargo-home:/cargo-home:ro,Z" "-v" "/mnt/big/crater/work/local/rustup-home:/rustup-home:ro,Z" "-e" "USER_ID=1000" "-e" "SOURCE_DIR=/source" "-e" "USER_ID=1000" "-e" "CMD=cargo +1.30.0 build --frozen" "-e" "CARGO_TARGET_DIR=/target" "-e" "CARGO_INCREMENTAL=0" "-e" "RUST_BACKTRACE=full" "-e" "RUSTFLAGS=--cap-lints=warn" "-e" "CARGO_HOME=/cargo-home" "-e" "RUSTUP_HOME=/rustup-home" "-m" "1536M" "--network" "none" "crater"`
Nov 01 19:43:15.874 INFO blam! 6e69b092f25dc8f4f61904037f724c8129dc2413f105fb7c3587be75326f8b57
Nov 01 19:43:15.876 INFO running `"docker" "start" "-a" "6e69b092f25dc8f4f61904037f724c8129dc2413f105fb7c3587be75326f8b57"`
Nov 01 19:43:16.224 INFO kablam! usermod: no changes
Nov 01 19:43:16.507 INFO kablam!    Compiling pear_codegen v0.0.20
Nov 01 19:43:16.507 INFO kablam!    Compiling rocket v0.3.16
Nov 01 19:43:16.507 INFO kablam!    Compiling rocket_codegen v0.3.16
Nov 01 19:43:16.537 INFO kablam!    Compiling httparse v1.3.3
Nov 01 19:43:16.538 INFO kablam!    Compiling memchr v2.1.0
Nov 01 19:43:16.538 INFO kablam!    Compiling toml v0.4.7
Nov 01 19:43:16.538 INFO kablam!    Compiling crossbeam-epoch v0.3.1
Nov 01 19:43:16.538 INFO kablam!    Compiling backtrace v0.3.9
Nov 01 19:43:18.459 INFO kablam!    Compiling diesel v1.3.3
Nov 01 19:43:19.912 INFO kablam!    Compiling hyper v0.10.13
Nov 01 19:43:19.912 INFO kablam!    Compiling aho-corasick v0.6.8
Nov 01 19:43:19.947 INFO kablam!    Compiling bcrypt v0.2.0
Nov 01 19:43:20.102 INFO kablam! error: failed to run custom build command for `rocket v0.3.16`
Nov 01 19:43:20.102 INFO kablam! process didn't exit successfully: `/target/debug/build/rocket-288a7d3fe56d04e2/build-script-build` (exit code: 101)
Nov 01 19:43:20.102 INFO kablam! --- stderr
Nov 01 19:43:20.103 INFO kablam! [1;31mError:[0m [37mRocket requires a nightly or dev version of Rust.[0m
Nov 01 19:43:20.103 INFO kablam! [37mInstalled version is:[0m [33m1.30.0 (2018-10-24)[0m. [37mMinimum required:[0m [33m1.27.0-nightly (2018-04-26)[0m.
Nov 01 19:43:20.103 INFO kablam! [34mSee the getting started guide ([0m[37mhttps://rocket.rs/guide/getting-started/[0m[34m) for more information.[0m
Nov 01 19:43:20.103 INFO kablam! thread 'main' panicked at 'Aborting compilation due to incompatible compiler.', /cargo-home/registry/src/github.com-1ecc6299db9ec823/rocket-0.3.16/build.rs:38:13
Nov 01 19:43:20.103 INFO kablam! stack backtrace:
Nov 01 19:43:20.103 INFO kablam!    0:     0x561b8ae8b76e - std::sys::unix::backtrace::tracing::imp::unwind_backtrace::hf5316c67202e23c8
Nov 01 19:43:20.103 INFO kablam!                                at libstd/sys/unix/backtrace/tracing/gcc_s.rs:49
Nov 01 19:43:20.103 INFO kablam!    1:     0x561b8ae7cd96 - std::sys_common::backtrace::print::h3068ed2a6dc7ac86
Nov 01 19:43:20.103 INFO kablam!                                at libstd/sys_common/backtrace.rs:71
Nov 01 19:43:20.103 INFO kablam!                                at libstd/sys_common/backtrace.rs:59
Nov 01 19:43:20.103 INFO kablam!    2:     0x561b8ae7b68d - std::panicking::default_hook::{{closure}}::h1b9d29cc09d41897
Nov 01 19:43:20.103 INFO kablam!                                at libstd/panicking.rs:211
Nov 01 19:43:20.103 INFO kablam!    3:     0x561b8ae7b400 - std::panicking::default_hook::h3a27b204a313406b
Nov 01 19:43:20.103 INFO kablam!                                at libstd/panicking.rs:227
Nov 01 19:43:20.103 INFO kablam!    4:     0x561b8ae7bc8c - std::panicking::rust_panic_with_hook::h0e12cb2fc86d00fa
Nov 01 19:43:20.103 INFO kablam!                                at libstd/panicking.rs:477
Nov 01 19:43:20.103 INFO kablam!    5:     0x561b8ae5ec4f - std::panicking::begin_panic::h52a80c25b04aec44
Nov 01 19:43:20.103 INFO kablam!                                at libstd/panicking.rs:411
Nov 01 19:43:20.103 INFO kablam!    6:     0x561b8ae5cd93 - build_script_build::main::h94e72f5ed2b5d27a
Nov 01 19:43:20.103 INFO kablam!                                at /cargo-home/registry/src/github.com-1ecc6299db9ec823/rocket-0.3.16/build.rs:38
Nov 01 19:43:20.103 INFO kablam!    7:     0x561b8ae5f53f - std::rt::lang_start::{{closure}}::hd7448e6115b4d35b
Nov 01 19:43:20.103 INFO kablam!                                at libstd/rt.rs:74
Nov 01 19:43:20.103 INFO kablam!    8:     0x561b8ae7b732 - std::panicking::try::do_call::h572dc6f90deb1a4d
Nov 01 19:43:20.104 INFO kablam!                                at libstd/rt.rs:59
Nov 01 19:43:20.104 INFO kablam!                                at libstd/panicking.rs:310
Nov 01 19:43:20.104 INFO kablam!    9:     0x561b8ae9c699 - __rust_maybe_catch_panic
Nov 01 19:43:20.104 INFO kablam!                                at libpanic_unwind/lib.rs:103
Nov 01 19:43:20.104 INFO kablam!   10:     0x561b8ae86765 - std::rt::lang_start_internal::hce01021c3c1cf20d
Nov 01 19:43:20.104 INFO kablam!                                at libstd/panicking.rs:289
Nov 01 19:43:20.104 INFO kablam!                                at libstd/panic.rs:392
Nov 01 19:43:20.104 INFO kablam!                                at libstd/rt.rs:58
Nov 01 19:43:20.104 INFO kablam!   11:     0x561b8ae5f517 - std::rt::lang_start::hcaa5896e5b66e1ff
Nov 01 19:43:20.104 INFO kablam!                                at libstd/rt.rs:74
Nov 01 19:43:20.104 INFO kablam!   12:     0x561b8ae5dc39 - main
Nov 01 19:43:20.104 INFO kablam!   13:     0x7f913f8b782f - __libc_start_main
Nov 01 19:43:20.104 INFO kablam!   14:     0x561b8ae5c448 - _start
Nov 01 19:43:20.104 INFO kablam!   15:                0x0 - <unknown>
Nov 01 19:43:20.104 INFO kablam! 
Nov 01 19:43:20.104 INFO kablam! warning: build failed, waiting for other jobs to finish...
Nov 01 19:43:20.147 INFO kablam! error: failed to run custom build command for `pear_codegen v0.0.20`
Nov 01 19:43:20.147 INFO kablam! process didn't exit successfully: `/target/debug/build/pear_codegen-f065481c891cbf91/build-script-build` (exit code: 101)
Nov 01 19:43:20.147 INFO kablam! --- stderr
Nov 01 19:43:20.147 INFO kablam! [1;31mError:[0m [37mPear requires a nightly or dev version of Rust.[0m
Nov 01 19:43:20.147 INFO kablam! [37mInstalled version is:[0m [33m1.30.0 (2018-10-24)[0m. [37mMinimum required:[0m [33m1.30.0-nightly (2018-08-23)[0m.
Nov 01 19:43:20.147 INFO kablam! thread 'main' panicked at 'Aborting compilation due to incompatible compiler.', /cargo-home/registry/src/github.com-1ecc6299db9ec823/pear_codegen-0.0.20/build.rs:31:13
Nov 01 19:43:20.147 INFO kablam! stack backtrace:
Nov 01 19:43:20.147 INFO kablam!    0:     0x55a97ca1c53e - std::sys::unix::backtrace::tracing::imp::unwind_backtrace::hf5316c67202e23c8
Nov 01 19:43:20.147 INFO kablam!                                at libstd/sys/unix/backtrace/tracing/gcc_s.rs:49
Nov 01 19:43:20.147 INFO kablam!    1:     0x55a97ca0db66 - std::sys_common::backtrace::print::h3068ed2a6dc7ac86
Nov 01 19:43:20.152 INFO kablam!                                at libstd/sys_common/backtrace.rs:71
Nov 01 19:43:20.152 INFO kablam!                                at libstd/sys_common/backtrace.rs:59
Nov 01 19:43:20.152 INFO kablam!    2:     0x55a97ca0c45d - std::panicking::default_hook::{{closure}}::h1b9d29cc09d41897
Nov 01 19:43:20.152 INFO kablam!                                at libstd/panicking.rs:211
Nov 01 19:43:20.152 INFO kablam!    3:     0x55a97ca0c1d0 - std::panicking::default_hook::h3a27b204a313406b
Nov 01 19:43:20.152 INFO kablam!                                at libstd/panicking.rs:227
Nov 01 19:43:20.152 INFO kablam!    4:     0x55a97ca0ca5c - std::panicking::rust_panic_with_hook::h0e12cb2fc86d00fa
Nov 01 19:43:20.152 INFO kablam!                                at libstd/panicking.rs:477
Nov 01 19:43:20.152 INFO kablam!    5:     0x55a97c9efa1f - std::panicking::begin_panic::hece7245abde801b1
Nov 01 19:43:20.152 INFO kablam!                                at libstd/panicking.rs:411
Nov 01 19:43:20.152 INFO kablam!    6:     0x55a97c9edb5a - build_script_build::main::h100eb028fd225bc3
Nov 01 19:43:20.152 INFO kablam!                                at /cargo-home/registry/src/github.com-1ecc6299db9ec823/pear_codegen-0.0.20/build.rs:31
Nov 01 19:43:20.152 INFO kablam!    7:     0x55a97c9f030f - std::rt::lang_start::{{closure}}::h58893cc0f2f8c464
Nov 01 19:43:20.152 INFO kablam!                                at libstd/rt.rs:74
Nov 01 19:43:20.152 INFO kablam!    8:     0x55a97ca0c502 - std::panicking::try::do_call::h572dc6f90deb1a4d
Nov 01 19:43:20.152 INFO kablam!                                at libstd/rt.rs:59
Nov 01 19:43:20.152 INFO kablam!                                at libstd/panicking.rs:310
Nov 01 19:43:20.152 INFO kablam!    9:     0x55a97ca2d469 - __rust_maybe_catch_panic
Nov 01 19:43:20.152 INFO kablam!                                at libpanic_unwind/lib.rs:103
Nov 01 19:43:20.152 INFO kablam!   10:     0x55a97ca17535 - std::rt::lang_start_internal::hce01021c3c1cf20d
Nov 01 19:43:20.152 INFO kablam!                                at libstd/panicking.rs:289
Nov 01 19:43:20.152 INFO kablam!                                at libstd/panic.rs:392
Nov 01 19:43:20.152 INFO kablam!                                at libstd/rt.rs:58
Nov 01 19:43:20.152 INFO kablam!   11:     0x55a97c9f02e7 - std::rt::lang_start::h50bb3dde35acaf71
Nov 01 19:43:20.152 INFO kablam!                                at libstd/rt.rs:74
Nov 01 19:43:20.152 INFO kablam!   12:     0x55a97c9eea09 - main
Nov 01 19:43:20.152 INFO kablam!   13:     0x7f8e4b94d82f - __libc_start_main
Nov 01 19:43:20.152 INFO kablam!   14:     0x55a97c9ed448 - _start
Nov 01 19:43:20.152 INFO kablam!   15:                0x0 - <unknown>
Nov 01 19:43:20.152 INFO kablam! 
Nov 01 19:43:20.152 INFO kablam! warning: build failed, waiting for other jobs to finish...
Nov 01 19:43:20.171 INFO kablam! error: failed to run custom build command for `rocket_codegen v0.3.16`
Nov 01 19:43:20.171 INFO kablam! process didn't exit successfully: `/target/debug/build/rocket_codegen-f1cec5d31a42e160/build-script-build` (exit code: 101)
Nov 01 19:43:20.171 INFO kablam! --- stderr
Nov 01 19:43:20.171 INFO kablam! [1;31mError:[0m [37mRocket requires a nightly or dev version of Rust.[0m
Nov 01 19:43:20.171 INFO kablam! [37mInstalled version is:[0m [33m1.30.0 (2018-10-24)[0m. [37mMinimum required:[0m [33m1.30.0-nightly (2018-08-23)[0m.
Nov 01 19:43:20.171 INFO kablam! [34mSee the getting started guide ([0m[37mhttps://rocket.rs/guide/getting-started/[0m[34m) for more information.[0m
Nov 01 19:43:20.171 INFO kablam! thread 'main' panicked at 'Aborting compilation due to incompatible compiler.', /cargo-home/registry/src/github.com-1ecc6299db9ec823/rocket_codegen-0.3.16/build.rs:38:17
Nov 01 19:43:20.171 INFO kablam! stack backtrace:
Nov 01 19:43:20.171 INFO kablam!    0:     0x562e5154575e - std::sys::unix::backtrace::tracing::imp::unwind_backtrace::hf5316c67202e23c8
Nov 01 19:43:20.171 INFO kablam!                                at libstd/sys/unix/backtrace/tracing/gcc_s.rs:49
Nov 01 19:43:20.171 INFO kablam!    1:     0x562e51536d86 - std::sys_common::backtrace::print::h3068ed2a6dc7ac86
Nov 01 19:43:20.171 INFO kablam!                                at libstd/sys_common/backtrace.rs:71
Nov 01 19:43:20.171 INFO kablam!                                at libstd/sys_common/backtrace.rs:59
Nov 01 19:43:20.171 INFO kablam!    2:     0x562e5153567d - std::panicking::default_hook::{{closure}}::h1b9d29cc09d41897
Nov 01 19:43:20.171 INFO kablam!                                at libstd/panicking.rs:211
Nov 01 19:43:20.171 INFO kablam!    3:     0x562e515353f0 - std::panicking::default_hook::h3a27b204a313406b
Nov 01 19:43:20.171 INFO kablam!                                at libstd/panicking.rs:227
Nov 01 19:43:20.171 INFO kablam!    4:     0x562e51535c7c - std::panicking::rust_panic_with_hook::h0e12cb2fc86d00fa
Nov 01 19:43:20.171 INFO kablam!                                at libstd/panicking.rs:477
Nov 01 19:43:20.171 INFO kablam!    5:     0x562e51518c3f - std::panicking::begin_panic::h7e4228aef40612b6
Nov 01 19:43:20.171 INFO kablam!                                at libstd/panicking.rs:411
Nov 01 19:43:20.171 INFO kablam!    6:     0x562e51516d92 - build_script_build::main::h6d519f3ac94704c9
Nov 01 19:43:20.171 INFO kablam!                                at /cargo-home/registry/src/github.com-1ecc6299db9ec823/rocket_codegen-0.3.16/build.rs:38
Nov 01 19:43:20.171 INFO kablam!    7:     0x562e5151952f - std::rt::lang_start::{{closure}}::hf707c54d659ec676
Nov 01 19:43:20.171 INFO kablam!                                at libstd/rt.rs:74
Nov 01 19:43:20.171 INFO kablam!    8:     0x562e51535722 - std::panicking::try::do_call::h572dc6f90deb1a4d
Nov 01 19:43:20.171 INFO kablam!                                at libstd/rt.rs:59
Nov 01 19:43:20.171 INFO kablam!                                at libstd/panicking.rs:310
Nov 01 19:43:20.171 INFO kablam!    9:     0x562e51556689 - __rust_maybe_catch_panic
Nov 01 19:43:20.171 INFO kablam!                                at libpanic_unwind/lib.rs:103
Nov 01 19:43:20.171 INFO kablam!   10:     0x562e51540755 - std::rt::lang_start_internal::hce01021c3c1cf20d
Nov 01 19:43:20.171 INFO kablam!                                at libstd/panicking.rs:289
Nov 01 19:43:20.171 INFO kablam!                                at libstd/panic.rs:392
Nov 01 19:43:20.171 INFO kablam!                                at libstd/rt.rs:58
Nov 01 19:43:20.171 INFO kablam!   11:     0x562e51519507 - std::rt::lang_start::h9ea7eaf502c86fab
Nov 01 19:43:20.171 INFO kablam!                                at libstd/rt.rs:74
Nov 01 19:43:20.171 INFO kablam!   12:     0x562e51517c29 - main
Nov 01 19:43:20.171 INFO kablam!   13:     0x7f9bf48c282f - __libc_start_main
Nov 01 19:43:20.171 INFO kablam!   14:     0x562e51516448 - _start
Nov 01 19:43:20.171 INFO kablam!   15:                0x0 - <unknown>
Nov 01 19:43:20.171 INFO kablam! 
Nov 01 19:43:20.171 INFO kablam! warning: build failed, waiting for other jobs to finish...
Nov 01 19:44:04.681 INFO kablam! error: build failed
Nov 01 19:44:04.683 INFO kablam! su: No module specific data is present
Nov 01 19:44:04.896 INFO running `"docker" "rm" "-f" "6e69b092f25dc8f4f61904037f724c8129dc2413f105fb7c3587be75326f8b57"`
Nov 01 19:44:04.977 INFO blam! 6e69b092f25dc8f4f61904037f724c8129dc2413f105fb7c3587be75326f8b57
