Nov 01 20:07:29.532 INFO testing Kode-Cultur/rusty-gopher against beta-2018-10-30 for beta-1.31-1
Nov 01 20:07:29.532 INFO running `"docker" "create" "-v" "/mnt/big/crater/work/local/target-dirs/beta-1.31-1/worker-2/beta-2018-10-30:/target:rw,Z" "-v" "/mnt/big/crater/work/local/test-source/worker-2/beta-1.31-1/beta-2018-10-30:/source:ro,Z" "-v" "/mnt/big/crater/work/local/cargo-home:/cargo-home:ro,Z" "-v" "/mnt/big/crater/work/local/rustup-home:/rustup-home:ro,Z" "-e" "USER_ID=1000" "-e" "SOURCE_DIR=/source" "-e" "USER_ID=1000" "-e" "CMD=cargo +beta-2018-10-30 build --frozen" "-e" "CARGO_TARGET_DIR=/target" "-e" "CARGO_INCREMENTAL=0" "-e" "RUST_BACKTRACE=full" "-e" "RUSTFLAGS=--cap-lints=warn" "-e" "CARGO_HOME=/cargo-home" "-e" "RUSTUP_HOME=/rustup-home" "-m" "1536M" "--network" "none" "crater"`
Nov 01 20:07:29.986 INFO blam! c6f58b0c2db2ae0b9cc8c0e5c3fe0a839e4762e65c78b170e33fbfadb318e625
Nov 01 20:07:29.991 INFO running `"docker" "start" "-a" "c6f58b0c2db2ae0b9cc8c0e5c3fe0a839e4762e65c78b170e33fbfadb318e625"`
Nov 01 20:07:30.947 INFO kablam! usermod: no changes
Nov 01 20:07:31.203 INFO kablam!    Compiling isatty v0.1.7
Nov 01 20:07:31.203 INFO kablam!    Compiling users v0.6.1
Nov 01 20:07:31.211 INFO kablam!    Compiling toml v0.4.6
Nov 01 20:07:31.211 INFO kablam!    Compiling serde_derive_internals v0.23.1
Nov 01 20:07:32.755 INFO kablam!    Compiling slog-term v2.4.0
Nov 01 20:07:43.071 INFO kablam!    Compiling serde_derive v1.0.45
Nov 01 20:07:55.062 INFO kablam!    Compiling docopt v0.8.3
Nov 01 20:08:00.367 INFO kablam!    Compiling rusty-gopher v0.1.0 (/source)
Nov 01 20:08:05.479 INFO kablam! error[E0554]: #![feature] may not be used on the beta release channel
Nov 01 20:08:05.479 INFO kablam!   --> src/main.rs:21:1
Nov 01 20:08:05.479 INFO kablam!    |
Nov 01 20:08:05.479 INFO kablam! 21 | #![feature(termination_trait_lib)]
Nov 01 20:08:05.479 INFO kablam!    | ^^^^^^^^^^^^^^^^^^^^^^^^^^^^^^^^^^
Nov 01 20:08:05.479 INFO kablam! 
Nov 01 20:08:05.479 INFO kablam! error[E0554]: #![feature] may not be used on the beta release channel
Nov 01 20:08:05.479 INFO kablam!   --> src/main.rs:22:1
Nov 01 20:08:05.479 INFO kablam!    |
Nov 01 20:08:05.479 INFO kablam! 22 | #![feature(process_exitcode_placeholder)]
Nov 01 20:08:05.479 INFO kablam!    | ^^^^^^^^^^^^^^^^^^^^^^^^^^^^^^^^^^^^^^^^^
Nov 01 20:08:05.479 INFO kablam! 
Nov 01 20:08:05.479 INFO kablam! error[E0554]: #![feature] may not be used on the beta release channel
Nov 01 20:08:05.479 INFO kablam!   --> src/main.rs:24:1
Nov 01 20:08:05.479 INFO kablam!    |
Nov 01 20:08:05.479 INFO kablam! 24 | #![feature(test)]
Nov 01 20:08:05.479 INFO kablam!    | ^^^^^^^^^^^^^^^^^
Nov 01 20:08:05.479 INFO kablam! 
Nov 01 20:08:05.489 INFO kablam! error: aborting due to 3 previous errors
Nov 01 20:08:05.489 INFO kablam! 
Nov 01 20:08:05.489 INFO kablam! For more information about this error, try `rustc --explain E0554`.
Nov 01 20:08:05.501 INFO kablam! error: Could not compile `rusty-gopher`.
Nov 01 20:08:05.501 INFO kablam! 
Nov 01 20:08:05.501 INFO kablam! To learn more, run the command again with --verbose.
Nov 01 20:08:05.503 INFO kablam! su: No module specific data is present
Nov 01 20:08:05.913 INFO running `"docker" "rm" "-f" "c6f58b0c2db2ae0b9cc8c0e5c3fe0a839e4762e65c78b170e33fbfadb318e625"`
Nov 01 20:08:06.104 INFO blam! c6f58b0c2db2ae0b9cc8c0e5c3fe0a839e4762e65c78b170e33fbfadb318e625
