Nov 01 20:07:30.105 INFO testing Kode-Cultur/rusty-gopher against 1.30.0 for beta-1.31-1
Nov 01 20:07:30.105 INFO running `"docker" "create" "-v" "/mnt/big/crater/work/local/target-dirs/beta-1.31-1/worker-7/1.30.0:/target:rw,Z" "-v" "/mnt/big/crater/work/local/test-source/worker-7/beta-1.31-1/1.30.0:/source:ro,Z" "-v" "/mnt/big/crater/work/local/cargo-home:/cargo-home:ro,Z" "-v" "/mnt/big/crater/work/local/rustup-home:/rustup-home:ro,Z" "-e" "USER_ID=1000" "-e" "SOURCE_DIR=/source" "-e" "USER_ID=1000" "-e" "CMD=cargo +1.30.0 build --frozen" "-e" "CARGO_TARGET_DIR=/target" "-e" "CARGO_INCREMENTAL=0" "-e" "RUST_BACKTRACE=full" "-e" "RUSTFLAGS=--cap-lints=warn" "-e" "CARGO_HOME=/cargo-home" "-e" "RUSTUP_HOME=/rustup-home" "-m" "1536M" "--network" "none" "crater"`
Nov 01 20:07:30.514 INFO blam! 56a39661b82cc28c85a5cc13d70ab2055bb5f13f3535e3b30a8680204f32d5ec
Nov 01 20:07:30.523 INFO running `"docker" "start" "-a" "56a39661b82cc28c85a5cc13d70ab2055bb5f13f3535e3b30a8680204f32d5ec"`
Nov 01 20:07:31.811 INFO kablam! usermod: no changes
Nov 01 20:07:32.051 INFO kablam!    Compiling isatty v0.1.7
Nov 01 20:07:32.052 INFO kablam!    Compiling users v0.6.1
Nov 01 20:07:32.060 INFO kablam!    Compiling serde_derive_internals v0.23.1
Nov 01 20:07:33.395 INFO kablam!    Compiling slog-term v2.4.0
Nov 01 20:07:42.059 INFO kablam!    Compiling serde_derive v1.0.45
Nov 01 20:07:55.098 INFO kablam!    Compiling docopt v0.8.3
Nov 01 20:08:00.127 INFO kablam!    Compiling rusty-gopher v0.1.0 (/source)
Nov 01 20:08:05.583 INFO kablam! error[E0554]: #![feature] may not be used on the stable release channel
Nov 01 20:08:05.583 INFO kablam!   --> src/main.rs:21:1
Nov 01 20:08:05.583 INFO kablam!    |
Nov 01 20:08:05.583 INFO kablam! 21 | #![feature(termination_trait_lib)]
Nov 01 20:08:05.583 INFO kablam!    | ^^^^^^^^^^^^^^^^^^^^^^^^^^^^^^^^^^
Nov 01 20:08:05.583 INFO kablam! 
Nov 01 20:08:05.583 INFO kablam! error[E0554]: #![feature] may not be used on the stable release channel
Nov 01 20:08:05.583 INFO kablam!   --> src/main.rs:22:1
Nov 01 20:08:05.583 INFO kablam!    |
Nov 01 20:08:05.583 INFO kablam! 22 | #![feature(process_exitcode_placeholder)]
Nov 01 20:08:05.583 INFO kablam!    | ^^^^^^^^^^^^^^^^^^^^^^^^^^^^^^^^^^^^^^^^^
Nov 01 20:08:05.583 INFO kablam! 
Nov 01 20:08:05.583 INFO kablam! error[E0554]: #![feature] may not be used on the stable release channel
Nov 01 20:08:05.583 INFO kablam!   --> src/main.rs:24:1
Nov 01 20:08:05.583 INFO kablam!    |
Nov 01 20:08:05.583 INFO kablam! 24 | #![feature(test)]
Nov 01 20:08:05.583 INFO kablam!    | ^^^^^^^^^^^^^^^^^
Nov 01 20:08:05.583 INFO kablam! 
Nov 01 20:08:05.586 INFO kablam! error: aborting due to 3 previous errors
Nov 01 20:08:05.586 INFO kablam! 
Nov 01 20:08:05.586 INFO kablam! For more information about this error, try `rustc --explain E0554`.
Nov 01 20:08:05.601 INFO kablam! error: Could not compile `rusty-gopher`.
Nov 01 20:08:05.601 INFO kablam! 
Nov 01 20:08:05.601 INFO kablam! To learn more, run the command again with --verbose.
Nov 01 20:08:05.611 INFO kablam! su: No module specific data is present
Nov 01 20:08:05.909 INFO running `"docker" "rm" "-f" "56a39661b82cc28c85a5cc13d70ab2055bb5f13f3535e3b30a8680204f32d5ec"`
Nov 01 20:08:06.047 INFO blam! 56a39661b82cc28c85a5cc13d70ab2055bb5f13f3535e3b30a8680204f32d5ec
