Nov 01 20:30:17.566 INFO testing Jengamon/Mister against beta-2018-10-30 for beta-1.31-1
Nov 01 20:30:17.567 INFO running `"docker" "create" "-v" "/mnt/big/crater/work/local/target-dirs/beta-1.31-1/worker-3/beta-2018-10-30:/target:rw,Z" "-v" "/mnt/big/crater/work/local/test-source/worker-3/beta-1.31-1/beta-2018-10-30:/source:ro,Z" "-v" "/mnt/big/crater/work/local/cargo-home:/cargo-home:ro,Z" "-v" "/mnt/big/crater/work/local/rustup-home:/rustup-home:ro,Z" "-e" "USER_ID=1000" "-e" "SOURCE_DIR=/source" "-e" "USER_ID=1000" "-e" "CMD=cargo +beta-2018-10-30 build --frozen" "-e" "CARGO_TARGET_DIR=/target" "-e" "CARGO_INCREMENTAL=0" "-e" "RUST_BACKTRACE=full" "-e" "RUSTFLAGS=--cap-lints=warn" "-e" "CARGO_HOME=/cargo-home" "-e" "RUSTUP_HOME=/rustup-home" "-m" "1536M" "--network" "none" "crater"`
Nov 01 20:30:18.027 INFO blam! 9808dbdb83c7bd828a6221bf634b6a6cf84c96b594916031dd0bdfb648f5b70c
Nov 01 20:30:18.031 INFO running `"docker" "start" "-a" "9808dbdb83c7bd828a6221bf634b6a6cf84c96b594916031dd0bdfb648f5b70c"`
Nov 01 20:30:19.359 INFO kablam! usermod: no changes
Nov 01 20:30:19.633 INFO kablam!    Compiling cassowary v0.2.1
Nov 01 20:30:19.633 INFO kablam!    Compiling exoquant v0.2.0
Nov 01 20:30:19.639 INFO kablam!    Compiling memmap v0.6.2
Nov 01 20:30:19.639 INFO kablam!    Compiling isatty v0.1.3
Nov 01 20:30:19.667 INFO kablam!    Compiling shared_library v0.1.7
Nov 01 20:30:19.667 INFO kablam!    Compiling petgraph v0.4.9
Nov 01 20:30:19.667 INFO kablam!    Compiling gl_generator v0.7.0
Nov 01 20:30:19.667 INFO kablam!    Compiling gl_generator v0.8.0
Nov 01 20:30:21.311 INFO kablam!    Compiling phf_generator v0.7.21
Nov 01 20:30:23.959 INFO kablam!    Compiling x11-dl v2.15.0
Nov 01 20:30:24.915 INFO kablam!    Compiling gfx_core v0.8.2
Nov 01 20:30:30.126 INFO kablam! error[E0034]: multiple applicable items in scope
Nov 01 20:30:30.126 INFO kablam!     --> /cargo-home/registry/src/github.com-1ecc6299db9ec823/petgraph-0.4.9/src/graph_impl/stable_graph/mod.rs:1172:19
Nov 01 20:30:30.126 INFO kablam!      |
Nov 01 20:30:30.126 INFO kablam! 1172 |         self.iter.find_map(|(i, node)| {
Nov 01 20:30:30.126 INFO kablam!      |                   ^^^^^^^^ multiple `find_map` found
Nov 01 20:30:30.126 INFO kablam!      |
Nov 01 20:30:30.126 INFO kablam! note: candidate #1 is defined in an impl of the trait `iter_utils::IterUtilsExt` for the type `_`
Nov 01 20:30:30.126 INFO kablam!     --> /cargo-home/registry/src/github.com-1ecc6299db9ec823/petgraph-0.4.9/src/iter_utils.rs:5:5
Nov 01 20:30:30.126 INFO kablam!      |
Nov 01 20:30:30.126 INFO kablam! 5    | /     fn find_map<F, R>(&mut self, mut f: F) -> Option<R>
Nov 01 20:30:30.126 INFO kablam! 6    | |         where F: FnMut(Self::Item) -> Option<R>
Nov 01 20:30:30.126 INFO kablam! 7    | |     {
Nov 01 20:30:30.126 INFO kablam! 8    | |         while let Some(elt) = self.next() {
Nov 01 20:30:30.126 INFO kablam! ...    |
Nov 01 20:30:30.126 INFO kablam! 13   | |         None
Nov 01 20:30:30.126 INFO kablam! 14   | |     }
Nov 01 20:30:30.126 INFO kablam!      | |_____^
Nov 01 20:30:30.127 INFO kablam!      = note: candidate #2 is defined in an impl of the trait `std::iter::Iterator` for the type `std::iter::Enumerate<_>`
Nov 01 20:30:30.127 INFO kablam! 
Nov 01 20:30:30.147 INFO kablam! error[E0034]: multiple applicable items in scope
Nov 01 20:30:30.147 INFO kablam!     --> /cargo-home/registry/src/github.com-1ecc6299db9ec823/petgraph-0.4.9/src/graph_impl/stable_graph/mod.rs:1355:19
Nov 01 20:30:30.147 INFO kablam!      |
Nov 01 20:30:30.147 INFO kablam! 1355 |         self.iter.find_map(|(i, edge)|
Nov 01 20:30:30.147 INFO kablam!      |                   ^^^^^^^^ multiple `find_map` found
Nov 01 20:30:30.147 INFO kablam!      |
Nov 01 20:30:30.147 INFO kablam! note: candidate #1 is defined in an impl of the trait `iter_utils::IterUtilsExt` for the type `_`
Nov 01 20:30:30.147 INFO kablam!     --> /cargo-home/registry/src/github.com-1ecc6299db9ec823/petgraph-0.4.9/src/iter_utils.rs:5:5
Nov 01 20:30:30.147 INFO kablam!      |
Nov 01 20:30:30.147 INFO kablam! 5    | /     fn find_map<F, R>(&mut self, mut f: F) -> Option<R>
Nov 01 20:30:30.147 INFO kablam! 6    | |         where F: FnMut(Self::Item) -> Option<R>
Nov 01 20:30:30.147 INFO kablam! 7    | |     {
Nov 01 20:30:30.147 INFO kablam! 8    | |         while let Some(elt) = self.next() {
Nov 01 20:30:30.147 INFO kablam! ...    |
Nov 01 20:30:30.147 INFO kablam! 13   | |         None
Nov 01 20:30:30.147 INFO kablam! 14   | |     }
Nov 01 20:30:30.147 INFO kablam!      | |_____^
Nov 01 20:30:30.148 INFO kablam!      = note: candidate #2 is defined in an impl of the trait `std::iter::Iterator` for the type `std::iter::Enumerate<_>`
Nov 01 20:30:30.148 INFO kablam! 
Nov 01 20:30:30.157 INFO kablam! error[E0034]: multiple applicable items in scope
Nov 01 20:30:30.157 INFO kablam!     --> /cargo-home/registry/src/github.com-1ecc6299db9ec823/petgraph-0.4.9/src/graph_impl/stable_graph/mod.rs:1519:19
Nov 01 20:30:30.157 INFO kablam!      |
Nov 01 20:30:30.157 INFO kablam! 1519 |         self.iter.find_map(|(i, node)| {
Nov 01 20:30:30.157 INFO kablam!      |                   ^^^^^^^^ multiple `find_map` found
Nov 01 20:30:30.157 INFO kablam!      |
Nov 01 20:30:30.158 INFO kablam! note: candidate #1 is defined in an impl of the trait `iter_utils::IterUtilsExt` for the type `_`
Nov 01 20:30:30.158 INFO kablam!     --> /cargo-home/registry/src/github.com-1ecc6299db9ec823/petgraph-0.4.9/src/iter_utils.rs:5:5
Nov 01 20:30:30.158 INFO kablam!      |
Nov 01 20:30:30.158 INFO kablam! 5    | /     fn find_map<F, R>(&mut self, mut f: F) -> Option<R>
Nov 01 20:30:30.158 INFO kablam! 6    | |         where F: FnMut(Self::Item) -> Option<R>
Nov 01 20:30:30.158 INFO kablam! 7    | |     {
Nov 01 20:30:30.158 INFO kablam! 8    | |         while let Some(elt) = self.next() {
Nov 01 20:30:30.158 INFO kablam! ...    |
Nov 01 20:30:30.158 INFO kablam! 13   | |         None
Nov 01 20:30:30.158 INFO kablam! 14   | |     }
Nov 01 20:30:30.158 INFO kablam!      | |_____^
Nov 01 20:30:30.159 INFO kablam!      = note: candidate #2 is defined in an impl of the trait `std::iter::Iterator` for the type `std::iter::Enumerate<_>`
Nov 01 20:30:30.159 INFO kablam! 
Nov 01 20:30:30.167 INFO kablam! error[E0034]: multiple applicable items in scope
Nov 01 20:30:30.167 INFO kablam!     --> /cargo-home/registry/src/github.com-1ecc6299db9ec823/petgraph-0.4.9/src/graph_impl/stable_graph/mod.rs:1565:19
Nov 01 20:30:30.167 INFO kablam!      |
Nov 01 20:30:30.167 INFO kablam! 1565 |         self.iter.find_map(|(i, node)| {
Nov 01 20:30:30.167 INFO kablam!      |                   ^^^^^^^^ multiple `find_map` found
Nov 01 20:30:30.167 INFO kablam!      |
Nov 01 20:30:30.167 INFO kablam! note: candidate #1 is defined in an impl of the trait `iter_utils::IterUtilsExt` for the type `_`
Nov 01 20:30:30.167 INFO kablam!     --> /cargo-home/registry/src/github.com-1ecc6299db9ec823/petgraph-0.4.9/src/iter_utils.rs:5:5
Nov 01 20:30:30.167 INFO kablam!      |
Nov 01 20:30:30.167 INFO kablam! 5    | /     fn find_map<F, R>(&mut self, mut f: F) -> Option<R>
Nov 01 20:30:30.167 INFO kablam! 6    | |         where F: FnMut(Self::Item) -> Option<R>
Nov 01 20:30:30.167 INFO kablam! 7    | |     {
Nov 01 20:30:30.167 INFO kablam! 8    | |         while let Some(elt) = self.next() {
Nov 01 20:30:30.167 INFO kablam! ...    |
Nov 01 20:30:30.167 INFO kablam! 13   | |         None
Nov 01 20:30:30.167 INFO kablam! 14   | |     }
Nov 01 20:30:30.167 INFO kablam!      | |_____^
Nov 01 20:30:30.167 INFO kablam!      = note: candidate #2 is defined in an impl of the trait `std::iter::Iterator` for the type `std::iter::Enumerate<_>`
Nov 01 20:30:30.167 INFO kablam! 
Nov 01 20:30:30.645 INFO kablam! error: aborting due to 4 previous errors
Nov 01 20:30:30.645 INFO kablam! 
Nov 01 20:30:30.645 INFO kablam! For more information about this error, try `rustc --explain E0034`.
Nov 01 20:30:30.653 INFO kablam! error: Could not compile `petgraph`.
Nov 01 20:30:30.653 INFO kablam! warning: build failed, waiting for other jobs to finish...
Nov 01 20:31:05.251 INFO kablam! error: build failed
Nov 01 20:31:05.255 INFO kablam! su: No module specific data is present
Nov 01 20:31:06.399 INFO running `"docker" "rm" "-f" "9808dbdb83c7bd828a6221bf634b6a6cf84c96b594916031dd0bdfb648f5b70c"`
Nov 01 20:31:06.682 INFO blam! 9808dbdb83c7bd828a6221bf634b6a6cf84c96b594916031dd0bdfb648f5b70c
