Nov 01 20:30:18.111 INFO testing Jengamon/Mister against 1.30.0 for beta-1.31-1
Nov 01 20:30:18.111 INFO running `"docker" "create" "-v" "/mnt/big/crater/work/local/target-dirs/beta-1.31-1/worker-1/1.30.0:/target:rw,Z" "-v" "/mnt/big/crater/work/local/test-source/worker-1/beta-1.31-1/1.30.0:/source:ro,Z" "-v" "/mnt/big/crater/work/local/cargo-home:/cargo-home:ro,Z" "-v" "/mnt/big/crater/work/local/rustup-home:/rustup-home:ro,Z" "-e" "USER_ID=1000" "-e" "SOURCE_DIR=/source" "-e" "USER_ID=1000" "-e" "CMD=cargo +1.30.0 build --frozen" "-e" "CARGO_TARGET_DIR=/target" "-e" "CARGO_INCREMENTAL=0" "-e" "RUST_BACKTRACE=full" "-e" "RUSTFLAGS=--cap-lints=warn" "-e" "CARGO_HOME=/cargo-home" "-e" "RUSTUP_HOME=/rustup-home" "-m" "1536M" "--network" "none" "crater"`
Nov 01 20:30:18.620 INFO blam! b178c3a66d70ca61e4b779734b72eb50c01dab24140d386b9e2ce0f05f14c341
Nov 01 20:30:18.627 INFO running `"docker" "start" "-a" "b178c3a66d70ca61e4b779734b72eb50c01dab24140d386b9e2ce0f05f14c341"`
Nov 01 20:30:19.698 INFO kablam! usermod: no changes
Nov 01 20:30:19.991 INFO kablam!    Compiling ordermap v0.2.13
Nov 01 20:30:19.995 INFO kablam!    Compiling cassowary v0.2.1
Nov 01 20:30:19.995 INFO kablam!    Compiling exoquant v0.2.0
Nov 01 20:30:19.999 INFO kablam!    Compiling memmap v0.6.2
Nov 01 20:30:20.003 INFO kablam!    Compiling isatty v0.1.3
Nov 01 20:30:20.018 INFO kablam!    Compiling shared_library v0.1.7
Nov 01 20:30:20.018 INFO kablam!    Compiling gl_generator v0.7.0
Nov 01 20:30:20.018 INFO kablam!    Compiling gl_generator v0.8.0
Nov 01 20:30:23.024 INFO kablam!    Compiling tempfile v2.2.0
Nov 01 20:30:26.155 INFO kablam!    Compiling num-bigint v0.1.40
Nov 01 20:30:26.197 INFO kablam!    Compiling gfx_core v0.6.1
Nov 01 20:30:26.371 INFO kablam!    Compiling osmesa-sys v0.1.2
Nov 01 20:30:32.481 INFO kablam!    Compiling petgraph v0.4.9
Nov 01 20:30:32.487 INFO kablam!    Compiling x11-dl v2.15.0
Nov 01 20:30:32.519 INFO kablam!    Compiling gfx_core v0.8.2
Nov 01 20:30:32.595 INFO kablam!    Compiling palette v0.2.1
Nov 01 20:30:32.705 INFO kablam!    Compiling nalgebra v0.11.2
Nov 01 20:30:33.119 INFO kablam!    Compiling wayland-client v0.12.5
Nov 01 20:30:41.891 INFO kablam!    Compiling gfx_gl v0.4.0
Nov 01 20:30:44.549 INFO kablam!    Compiling glutin v0.12.2
Nov 01 20:30:45.483 INFO kablam! error[E0034]: multiple applicable items in scope
Nov 01 20:30:45.483 INFO kablam!     --> /cargo-home/registry/src/github.com-1ecc6299db9ec823/petgraph-0.4.9/src/graph_impl/stable_graph/mod.rs:1172:19
Nov 01 20:30:45.483 INFO kablam!      |
Nov 01 20:30:45.483 INFO kablam! 1172 |         self.iter.find_map(|(i, node)| {
Nov 01 20:30:45.483 INFO kablam!      |                   ^^^^^^^^ multiple `find_map` found
Nov 01 20:30:45.483 INFO kablam!      |
Nov 01 20:30:45.483 INFO kablam! note: candidate #1 is defined in an impl of the trait `iter_utils::IterUtilsExt` for the type `_`
Nov 01 20:30:45.483 INFO kablam!     --> /cargo-home/registry/src/github.com-1ecc6299db9ec823/petgraph-0.4.9/src/iter_utils.rs:5:5
Nov 01 20:30:45.483 INFO kablam!      |
Nov 01 20:30:45.483 INFO kablam! 5    | /     fn find_map<F, R>(&mut self, mut f: F) -> Option<R>
Nov 01 20:30:45.483 INFO kablam! 6    | |         where F: FnMut(Self::Item) -> Option<R>
Nov 01 20:30:45.483 INFO kablam! 7    | |     {
Nov 01 20:30:45.483 INFO kablam! 8    | |         while let Some(elt) = self.next() {
Nov 01 20:30:45.483 INFO kablam! ...    |
Nov 01 20:30:45.483 INFO kablam! 13   | |         None
Nov 01 20:30:45.483 INFO kablam! 14   | |     }
Nov 01 20:30:45.483 INFO kablam!      | |_____^
Nov 01 20:30:45.483 INFO kablam!      = note: candidate #2 is defined in an impl of the trait `std::iter::Iterator` for the type `std::iter::Enumerate<_>`
Nov 01 20:30:45.483 INFO kablam! 
Nov 01 20:30:45.535 INFO kablam! error[E0034]: multiple applicable items in scope
Nov 01 20:30:45.535 INFO kablam!     --> /cargo-home/registry/src/github.com-1ecc6299db9ec823/petgraph-0.4.9/src/graph_impl/stable_graph/mod.rs:1355:19
Nov 01 20:30:45.535 INFO kablam!      |
Nov 01 20:30:45.535 INFO kablam! 1355 |         self.iter.find_map(|(i, edge)|
Nov 01 20:30:45.535 INFO kablam!      |                   ^^^^^^^^ multiple `find_map` found
Nov 01 20:30:45.535 INFO kablam!      |
Nov 01 20:30:45.535 INFO kablam! note: candidate #1 is defined in an impl of the trait `iter_utils::IterUtilsExt` for the type `_`
Nov 01 20:30:45.535 INFO kablam!     --> /cargo-home/registry/src/github.com-1ecc6299db9ec823/petgraph-0.4.9/src/iter_utils.rs:5:5
Nov 01 20:30:45.535 INFO kablam!      |
Nov 01 20:30:45.535 INFO kablam! 5    | /     fn find_map<F, R>(&mut self, mut f: F) -> Option<R>
Nov 01 20:30:45.535 INFO kablam! 6    | |         where F: FnMut(Self::Item) -> Option<R>
Nov 01 20:30:45.535 INFO kablam! 7    | |     {
Nov 01 20:30:45.535 INFO kablam! 8    | |         while let Some(elt) = self.next() {
Nov 01 20:30:45.535 INFO kablam! ...    |
Nov 01 20:30:45.535 INFO kablam! 13   | |         None
Nov 01 20:30:45.535 INFO kablam! 14   | |     }
Nov 01 20:30:45.535 INFO kablam!      | |_____^
Nov 01 20:30:45.535 INFO kablam!      = note: candidate #2 is defined in an impl of the trait `std::iter::Iterator` for the type `std::iter::Enumerate<_>`
Nov 01 20:30:45.535 INFO kablam! 
Nov 01 20:30:45.547 INFO kablam! error[E0034]: multiple applicable items in scope
Nov 01 20:30:45.547 INFO kablam!     --> /cargo-home/registry/src/github.com-1ecc6299db9ec823/petgraph-0.4.9/src/graph_impl/stable_graph/mod.rs:1519:19
Nov 01 20:30:45.547 INFO kablam!      |
Nov 01 20:30:45.547 INFO kablam! 1519 |         self.iter.find_map(|(i, node)| {
Nov 01 20:30:45.547 INFO kablam!      |                   ^^^^^^^^ multiple `find_map` found
Nov 01 20:30:45.547 INFO kablam!      |
Nov 01 20:30:45.547 INFO kablam! note: candidate #1 is defined in an impl of the trait `iter_utils::IterUtilsExt` for the type `_`
Nov 01 20:30:45.547 INFO kablam!     --> /cargo-home/registry/src/github.com-1ecc6299db9ec823/petgraph-0.4.9/src/iter_utils.rs:5:5
Nov 01 20:30:45.547 INFO kablam!      |
Nov 01 20:30:45.547 INFO kablam! 5    | /     fn find_map<F, R>(&mut self, mut f: F) -> Option<R>
Nov 01 20:30:45.547 INFO kablam! 6    | |         where F: FnMut(Self::Item) -> Option<R>
Nov 01 20:30:45.547 INFO kablam! 7    | |     {
Nov 01 20:30:45.547 INFO kablam! 8    | |         while let Some(elt) = self.next() {
Nov 01 20:30:45.547 INFO kablam! ...    |
Nov 01 20:30:45.547 INFO kablam! 13   | |         None
Nov 01 20:30:45.547 INFO kablam! 14   | |     }
Nov 01 20:30:45.547 INFO kablam!      | |_____^
Nov 01 20:30:45.547 INFO kablam!      = note: candidate #2 is defined in an impl of the trait `std::iter::Iterator` for the type `std::iter::Enumerate<_>`
Nov 01 20:30:45.547 INFO kablam! 
Nov 01 20:30:45.547 INFO kablam! error[E0034]: multiple applicable items in scope
Nov 01 20:30:45.547 INFO kablam!     --> /cargo-home/registry/src/github.com-1ecc6299db9ec823/petgraph-0.4.9/src/graph_impl/stable_graph/mod.rs:1565:19
Nov 01 20:30:45.547 INFO kablam!      |
Nov 01 20:30:45.547 INFO kablam! 1565 |         self.iter.find_map(|(i, node)| {
Nov 01 20:30:45.547 INFO kablam!      |                   ^^^^^^^^ multiple `find_map` found
Nov 01 20:30:45.547 INFO kablam!      |
Nov 01 20:30:45.547 INFO kablam! note: candidate #1 is defined in an impl of the trait `iter_utils::IterUtilsExt` for the type `_`
Nov 01 20:30:45.547 INFO kablam!     --> /cargo-home/registry/src/github.com-1ecc6299db9ec823/petgraph-0.4.9/src/iter_utils.rs:5:5
Nov 01 20:30:45.547 INFO kablam!      |
Nov 01 20:30:45.547 INFO kablam! 5    | /     fn find_map<F, R>(&mut self, mut f: F) -> Option<R>
Nov 01 20:30:45.547 INFO kablam! 6    | |         where F: FnMut(Self::Item) -> Option<R>
Nov 01 20:30:45.547 INFO kablam! 7    | |     {
Nov 01 20:30:45.547 INFO kablam! 8    | |         while let Some(elt) = self.next() {
Nov 01 20:30:45.547 INFO kablam! ...    |
Nov 01 20:30:45.547 INFO kablam! 13   | |         None
Nov 01 20:30:45.547 INFO kablam! 14   | |     }
Nov 01 20:30:45.547 INFO kablam!      | |_____^
Nov 01 20:30:45.547 INFO kablam!      = note: candidate #2 is defined in an impl of the trait `std::iter::Iterator` for the type `std::iter::Enumerate<_>`
Nov 01 20:30:45.547 INFO kablam! 
Nov 01 20:30:46.903 INFO kablam! error: aborting due to 4 previous errors
Nov 01 20:30:46.931 INFO kablam! 
Nov 01 20:30:46.934 INFO kablam! For more information about this error, try `rustc --explain E0034`.
Nov 01 20:30:46.983 INFO kablam! error: Could not compile `petgraph`.
Nov 01 20:30:46.983 INFO kablam! warning: build failed, waiting for other jobs to finish...
Nov 01 20:31:36.579 INFO kablam! error: build failed
Nov 01 20:31:36.579 INFO kablam! su: No module specific data is present
Nov 01 20:31:36.839 INFO running `"docker" "rm" "-f" "b178c3a66d70ca61e4b779734b72eb50c01dab24140d386b9e2ce0f05f14c341"`
Nov 01 20:31:36.916 INFO blam! b178c3a66d70ca61e4b779734b72eb50c01dab24140d386b9e2ce0f05f14c341
