Nov 01 21:27:38.660 INFO testing Ethan826/card-chameleon against beta-2018-10-30 for beta-1.31-1
Nov 01 21:27:38.660 INFO running `"docker" "create" "-v" "/mnt/big/crater/work/local/target-dirs/beta-1.31-1/worker-1/beta-2018-10-30:/target:rw,Z" "-v" "/mnt/big/crater/work/local/test-source/worker-1/beta-1.31-1/beta-2018-10-30:/source:ro,Z" "-v" "/mnt/big/crater/work/local/cargo-home:/cargo-home:ro,Z" "-v" "/mnt/big/crater/work/local/rustup-home:/rustup-home:ro,Z" "-e" "USER_ID=1000" "-e" "SOURCE_DIR=/source" "-e" "USER_ID=1000" "-e" "CMD=cargo +beta-2018-10-30 build --frozen" "-e" "CARGO_TARGET_DIR=/target" "-e" "CARGO_INCREMENTAL=0" "-e" "RUST_BACKTRACE=full" "-e" "RUSTFLAGS=--cap-lints=warn" "-e" "CARGO_HOME=/cargo-home" "-e" "RUSTUP_HOME=/rustup-home" "-m" "1536M" "--network" "none" "crater"`
Nov 01 21:27:39.056 INFO blam! 468d18b5beb6ca4cb5254752f8616d9c7c634ad1d4ca8277fa75b1a4130ce6ed
Nov 01 21:27:39.061 INFO running `"docker" "start" "-a" "468d18b5beb6ca4cb5254752f8616d9c7c634ad1d4ca8277fa75b1a4130ce6ed"`
Nov 01 21:27:40.198 INFO kablam! usermod: no changes
Nov 01 21:27:40.355 INFO kablam!    Compiling card-chameleon v0.1.0 (/source)
Nov 01 21:27:41.500 INFO kablam! error[E0432]: unresolved import `self::Deck`
Nov 01 21:27:41.500 INFO kablam!    --> src/deck.rs:246:15
Nov 01 21:27:41.500 INFO kablam!     |
Nov 01 21:27:41.500 INFO kablam! 246 |     use self::Deck::*;
Nov 01 21:27:41.500 INFO kablam!     |               ^^^^ Not a module `Deck`
Nov 01 21:27:41.500 INFO kablam! 
Nov 01 21:27:41.500 INFO kablam! error[E0432]: unresolved import `self::Card`
Nov 01 21:27:41.500 INFO kablam!    --> src/deck.rs:245:15
Nov 01 21:27:41.500 INFO kablam!     |
Nov 01 21:27:41.500 INFO kablam! 245 |     use self::Card::*;
Nov 01 21:27:41.500 INFO kablam!     |               ^^^^ Not a module `Card`
Nov 01 21:27:41.500 INFO kablam! 
Nov 01 21:27:41.500 INFO kablam! error[E0554]: #![feature] may not be used on the beta release channel
Nov 01 21:27:41.500 INFO kablam!  --> src/lib.rs:1:1
Nov 01 21:27:41.500 INFO kablam!   |
Nov 01 21:27:41.500 INFO kablam! 1 | #![feature(try_from)]
Nov 01 21:27:41.500 INFO kablam!   | ^^^^^^^^^^^^^^^^^^^^^
Nov 01 21:27:41.500 INFO kablam! 
Nov 01 21:27:41.500 INFO kablam! error: aborting due to 3 previous errors
Nov 01 21:27:41.500 INFO kablam! 
Nov 01 21:27:41.500 INFO kablam! Some errors occurred: E0432, E0554.
Nov 01 21:27:41.500 INFO kablam! For more information about an error, try `rustc --explain E0432`.
Nov 01 21:27:41.513 INFO kablam! error: Could not compile `card-chameleon`.
Nov 01 21:27:41.513 INFO kablam! 
Nov 01 21:27:41.514 INFO kablam! To learn more, run the command again with --verbose.
Nov 01 21:27:41.514 INFO kablam! su: No module specific data is present
Nov 01 21:27:42.475 INFO running `"docker" "rm" "-f" "468d18b5beb6ca4cb5254752f8616d9c7c634ad1d4ca8277fa75b1a4130ce6ed"`
Nov 01 21:27:42.695 INFO blam! 468d18b5beb6ca4cb5254752f8616d9c7c634ad1d4ca8277fa75b1a4130ce6ed
