Nov 01 22:58:59.229 INFO testing AberrantWolf/bugboy against beta-2018-10-30 for beta-1.31-1
Nov 01 22:58:59.231 INFO running `"docker" "create" "-v" "/mnt/big/crater/work/local/target-dirs/beta-1.31-1/worker-2/beta-2018-10-30:/target:rw,Z" "-v" "/mnt/big/crater/work/local/test-source/worker-2/beta-1.31-1/beta-2018-10-30:/source:ro,Z" "-v" "/mnt/big/crater/work/local/cargo-home:/cargo-home:ro,Z" "-v" "/mnt/big/crater/work/local/rustup-home:/rustup-home:ro,Z" "-e" "USER_ID=1000" "-e" "SOURCE_DIR=/source" "-e" "USER_ID=1000" "-e" "CMD=cargo +beta-2018-10-30 build --frozen" "-e" "CARGO_TARGET_DIR=/target" "-e" "CARGO_INCREMENTAL=0" "-e" "RUST_BACKTRACE=full" "-e" "RUSTFLAGS=--cap-lints=warn" "-e" "CARGO_HOME=/cargo-home" "-e" "RUSTUP_HOME=/rustup-home" "-m" "1536M" "--network" "none" "crater"`
Nov 01 22:58:59.982 INFO blam! 9dbf1d5eedaf22976d89eaf36a873f4420956d7dcf49a103e9b4c4b28c60cef1
Nov 01 22:58:59.985 INFO running `"docker" "start" "-a" "9dbf1d5eedaf22976d89eaf36a873f4420956d7dcf49a103e9b4c4b28c60cef1"`
Nov 01 22:59:01.239 INFO kablam! usermod: no changes
Nov 01 22:59:01.371 INFO kablam!    Compiling num-bigint v0.1.43
Nov 01 22:59:04.845 INFO kablam!    Compiling num-rational v0.1.42
Nov 01 22:59:06.663 INFO kablam!    Compiling num v0.1.42
Nov 01 22:59:07.327 INFO kablam!    Compiling bugboy v0.1.0 (/source)
Nov 01 22:59:08.665 INFO kablam! error[E0554]: #![feature] may not be used on the beta release channel
Nov 01 22:59:08.666 INFO kablam!  --> src/bugboy.rs:1:1
Nov 01 22:59:08.666 INFO kablam!   |
Nov 01 22:59:08.666 INFO kablam! 1 | #![feature(custom_attribute)]
Nov 01 22:59:08.667 INFO kablam!   | ^^^^^^^^^^^^^^^^^^^^^^^^^^^^^
Nov 01 22:59:08.667 INFO kablam! 
Nov 01 22:59:08.667 INFO kablam! error[E0554]: #![feature] may not be used on the beta release channel
Nov 01 22:59:08.667 INFO kablam!  --> src/bugboy.rs:2:1
Nov 01 22:59:08.668 INFO kablam!   |
Nov 01 22:59:08.668 INFO kablam! 2 | #![feature(slice_patterns)]
Nov 01 22:59:08.669 INFO kablam!   | ^^^^^^^^^^^^^^^^^^^^^^^^^^^
Nov 01 22:59:08.669 INFO kablam! 
Nov 01 22:59:08.677 INFO kablam! error: aborting due to 2 previous errors
Nov 01 22:59:08.677 INFO kablam! 
Nov 01 22:59:08.678 INFO kablam! For more information about this error, try `rustc --explain E0554`.
Nov 01 22:59:08.687 INFO kablam! error: Could not compile `bugboy`.
Nov 01 22:59:08.688 INFO kablam! warning: build failed, waiting for other jobs to finish...
Nov 01 22:59:09.143 INFO kablam! error[E0554]: #![feature] may not be used on the beta release channel
Nov 01 22:59:09.143 INFO kablam!  --> src/traceboy.rs:1:1
Nov 01 22:59:09.143 INFO kablam!   |
Nov 01 22:59:09.143 INFO kablam! 1 | #![feature(custom_attribute)]
Nov 01 22:59:09.143 INFO kablam!   | ^^^^^^^^^^^^^^^^^^^^^^^^^^^^^
Nov 01 22:59:09.143 INFO kablam! 
Nov 01 22:59:09.143 INFO kablam! error[E0554]: #![feature] may not be used on the beta release channel
Nov 01 22:59:09.143 INFO kablam!  --> src/traceboy.rs:2:1
Nov 01 22:59:09.143 INFO kablam!   |
Nov 01 22:59:09.143 INFO kablam! 2 | #![feature(slice_patterns)]
Nov 01 22:59:09.143 INFO kablam!   | ^^^^^^^^^^^^^^^^^^^^^^^^^^^
Nov 01 22:59:09.143 INFO kablam! 
Nov 01 22:59:09.151 INFO kablam! error: aborting due to 2 previous errors
Nov 01 22:59:09.151 INFO kablam! 
Nov 01 22:59:09.151 INFO kablam! For more information about this error, try `rustc --explain E0554`.
Nov 01 22:59:09.158 INFO kablam! error: Could not compile `bugboy`.
Nov 01 22:59:09.158 INFO kablam! 
Nov 01 22:59:09.158 INFO kablam! To learn more, run the command again with --verbose.
Nov 01 22:59:09.159 INFO kablam! su: No module specific data is present
Nov 01 22:59:09.942 INFO running `"docker" "rm" "-f" "9dbf1d5eedaf22976d89eaf36a873f4420956d7dcf49a103e9b4c4b28c60cef1"`
Nov 01 22:59:10.271 INFO blam! 9dbf1d5eedaf22976d89eaf36a873f4420956d7dcf49a103e9b4c4b28c60cef1
