[INFO] cloning repository https://github.com/AjmAng/fire-redis
[INFO] running `Command { std: "git" "-c" "credential.helper=" "-c" "credential.helper=/workspace/cargo-home/bin/git-credential-null" "clone" "--bare" "https://github.com/AjmAng/fire-redis" "/workspace/cache/git-repos/https%3A%2F%2Fgithub.com%2FAjmAng%2Ffire-redis", kill_on_drop: false }`
[INFO] [stderr] Cloning into bare repository '/workspace/cache/git-repos/https%3A%2F%2Fgithub.com%2FAjmAng%2Ffire-redis'...
[INFO] running `Command { std: "git" "rev-parse" "HEAD", kill_on_drop: false }`
[INFO] [stdout] d9f108d690b9f4bec5876b7c1202e5bc7b3cdae0
[INFO] testing AjmAng/fire-redis against 1.99.0-beta.8 for beta-1.100-4
[INFO] running `Command { std: "git" "clone" "/workspace/cache/git-repos/https%3A%2F%2Fgithub.com%2FAjmAng%2Ffire-redis" "/workspace/builds/worker-6-tc1/source", kill_on_drop: false }`
[INFO] [stderr] Cloning into '/workspace/builds/worker-6-tc1/source'...
[INFO] [stderr] done.
[INFO] started tweaking git repo https://github.com/AjmAng/fire-redis
[INFO] finished tweaking git repo https://github.com/AjmAng/fire-redis
[INFO] tweaked toml for git repo https://github.com/AjmAng/fire-redis written to /workspace/builds/worker-6-tc1/source/Cargo.toml
[INFO] validating manifest of git repo https://github.com/AjmAng/fire-redis on toolchain 1.99.0-beta.8
[INFO] running `Command { std: CARGO_HOME="/workspace/cargo-home" RUSTUP_HOME="/workspace/rustup-home" "/workspace/cargo-home/bin/cargo" "+1.99.0-beta.8" "metadata" "--manifest-path" "Cargo.toml" "--no-deps", kill_on_drop: false }`
[INFO] crate git repo https://github.com/AjmAng/fire-redis already has a lockfile, it will not be regenerated
[INFO] running `Command { std: CARGO_HOME="/workspace/cargo-home" RUSTUP_HOME="/workspace/rustup-home" "/workspace/cargo-home/bin/cargo" "+1.99.0-beta.8" "fetch" "--manifest-path" "Cargo.toml", kill_on_drop: false }`
[INFO] [stderr]     Updating crates.io index
[INFO] [stderr]  Downloading crates ...
[INFO] [stderr]   Downloaded arcstr v1.2.0
[INFO] [stderr]   Downloaded opentelemetry-http v0.27.0
[INFO] [stderr]   Downloaded opentelemetry v0.27.1
[INFO] [stderr]   Downloaded opentelemetry-otlp v0.27.0
[INFO] [stderr]   Downloaded ordered-float v5.1.0
[INFO] [stderr]   Downloaded opentelemetry_sdk v0.27.1
[INFO] [stderr]   Downloaded tracing-opentelemetry v0.28.0
[INFO] [stderr]   Downloaded opentelemetry-proto v0.27.0
[INFO] [stderr]   Downloaded redis v1.0.4
[INFO] running `Command { std: "docker" "create" "-v" "/var/lib/crater-agent-workspace/builds/worker-6-tc1/source:/opt/rustwide/workdir:ro,Z" "-v" "/var/lib/crater-agent-workspace/builds/worker-6-tc1/target:/opt/rustwide/target:rw,Z" "-v" "/var/lib/crater-agent-workspace/cargo-home:/opt/rustwide/cargo-home:ro,Z" "-v" "/var/lib/crater-agent-workspace/rustup-home:/opt/rustwide/rustup-home:ro,Z" "-m" "1610612736" "--network" "none" "ghcr.io/rust-lang/crates-build-env/linux@sha256:77db811e55d90add9212f6832c23229e3de5f1c1f9905e8cb07319ea15df73ac" "sleep" "infinity", kill_on_drop: false }`
[INFO] [stdout] b96b37b2aebe6674887f3e4fa511c2c94b31790e1e54cf6751ec4483834a7935
[INFO] running `Command { std: "docker" "start" "b96b37b2aebe6674887f3e4fa511c2c94b31790e1e54cf6751ec4483834a7935", kill_on_drop: false }`
[INFO] running `Command { std: "docker" "inspect" "b96b37b2aebe6674887f3e4fa511c2c94b31790e1e54cf6751ec4483834a7935", kill_on_drop: false }`
[INFO] running `Command { std: "docker" "exec" "-e" "SOURCE_DIR=/opt/rustwide/workdir" "-e" "CARGO_HOME=/opt/rustwide/cargo-home" "-e" "RUSTUP_HOME=/opt/rustwide/rustup-home" "-e" "CARGO_TARGET_DIR=/opt/rustwide/target" "-w" "/opt/rustwide/workdir" "--user" "0:0" "b96b37b2aebe6674887f3e4fa511c2c94b31790e1e54cf6751ec4483834a7935" "/opt/rustwide/cargo-home/bin/cargo" "+1.99.0-beta.8" "metadata" "--no-deps" "--format-version=1", kill_on_drop: false }`
[INFO] running `Command { std: "docker" "inspect" "b96b37b2aebe6674887f3e4fa511c2c94b31790e1e54cf6751ec4483834a7935", kill_on_drop: false }`
[INFO] running `Command { std: "docker" "exec" "-e" "SOURCE_DIR=/opt/rustwide/workdir" "-e" "CARGO_HOME=/opt/rustwide/cargo-home" "-e" "RUSTUP_HOME=/opt/rustwide/rustup-home" "-e" "CARGO_TARGET_DIR=/opt/rustwide/target" "-e" "CARGO_INCREMENTAL=0" "-e" "RUST_BACKTRACE=full" "-e" "RUSTFLAGS=--cap-lints=warn" "-e" "RUSTDOCFLAGS=--cap-lints=warn" "-w" "/opt/rustwide/workdir" "--user" "0:0" "b96b37b2aebe6674887f3e4fa511c2c94b31790e1e54cf6751ec4483834a7935" "/opt/rustwide/cargo-home/bin/cargo" "+1.99.0-beta.8" "build" "--frozen" "--message-format=json", kill_on_drop: false }`
[INFO] [stderr]    Compiling zerofrom-derive v0.1.6
[INFO] [stderr]    Compiling yoke-derive v0.8.1
[INFO] [stderr]    Compiling zerovec-derive v0.11.2
[INFO] [stderr]    Compiling signal-hook-registry v1.4.2
[INFO] [stderr]    Compiling tokio-macros v2.6.1
[INFO] [stderr]    Compiling tracing-core v0.1.36
[INFO] [stderr]    Compiling zerocopy v0.8.52
[INFO] [stderr]    Compiling slab v0.4.12
[INFO] [stderr]    Compiling parking_lot_core v0.9.12
[INFO] [stderr]    Compiling getrandom v0.2.17
[INFO] [stderr]    Compiling anyhow v1.0.102
[INFO] [stderr]    Compiling num-traits v0.2.19
[INFO] [stderr]    Compiling http v1.4.2
[INFO] [stderr]    Compiling either v1.16.0
[INFO] [stderr]    Compiling serde_json v1.0.150
[INFO] [stderr]    Compiling pin-project-internal v1.1.13
[INFO] [stderr]    Compiling itertools v0.14.0
[INFO] [stderr]    Compiling parking_lot v0.12.3
[INFO] [stderr]    Compiling futures-util v0.3.32
[INFO] [stderr]    Compiling rand_core v0.6.4
[INFO] [stderr]    Compiling tracing v0.1.44
[INFO] [stderr]    Compiling anstyle-parse v0.2.7
[INFO] [stderr]    Compiling regex-automata v0.4.14
[INFO] [stderr]    Compiling colorchoice v1.0.4
[INFO] [stderr]    Compiling opentelemetry v0.27.1
[INFO] [stderr]    Compiling anstyle v1.0.13
[INFO] [stderr]    Compiling crossbeam-utils v0.8.21
[INFO] [stderr]    Compiling tokio v1.50.0
[INFO] [stderr]    Compiling sharded-slab v0.1.7
[INFO] [stderr]    Compiling anstream v0.6.21
[INFO] [stderr]    Compiling tracing-log v0.2.0
[INFO] [stderr]    Compiling thread_local v1.1.9
[INFO] [stderr]    Compiling clap_lex v1.0.0
[INFO] [stderr]    Compiling http-body v1.0.1
[INFO] [stderr]    Compiling http-body-util v0.1.3
[INFO] [stderr]    Compiling pin-project v1.1.13
[INFO] [stderr]    Compiling nu-ansi-term v0.50.3
[INFO] [stderr]    Compiling clap_derive v4.5.55
[INFO] [stderr]    Compiling clap_builder v4.5.60
[INFO] [stderr]    Compiling zerofrom v0.1.6
[INFO] [stderr]    Compiling thiserror-impl v2.0.18
[INFO] [stderr]    Compiling yoke v0.8.1
[INFO] [stderr]    Compiling num-integer v0.1.46
[INFO] [stderr]    Compiling arcstr v1.2.0
[INFO] [stderr]    Compiling sha1_smol v1.0.1
[INFO] [stderr]    Compiling zerotrie v0.2.3
[INFO] [stderr]    Compiling zerovec v0.11.5
[INFO] [stderr]    Compiling opentelemetry-http v0.27.0
[INFO] [stderr]    Compiling xxhash-rust v0.8.15
[INFO] [stderr]    Compiling ordered-float v5.1.0
[INFO] [stderr]    Compiling num-bigint v0.4.6
[INFO] [stderr]    Compiling dashmap v6.1.0
[INFO] [stderr]    Compiling prost-derive v0.13.5
[INFO] [stderr]    Compiling thiserror v2.0.18
[INFO] [stderr]    Compiling tinystr v0.8.2
[INFO] [stderr]    Compiling potential_utf v0.1.4
[INFO] [stderr]    Compiling icu_collections v2.1.1
[INFO] [stderr]    Compiling icu_locale_core v2.1.1
[INFO] [stderr]    Compiling matchers v0.2.0
[INFO] [stderr]    Compiling tracing-subscriber v0.3.22
[INFO] [stderr]    Compiling futures-executor v0.3.32
[INFO] [stderr]    Compiling futures v0.3.32
[INFO] [stderr]    Compiling icu_provider v2.1.1
[INFO] [stderr]    Compiling prost v0.13.5
[INFO] [stderr]    Compiling icu_properties v2.1.2
[INFO] [stderr]    Compiling icu_normalizer v2.1.1
[INFO] [stderr]    Compiling clap v4.5.60
[INFO] [stderr]    Compiling idna_adapter v1.2.1
[INFO] [stderr]    Compiling idna v1.1.0
[INFO] [stderr]    Compiling url v2.5.8
[INFO] [stderr]    Compiling ppv-lite86 v0.2.21
[INFO] [stderr]    Compiling rand_chacha v0.3.1
[INFO] [stderr]    Compiling rand v0.8.6
[INFO] [stderr]    Compiling tokio-stream v0.1.18
[INFO] [stderr]    Compiling tokio-util v0.7.18
[INFO] [stderr]    Compiling opentelemetry_sdk v0.27.1
[INFO] [stderr]    Compiling tonic v0.12.3
[INFO] [stderr]    Compiling combine v4.6.7
[INFO] [stderr]    Compiling opentelemetry-proto v0.27.0
[INFO] [stderr]    Compiling tracing-opentelemetry v0.28.0
[INFO] [stderr]    Compiling opentelemetry-otlp v0.27.0
[INFO] [stderr]    Compiling redis v1.0.4
[INFO] [stderr]    Compiling fire-redis v0.1.0 (/opt/rustwide/workdir)
[INFO] [stderr]     Finished `dev` profile [unoptimized + debuginfo] target(s) in 54.07s
[INFO] running `Command { std: "docker" "inspect" "b96b37b2aebe6674887f3e4fa511c2c94b31790e1e54cf6751ec4483834a7935", kill_on_drop: false }`
[INFO] running `Command { std: "docker" "exec" "-e" "SOURCE_DIR=/opt/rustwide/workdir" "-e" "CARGO_HOME=/opt/rustwide/cargo-home" "-e" "RUSTUP_HOME=/opt/rustwide/rustup-home" "-e" "CARGO_TARGET_DIR=/opt/rustwide/target" "-e" "CARGO_INCREMENTAL=0" "-e" "RUST_BACKTRACE=full" "-e" "RUSTFLAGS=--cap-lints=warn" "-e" "RUSTDOCFLAGS=--cap-lints=warn" "-w" "/opt/rustwide/workdir" "--user" "0:0" "b96b37b2aebe6674887f3e4fa511c2c94b31790e1e54cf6751ec4483834a7935" "/opt/rustwide/cargo-home/bin/cargo" "+1.99.0-beta.8" "test" "--frozen" "--no-run" "--message-format=json", kill_on_drop: false }`
[INFO] [stderr]    Compiling zerocopy v0.8.52
[INFO] [stderr]    Compiling serde_core v1.0.228
[INFO] [stderr]    Compiling zerocopy-derive v0.8.52
[INFO] [stderr]    Compiling either v1.16.0
[INFO] [stderr]    Compiling num-traits v0.2.19
[INFO] [stderr]    Compiling regex-automata v0.4.14
[INFO] [stderr]    Compiling serde v1.0.228
[INFO] [stderr]    Compiling crossbeam-epoch v0.9.18
[INFO] [stderr]    Compiling ciborium-io v0.2.2
[INFO] [stderr]    Compiling plotters-backend v0.3.7
[INFO] [stderr]    Compiling cast v0.3.0
[INFO] [stderr]    Compiling is-terminal v0.4.17
[INFO] [stderr]    Compiling oorandom v11.1.5
[INFO] [stderr]    Compiling anes v0.1.6
[INFO] [stderr]    Compiling itertools v0.14.0
[INFO] [stderr]    Compiling itertools v0.10.5
[INFO] [stderr]    Compiling crossbeam-deque v0.8.6
[INFO] [stderr]    Compiling plotters-svg v0.3.7
[INFO] [stderr]    Compiling rayon-core v1.13.0
[INFO] [stderr]    Compiling num-integer v0.1.46
[INFO] [stderr]    Compiling ordered-float v5.1.0
[INFO] [stderr]    Compiling plotters v0.3.7
[INFO] [stderr]    Compiling rayon v1.12.0
[INFO] [stderr]    Compiling num-bigint v0.4.6
[INFO] [stderr]    Compiling criterion-plot v0.5.0
[INFO] [stderr]    Compiling prost-derive v0.13.5
[INFO] [stderr]    Compiling redis v1.0.4
[INFO] [stderr]    Compiling matchers v0.2.0
[INFO] [stderr]    Compiling regex v1.12.3
[INFO] [stderr]    Compiling tracing-subscriber v0.3.22
[INFO] [stderr]    Compiling serde_json v1.0.150
[INFO] [stderr]    Compiling prost v0.13.5
[INFO] [stderr]    Compiling tinytemplate v1.2.1
[INFO] [stderr]    Compiling tonic v0.12.3
[INFO] [stderr]    Compiling ppv-lite86 v0.2.21
[INFO] [stderr]    Compiling half v2.7.1
[INFO] [stderr]    Compiling ciborium-ll v0.2.2
[INFO] [stderr]    Compiling rand_chacha v0.3.1
[INFO] [stderr]    Compiling ciborium v0.2.2
[INFO] [stderr]    Compiling rand v0.8.6
[INFO] [stderr]    Compiling criterion v0.5.1
[INFO] [stderr]    Compiling opentelemetry_sdk v0.27.1
[INFO] [stderr]    Compiling opentelemetry-proto v0.27.0
[INFO] [stderr]    Compiling tracing-opentelemetry v0.28.0
[INFO] [stderr]    Compiling opentelemetry-otlp v0.27.0
[INFO] [stderr]    Compiling fire-redis v0.1.0 (/opt/rustwide/workdir)
[INFO] [stderr]     Finished `test` profile [unoptimized + debuginfo] target(s) in 47.59s
[INFO] running `Command { std: "docker" "inspect" "b96b37b2aebe6674887f3e4fa511c2c94b31790e1e54cf6751ec4483834a7935", kill_on_drop: false }`
[INFO] running `Command { std: "docker" "exec" "-e" "SOURCE_DIR=/opt/rustwide/workdir" "-e" "CARGO_HOME=/opt/rustwide/cargo-home" "-e" "RUSTUP_HOME=/opt/rustwide/rustup-home" "-e" "CARGO_TARGET_DIR=/opt/rustwide/target" "-e" "CARGO_INCREMENTAL=0" "-e" "RUST_BACKTRACE=full" "-e" "RUSTFLAGS=--cap-lints=warn" "-e" "RUSTDOCFLAGS=--cap-lints=warn" "-w" "/opt/rustwide/workdir" "--user" "0:0" "b96b37b2aebe6674887f3e4fa511c2c94b31790e1e54cf6751ec4483834a7935" "/opt/rustwide/cargo-home/bin/cargo" "+1.99.0-beta.8" "test" "--frozen", kill_on_drop: false }`
[INFO] [stderr]     Finished `test` profile [unoptimized + debuginfo] target(s) in 0.30s
[INFO] [stderr]      Running unittests src/lib.rs (/opt/rustwide/target/debug/deps/fire_redis-5fa28efa1ab38e5e)
[INFO] [stdout] 
[INFO] [stdout] running 85 tests
[INFO] [stdout] test commands::tests::test_parse_empty_args ... ok
[INFO] [stdout] test commands::tests::test_parse_expire ... ok
[INFO] [stdout] test commands::tests::test_parse_decr ... ok
[INFO] [stdout] test commands::tests::test_parse_echo ... ok
[INFO] [stdout] test commands::tests::test_parse_exists ... ok
[INFO] [stdout] test commands::tests::test_parse_hkeys ... ok
[INFO] [stdout] test commands::tests::test_parse_hdel ... ok
[INFO] [stdout] test commands::tests::test_parse_hgetall ... ok
[INFO] [stdout] test commands::tests::test_parse_del ... ok
[INFO] [stdout] test commands::tests::test_parse_hget ... ok
[INFO] [stdout] test commands::tests::test_parse_echo_rejects_extra_args ... ok
[INFO] [stdout] test commands::tests::test_parse_expire_rejects_non_integer ... ok
[INFO] [stdout] test commands::tests::test_parse_append ... ok
[INFO] [stdout] test commands::tests::test_parse_flushall ... ok
[INFO] [stdout] test commands::tests::test_parse_hexists ... ok
[INFO] [stdout] test commands::tests::test_parse_hset_rejects_odd_field_value_pairs ... ok
[INFO] [stdout] test commands::tests::test_parse_incr ... ok
[INFO] [stdout] test commands::tests::test_parse_lpop ... ok
[INFO] [stdout] test commands::tests::test_parse_ping ... ok
[INFO] [stdout] test commands::tests::test_parse_hvals ... ok
[INFO] [stdout] test commands::tests::test_parse_pttl ... ok
[INFO] [stdout] test commands::tests::test_parse_rpop ... ok
[INFO] [stdout] test commands::tests::test_parse_rpush ... ok
[INFO] [stdout] test commands::tests::test_parse_scard ... ok
[INFO] [stdout] test commands::tests::test_parse_set_rejects_nx_xx_combination ... ok
[INFO] [stdout] test commands::tests::test_parse_info ... ok
[INFO] [stdout] test commands::tests::test_parse_set_rejects_unknown_option ... ok
[INFO] [stdout] test commands::tests::test_parse_mget ... ok
[INFO] [stdout] test commands::tests::test_parse_invalid_cmd_type ... ok
[INFO] [stdout] test commands::tests::test_parse_set_with_nx_and_px ... ok
[INFO] [stdout] test commands::tests::test_parse_mset ... ok
[INFO] [stdout] test commands::tests::test_parse_srem ... ok
[INFO] [stdout] test commands::tests::test_parse_keys ... ok
[INFO] [stdout] test commands::tests::test_parse_sismember ... ok
[INFO] [stdout] test commands::tests::test_parse_smembers ... ok
[INFO] [stdout] test commands::tests::test_parse_lpush ... ok
[INFO] [stdout] test commands::tests::test_parse_lindex ... ok
[INFO] [stdout] test commands::tests::test_parse_llen ... ok
[INFO] [stdout] test commands::tests::test_parse_quit ... ok
[INFO] [stdout] test commands::tests::test_parse_spop_rejects_too_many_args ... ok
[INFO] [stdout] test commands::tests::test_parse_mset_rejects_odd_pairs ... ok
[INFO] [stdout] test commands::tests::test_parse_zrange_rejects_non_integer_index ... ok
[INFO] [stdout] test commands::tests::test_parse_hlen ... ok
[INFO] [stdout] test commands::tests::test_parse_lrange_supports_negative_offsets ... ok
[INFO] [stdout] test commands::tests::test_parse_zcount_rejects_wrong_arity ... ok
[INFO] [stdout] test commands::tests::test_parse_zrem ... ok
[INFO] [stdout] test commands::tests::test_parse_set_with_ex_converts_to_ms ... ok
[INFO] [stdout] test commands::tests::test_parse_unknown_command ... ok
[INFO] [stdout] test commands::tests::test_parse_ttl ... ok
[INFO] [stdout] test commands::tests::test_parse_zadd_rejects_invalid_float_score ... ok
[INFO] [stdout] test persistence::aof::tests::test_should_log_to_aof ... ok
[INFO] [stdout] test commands::tests::test_parse_del_minimal ... ok
[INFO] [stdout] test commands::tests::test_parse_spop_with_count ... ok
[INFO] [stdout] test commands::tests::test_parse_strlen ... ok
[INFO] [stdout] test commands::tests::test_parse_type_cmd ... ok
[INFO] [stdout] test commands::tests::test_parse_zscore ... ok
[INFO] [stdout] test resp::tests::test_simple_string ... ok
[INFO] [stdout] test metrics::tests::per_command_counts ... ok
[INFO] [stdout] test metrics::tests::clone_preserves_values ... ok
[INFO] [stdout] test metrics::tests::latency_buckets_recorded ... ok
[INFO] [stdout] test metrics::tests::info_string_contains_sections ... ok
[INFO] [stdout] test store::list::tests::test_lrange_and_lindex_with_negative_offsets ... ok
[INFO] [stdout] test store::hash::tests::test_hdel_removes_empty_hash_key ... ok
[INFO] [stdout] test resp::tests::test_array ... ok
[INFO] [stdout] test store::list::tests::test_list_push_pop_order ... ok
[INFO] [stdout] test store::hash::tests::test_hash ... ok
[INFO] [stdout] test metrics::tests::counters_increment_and_snapshot ... ok
[INFO] [stdout] test resp::tests::test_decode_fragmented_ping_array_does_not_consume_partial ... ok
[INFO] [stdout] test store::sorted_set::tests::test_sorted_set_update_does_not_duplicate_in_range ... ok
[INFO] [stdout] test store::set::tests::test_set_add_rem_and_membership ... ok
[INFO] [stdout] test store::list::tests::test_lrange_out_of_bounds_and_empty_list_cleanup ... ok
[INFO] [stdout] test store::sorted_set::tests::test_sorted_set_update_and_remove ... ok
[INFO] [stdout] test store::set::tests::test_s_rem_removes_empty_set_key ... ok
[INFO] [stdout] test store::set::tests::test_s_pop_count_bounds ... ok
[INFO] [stdout] test store::sorted_set::tests::test_sorted_set_order_and_score_queries ... ok
[INFO] [stdout] test resp::tests::test_error ... ok
[INFO] [stdout] test resp::tests::test_decode_multiple_frames_in_single_buffer ... ok
[INFO] [stdout] test resp::tests::test_integer ... ok
[INFO] [stdout] test resp::tests::test_bulk_string ... ok
[INFO] [stdout] test store::sorted_set::tests::test_zrem_removes_empty_sorted_set_key ... ok
[INFO] [stdout] test store::tests::clones_share_state ... ok
[INFO] [stdout] test persistence::rdb::tests::test_rdb_save_load ... ok
[INFO] [stdout] test persistence::aof::tests::test_aof_append ... ok
[INFO] [stdout] test store::tests::evict_expired_removes_data_and_ttl ... ok
[INFO] [stdout] test store::string::tests::test_set_expiration ... ok
[INFO] [stdout] 
[INFO] [stdout] test result: ok. 85 passed; 0 failed; 0 ignored; 0 measured; 0 filtered out; finished in 0.18s
[INFO] [stdout] 
[INFO] [stderr]      Running unittests src/bin/redis_benchmark.rs (/opt/rustwide/target/debug/deps/redis_benchmark-2cf3432503d55b4d)
[INFO] [stderr]      Running unittests src/bin/cli.rs (/opt/rustwide/target/debug/deps/redis_cli-e3bdcf7c7bed33a3)
[INFO] [stdout] 
[INFO] [stdout] running 0 tests
[INFO] [stdout] 
[INFO] [stdout] test result: ok. 0 passed; 0 failed; 0 ignored; 0 measured; 0 filtered out; finished in 0.00s
[INFO] [stdout] 
[INFO] [stdout] 
[INFO] [stdout] running 0 tests
[INFO] [stdout] 
[INFO] [stdout] test result: ok. 0 passed; 0 failed; 0 ignored; 0 measured; 0 filtered out; finished in 0.00s
[INFO] [stdout] 
[INFO] [stderr]      Running unittests src/bin/server.rs (/opt/rustwide/target/debug/deps/redis_server-ae0f4c8f19849b06)
[INFO] [stderr]      Running tests/common.rs (/opt/rustwide/target/debug/deps/common-0907afc0dcd5b329)
[INFO] [stdout] 
[INFO] [stdout] running 0 tests
[INFO] [stdout] 
[INFO] [stdout] test result: ok. 0 passed; 0 failed; 0 ignored; 0 measured; 0 filtered out; finished in 0.00s
[INFO] [stdout] 
[INFO] [stderr]      Running tests/hash_and_list.rs (/opt/rustwide/target/debug/deps/hash_and_list-74c713f7e0cb281f)
[INFO] [stdout] 
[INFO] [stdout] running 0 tests
[INFO] [stdout] 
[INFO] [stdout] test result: ok. 0 passed; 0 failed; 0 ignored; 0 measured; 0 filtered out; finished in 0.00s
[INFO] [stdout] 
[INFO] [stdout] 
[INFO] [stdout] running 3 tests
[INFO] [stderr]      Running tests/misc_commands.rs (/opt/rustwide/target/debug/deps/misc_commands-8d991a208115fe39)
[INFO] [stdout] test test_server_list_command_coverage_and_cleanup ... ok
[INFO] [stdout] test test_server_hash_command_coverage ... ok
[INFO] [stdout] test test_server_lrange_and_set_edge_cases ... ok
[INFO] [stdout] 
[INFO] [stdout] test result: ok. 3 passed; 0 failed; 0 ignored; 0 measured; 0 filtered out; finished in 0.11s
[INFO] [stdout] 
[INFO] [stdout] 
[INFO] [stdout] running 4 tests
[INFO] [stdout] test test_quit ... ok
[INFO] [stdout] test test_lpush ... ok
[INFO] [stdout] test test_incr ... ok
[INFO] [stdout] test test_info ... ok
[INFO] [stderr]      Running tests/persistence.rs (/opt/rustwide/target/debug/deps/persistence-1314a970702f0d53)
[INFO] [stdout] 
[INFO] [stdout] test result: ok. 4 passed; 0 failed; 0 ignored; 0 measured; 0 filtered out; finished in 0.11s
[INFO] [stdout] 
[INFO] [stdout] 
[INFO] [stdout] running 8 tests
[INFO] [stdout] test test_no_persistence_data_lost_on_restart ... ok
[INFO] [stdout] test test_flushall_before_persist ... ok
[INFO] [stdout] test test_aof_replay_and_rewrite_preserves_ttl ... ok
[INFO] [stdout] test test_del_before_second_rdb_save ... ok
[INFO] [stdout] test test_rdb_full_recovery_includes_all_types_and_ttl ... ok
[INFO] [stdout] test test_combined_rdb_and_aof_load ... FAILED
[INFO] [stdout] test test_expired_keys_are_not_restored ... ok
[INFO] [stdout] test test_aof_ttl_replayed_correctly ... ok
[INFO] [stdout] 
[INFO] [stdout] failures:
[INFO] [stdout] 
[INFO] [stdout] ---- test_combined_rdb_and_aof_load stdout ----
[INFO] [stdout] 
[INFO] [stdout] thread 'test_combined_rdb_and_aof_load' (2569) panicked at tests/persistence.rs:304:5:
[INFO] [stdout] assertion `left == right` failed
[INFO] [stdout]   left: {"z", "x", "y"}
[INFO] [stdout]  right: {"z", "x", "y", "w"}
[INFO] [stdout] stack backtrace:
[INFO] [stdout]    0:     0x57a1f78e3301 - std[70759c8f55707aa4]::backtrace_rs::backtrace::libunwind::trace
[INFO] [stdout]                                at /rustc/dfb0accb7f508ae8be965d8629557221c889dd98/library/std/src/../../backtrace/src/backtrace/libunwind.rs:117:9
[INFO] [stdout]    1:     0x57a1f78e3301 - std[70759c8f55707aa4]::backtrace_rs::backtrace::trace_unsynchronized::<std[70759c8f55707aa4]::sys::backtrace::_print_fmt::{closure#1}>
[INFO] [stdout]                                at /rustc/dfb0accb7f508ae8be965d8629557221c889dd98/library/std/src/../../backtrace/src/backtrace/mod.rs:66:14
[INFO] [stdout]    2:     0x57a1f78e3301 - std[70759c8f55707aa4]::sys::backtrace::_print_fmt
[INFO] [stdout]                                at /rustc/dfb0accb7f508ae8be965d8629557221c889dd98/library/std/src/sys/backtrace.rs:74:9
[INFO] [stdout]    3:     0x57a1f78e3301 - <<std[70759c8f55707aa4]::sys::backtrace::BacktraceLock>::print::DisplayBacktrace as core[df12db4294e9bfd3]::fmt::Display>::fmt
[INFO] [stdout]                                at /rustc/dfb0accb7f508ae8be965d8629557221c889dd98/library/std/src/sys/backtrace.rs:44:26
[INFO] [stdout]    4:     0x57a1f78f971a - <core[df12db4294e9bfd3]::fmt::rt::Argument>::fmt
[INFO] [stdout]                                at /rustc/dfb0accb7f508ae8be965d8629557221c889dd98/library/core/src/fmt/rt.rs:152:76
[INFO] [stdout]    5:     0x57a1f78f971a - core[df12db4294e9bfd3]::fmt::write
[INFO] [stdout]    6:     0x57a1f78e809c - core[df12db4294e9bfd3]::io::write::default_write_fmt::<alloc[2182bb758b4b3781]::vec::Vec<u8>>
[INFO] [stdout]                                at /rustc/dfb0accb7f508ae8be965d8629557221c889dd98/library/core/src/io/write.rs:402:11
[INFO] [stdout]    7:     0x57a1f78e809c - <alloc[2182bb758b4b3781]::vec::Vec<u8> as core[df12db4294e9bfd3]::io::write::Write>::write_fmt
[INFO] [stdout]                                at /rustc/dfb0accb7f508ae8be965d8629557221c889dd98/library/core/src/io/write.rs:335:13
[INFO] [stdout]    8:     0x57a1f78bd116 - <std[70759c8f55707aa4]::sys::backtrace::BacktraceLock>::print
[INFO] [stdout]                                at /rustc/dfb0accb7f508ae8be965d8629557221c889dd98/library/std/src/sys/backtrace.rs:47:9
[INFO] [stdout]    9:     0x57a1f78bd116 - std[70759c8f55707aa4]::panicking::default_hook::{closure#0}
[INFO] [stdout]                                at /rustc/dfb0accb7f508ae8be965d8629557221c889dd98/library/std/src/panicking.rs:292:27
[INFO] [stdout]   10:     0x57a1f78dab09 - std[70759c8f55707aa4]::panicking::default_hook
[INFO] [stdout]                                at /rustc/dfb0accb7f508ae8be965d8629557221c889dd98/library/std/src/panicking.rs:316:9
[INFO] [stdout]   11:     0x57a1f7660a30 - <alloc[2182bb758b4b3781]::boxed::Box<dyn for<'a, 'b> core[df12db4294e9bfd3]::ops::function::Fn<(&'a std[70759c8f55707aa4]::panic::PanicHookInfo<'b>,), Output = ()> + core[df12db4294e9bfd3]::marker::Send + core[df12db4294e9bfd3]::marker::Sync> as core[df12db4294e9bfd3]::ops::function::Fn<(&std[70759c8f55707aa4]::panic::PanicHookInfo,)>>::call
[INFO] [stdout]                                at /rustc/dfb0accb7f508ae8be965d8629557221c889dd98/library/alloc/src/boxed.rs:2334:9
[INFO] [stdout]   12:     0x57a1f7660a30 - test[9d35eded1c95d3be]::test_main_inner::<test[9d35eded1c95d3be]::test_main_static::{closure#0}>::{closure#0}
[INFO] [stdout]                                at /rustc/dfb0accb7f508ae8be965d8629557221c889dd98/library/test/src/lib.rs:155:21
[INFO] [stdout]   13:     0x57a1f78dae32 - <alloc[2182bb758b4b3781]::boxed::Box<dyn for<'a, 'b> core[df12db4294e9bfd3]::ops::function::Fn<(&'a std[70759c8f55707aa4]::panic::PanicHookInfo<'b>,), Output = ()> + core[df12db4294e9bfd3]::marker::Send + core[df12db4294e9bfd3]::marker::Sync> as core[df12db4294e9bfd3]::ops::function::Fn<(&std[70759c8f55707aa4]::panic::PanicHookInfo,)>>::call
[INFO] [stdout]                                at /rustc/dfb0accb7f508ae8be965d8629557221c889dd98/library/alloc/src/boxed.rs:2334:9
[INFO] [stdout]   14:     0x57a1f78dae32 - std[70759c8f55707aa4]::panicking::panic_with_hook
[INFO] [stdout]                                at /rustc/dfb0accb7f508ae8be965d8629557221c889dd98/library/std/src/panicking.rs:823:13
[INFO] [stdout]   15:     0x57a1f78bd1c2 - std[70759c8f55707aa4]::panicking::panic_handler::{closure#0}
[INFO] [stdout]                                at /rustc/dfb0accb7f508ae8be965d8629557221c889dd98/library/std/src/panicking.rs:688:13
[INFO] [stdout]   16:     0x57a1f78b5d19 - std[70759c8f55707aa4]::sys::backtrace::__rust_end_short_backtrace::<std[70759c8f55707aa4]::panicking::panic_handler::{closure#0}, !>
[INFO] [stdout]                                at /rustc/dfb0accb7f508ae8be965d8629557221c889dd98/library/std/src/sys/backtrace.rs:182:18
[INFO] [stdout]   17:     0x57a1f78be09d - __rustc[8fa7c3cbc660c2b3]::rust_begin_unwind
[INFO] [stdout]                                at /rustc/dfb0accb7f508ae8be965d8629557221c889dd98/library/std/src/panicking.rs:679:5
[INFO] [stdout]   18:     0x57a1f78f9f3c - core[df12db4294e9bfd3]::panicking::panic_fmt
[INFO] [stdout]                                at /rustc/dfb0accb7f508ae8be965d8629557221c889dd98/library/core/src/panicking.rs:80:14
[INFO] [stdout]   19:     0x57a1f78f9dd3 - core[df12db4294e9bfd3]::panicking::assert_failed_inner
[INFO] [stdout]                                at /rustc/dfb0accb7f508ae8be965d8629557221c889dd98/library/core/src/panicking.rs:452:17
[INFO] [stdout]   20:     0x57a1f75f2a06 - core[df12db4294e9bfd3]::panicking::assert_failed::<std[70759c8f55707aa4]::collections::hash::set::HashSet<alloc[2182bb758b4b3781]::string::String>, std[70759c8f55707aa4]::collections::hash::set::HashSet<alloc[2182bb758b4b3781]::string::String>>
[INFO] [stdout]                                at /rustc/dfb0accb7f508ae8be965d8629557221c889dd98/library/core/src/panicking.rs:407:5
[INFO] [stdout]   21:     0x57a1f75b91b5 - persistence[ffd6d304d1b8cca4]::test_combined_rdb_and_aof_load::{closure#0}
[INFO] [stdout]                                at /opt/rustwide/workdir/tests/persistence.rs:304:5
[INFO] [stdout]   22:     0x57a1f76537a2 - <core[df12db4294e9bfd3]::pin::Pin<&mut dyn core[df12db4294e9bfd3]::future::future::Future<Output = ()>> as core[df12db4294e9bfd3]::future::future::Future>::poll
[INFO] [stdout]                                at /rustc/dfb0accb7f508ae8be965d8629557221c889dd98/library/core/src/future/future.rs:133:9
[INFO] [stdout]   23:     0x57a1f765381d - <core[df12db4294e9bfd3]::pin::Pin<&mut core[df12db4294e9bfd3]::pin::Pin<&mut dyn core[df12db4294e9bfd3]::future::future::Future<Output = ()>>> as core[df12db4294e9bfd3]::future::future::Future>::poll
[INFO] [stdout]                                at /rustc/dfb0accb7f508ae8be965d8629557221c889dd98/library/core/src/future/future.rs:133:9
[INFO] [stdout]   24:     0x57a1f7651f5d - <tokio[c587b11c20739442]::runtime::scheduler::current_thread::CoreGuard>::block_on::<core[df12db4294e9bfd3]::pin::Pin<&mut core[df12db4294e9bfd3]::pin::Pin<&mut dyn core[df12db4294e9bfd3]::future::future::Future<Output = ()>>>>::{closure#0}::{closure#0}::{closure#0}
[INFO] [stdout]                                at /opt/rustwide/cargo-home/registry/src/index.crates.io-1949cf8c6b5b557f/tokio-1.50.0/src/runtime/scheduler/current_thread/mod.rs:769:70
[INFO] [stdout]   25:     0x57a1f7651e85 - tokio[c587b11c20739442]::task::coop::with_budget::<core[df12db4294e9bfd3]::task::poll::Poll<()>, <tokio[c587b11c20739442]::runtime::scheduler::current_thread::CoreGuard>::block_on<core[df12db4294e9bfd3]::pin::Pin<&mut core[df12db4294e9bfd3]::pin::Pin<&mut dyn core[df12db4294e9bfd3]::future::future::Future<Output = ()>>>>::{closure#0}::{closure#0}::{closure#0}>
[INFO] [stdout]                                at /opt/rustwide/cargo-home/registry/src/index.crates.io-1949cf8c6b5b557f/tokio-1.50.0/src/task/coop/mod.rs:167:5
[INFO] [stdout]   26:     0x57a1f7651e85 - tokio[c587b11c20739442]::task::coop::budget::<core[df12db4294e9bfd3]::task::poll::Poll<()>, <tokio[c587b11c20739442]::runtime::scheduler::current_thread::CoreGuard>::block_on<core[df12db4294e9bfd3]::pin::Pin<&mut core[df12db4294e9bfd3]::pin::Pin<&mut dyn core[df12db4294e9bfd3]::future::future::Future<Output = ()>>>>::{closure#0}::{closure#0}::{closure#0}>
[INFO] [stdout]                                at /opt/rustwide/cargo-home/registry/src/index.crates.io-1949cf8c6b5b557f/tokio-1.50.0/src/task/coop/mod.rs:133:5
[INFO] [stdout]   27:     0x57a1f7651e85 - <tokio[c587b11c20739442]::runtime::scheduler::current_thread::CoreGuard>::block_on::<core[df12db4294e9bfd3]::pin::Pin<&mut core[df12db4294e9bfd3]::pin::Pin<&mut dyn core[df12db4294e9bfd3]::future::future::Future<Output = ()>>>>::{closure#0}::{closure#0}
[INFO] [stdout]                                at /opt/rustwide/cargo-home/registry/src/index.crates.io-1949cf8c6b5b557f/tokio-1.50.0/src/runtime/scheduler/current_thread/mod.rs:769:25
[INFO] [stdout]   28:     0x57a1f7648752 - <tokio[c587b11c20739442]::runtime::scheduler::current_thread::Context>::enter::<core[df12db4294e9bfd3]::task::poll::Poll<()>, <tokio[c587b11c20739442]::runtime::scheduler::current_thread::CoreGuard>::block_on<core[df12db4294e9bfd3]::pin::Pin<&mut core[df12db4294e9bfd3]::pin::Pin<&mut dyn core[df12db4294e9bfd3]::future::future::Future<Output = ()>>>>::{closure#0}::{closure#0}>
[INFO] [stdout]                                at /opt/rustwide/cargo-home/registry/src/index.crates.io-1949cf8c6b5b557f/tokio-1.50.0/src/runtime/scheduler/current_thread/mod.rs:446:19
[INFO] [stdout]   29:     0x57a1f765117d - <tokio[c587b11c20739442]::runtime::scheduler::current_thread::CoreGuard>::block_on::<core[df12db4294e9bfd3]::pin::Pin<&mut core[df12db4294e9bfd3]::pin::Pin<&mut dyn core[df12db4294e9bfd3]::future::future::Future<Output = ()>>>>::{closure#0}
[INFO] [stdout]                                at /opt/rustwide/cargo-home/registry/src/index.crates.io-1949cf8c6b5b557f/tokio-1.50.0/src/runtime/scheduler/current_thread/mod.rs:768:44
[INFO] [stdout]   30:     0x57a1f7650424 - <tokio[c587b11c20739442]::runtime::scheduler::current_thread::CoreGuard>::enter::<<tokio[c587b11c20739442]::runtime::scheduler::current_thread::CoreGuard>::block_on<core[df12db4294e9bfd3]::pin::Pin<&mut core[df12db4294e9bfd3]::pin::Pin<&mut dyn core[df12db4294e9bfd3]::future::future::Future<Output = ()>>>>::{closure#0}, core[df12db4294e9bfd3]::option::Option<()>>::{closure#0}
[INFO] [stdout]                                at /opt/rustwide/cargo-home/registry/src/index.crates.io-1949cf8c6b5b557f/tokio-1.50.0/src/runtime/scheduler/current_thread/mod.rs:856:68
[INFO] [stdout]   31:     0x57a1f761716b - <tokio[c587b11c20739442]::runtime::context::scoped::Scoped<tokio[c587b11c20739442]::runtime::scheduler::Context>>::set::<<tokio[c587b11c20739442]::runtime::scheduler::current_thread::CoreGuard>::enter<<tokio[c587b11c20739442]::runtime::scheduler::current_thread::CoreGuard>::block_on<core[df12db4294e9bfd3]::pin::Pin<&mut core[df12db4294e9bfd3]::pin::Pin<&mut dyn core[df12db4294e9bfd3]::future::future::Future<Output = ()>>>>::{closure#0}, core[df12db4294e9bfd3]::option::Option<()>>::{closure#0}, (alloc[2182bb758b4b3781]::boxed::Box<tokio[c587b11c20739442]::runtime::scheduler::current_thread::Core>, core[df12db4294e9bfd3]::option::Option<()>)>
[INFO] [stdout]                                at /opt/rustwide/cargo-home/registry/src/index.crates.io-1949cf8c6b5b557f/tokio-1.50.0/src/runtime/context/scoped.rs:40:9
[INFO] [stdout]   32:     0x57a1f7651a69 - tokio[c587b11c20739442]::runtime::context::set_scheduler::<(alloc[2182bb758b4b3781]::boxed::Box<tokio[c587b11c20739442]::runtime::scheduler::current_thread::Core>, core[df12db4294e9bfd3]::option::Option<()>), <tokio[c587b11c20739442]::runtime::scheduler::current_thread::CoreGuard>::enter<<tokio[c587b11c20739442]::runtime::scheduler::current_thread::CoreGuard>::block_on<core[df12db4294e9bfd3]::pin::Pin<&mut core[df12db4294e9bfd3]::pin::Pin<&mut dyn core[df12db4294e9bfd3]::future::future::Future<Output = ()>>>>::{closure#0}, core[df12db4294e9bfd3]::option::Option<()>>::{closure#0}>::{closure#0}
[INFO] [stdout]                                at /opt/rustwide/cargo-home/registry/src/index.crates.io-1949cf8c6b5b557f/tokio-1.50.0/src/runtime/context.rs:176:38
[INFO] [stdout]   33:     0x57a1f75fe4bf - <std[70759c8f55707aa4]::thread::local::LocalKey<tokio[c587b11c20739442]::runtime::context::Context>>::try_with::<tokio[c587b11c20739442]::runtime::context::set_scheduler<(alloc[2182bb758b4b3781]::boxed::Box<tokio[c587b11c20739442]::runtime::scheduler::current_thread::Core>, core[df12db4294e9bfd3]::option::Option<()>), <tokio[c587b11c20739442]::runtime::scheduler::current_thread::CoreGuard>::enter<<tokio[c587b11c20739442]::runtime::scheduler::current_thread::CoreGuard>::block_on<core[df12db4294e9bfd3]::pin::Pin<&mut core[df12db4294e9bfd3]::pin::Pin<&mut dyn core[df12db4294e9bfd3]::future::future::Future<Output = ()>>>>::{closure#0}, core[df12db4294e9bfd3]::option::Option<()>>::{closure#0}>::{closure#0}, (alloc[2182bb758b4b3781]::boxed::Box<tokio[c587b11c20739442]::runtime::scheduler::current_thread::Core>, core[df12db4294e9bfd3]::option::Option<()>)>
[INFO] [stdout]                                at /rustc/dfb0accb7f508ae8be965d8629557221c889dd98/library/std/src/thread/local.rs:463:12
[INFO] [stdout]   34:     0x57a1f75fe06e - <std[70759c8f55707aa4]::thread::local::LocalKey<tokio[c587b11c20739442]::runtime::context::Context>>::with::<tokio[c587b11c20739442]::runtime::context::set_scheduler<(alloc[2182bb758b4b3781]::boxed::Box<tokio[c587b11c20739442]::runtime::scheduler::current_thread::Core>, core[df12db4294e9bfd3]::option::Option<()>), <tokio[c587b11c20739442]::runtime::scheduler::current_thread::CoreGuard>::enter<<tokio[c587b11c20739442]::runtime::scheduler::current_thread::CoreGuard>::block_on<core[df12db4294e9bfd3]::pin::Pin<&mut core[df12db4294e9bfd3]::pin::Pin<&mut dyn core[df12db4294e9bfd3]::future::future::Future<Output = ()>>>>::{closure#0}, core[df12db4294e9bfd3]::option::Option<()>>::{closure#0}>::{closure#0}, (alloc[2182bb758b4b3781]::boxed::Box<tokio[c587b11c20739442]::runtime::scheduler::current_thread::Core>, core[df12db4294e9bfd3]::option::Option<()>)>
[INFO] [stdout]                                at /rustc/dfb0accb7f508ae8be965d8629557221c889dd98/library/std/src/thread/local.rs:427:20
[INFO] [stdout]   35:     0x57a1f764f90d - tokio[c587b11c20739442]::runtime::context::set_scheduler::<(alloc[2182bb758b4b3781]::boxed::Box<tokio[c587b11c20739442]::runtime::scheduler::current_thread::Core>, core[df12db4294e9bfd3]::option::Option<()>), <tokio[c587b11c20739442]::runtime::scheduler::current_thread::CoreGuard>::enter<<tokio[c587b11c20739442]::runtime::scheduler::current_thread::CoreGuard>::block_on<core[df12db4294e9bfd3]::pin::Pin<&mut core[df12db4294e9bfd3]::pin::Pin<&mut dyn core[df12db4294e9bfd3]::future::future::Future<Output = ()>>>>::{closure#0}, core[df12db4294e9bfd3]::option::Option<()>>::{closure#0}>
[INFO] [stdout]                                at /opt/rustwide/cargo-home/registry/src/index.crates.io-1949cf8c6b5b557f/tokio-1.50.0/src/runtime/context.rs:176:17
[INFO] [stdout]   36:     0x57a1f764f520 - <tokio[c587b11c20739442]::runtime::scheduler::current_thread::CoreGuard>::enter::<<tokio[c587b11c20739442]::runtime::scheduler::current_thread::CoreGuard>::block_on<core[df12db4294e9bfd3]::pin::Pin<&mut core[df12db4294e9bfd3]::pin::Pin<&mut dyn core[df12db4294e9bfd3]::future::future::Future<Output = ()>>>>::{closure#0}, core[df12db4294e9bfd3]::option::Option<()>>
[INFO] [stdout]                                at /opt/rustwide/cargo-home/registry/src/index.crates.io-1949cf8c6b5b557f/tokio-1.50.0/src/runtime/scheduler/current_thread/mod.rs:856:27
[INFO] [stdout]   37:     0x57a1f764f816 - <tokio[c587b11c20739442]::runtime::scheduler::current_thread::CoreGuard>::block_on::<core[df12db4294e9bfd3]::pin::Pin<&mut core[df12db4294e9bfd3]::pin::Pin<&mut dyn core[df12db4294e9bfd3]::future::future::Future<Output = ()>>>>
[INFO] [stdout]                                at /opt/rustwide/cargo-home/registry/src/index.crates.io-1949cf8c6b5b557f/tokio-1.50.0/src/runtime/scheduler/current_thread/mod.rs:756:24
[INFO] [stdout]   38:     0x57a1f7650030 - <tokio[c587b11c20739442]::runtime::scheduler::current_thread::CurrentThread>::block_on::<core[df12db4294e9bfd3]::pin::Pin<&mut dyn core[df12db4294e9bfd3]::future::future::Future<Output = ()>>>::{closure#0}
[INFO] [stdout]                                at /opt/rustwide/cargo-home/registry/src/index.crates.io-1949cf8c6b5b557f/tokio-1.50.0/src/runtime/scheduler/current_thread/mod.rs:200:33
[INFO] [stdout]   39:     0x57a1f7606998 - tokio[c587b11c20739442]::runtime::context::runtime::enter_runtime::<<tokio[c587b11c20739442]::runtime::scheduler::current_thread::CurrentThread>::block_on<core[df12db4294e9bfd3]::pin::Pin<&mut dyn core[df12db4294e9bfd3]::future::future::Future<Output = ()>>>::{closure#0}, ()>
[INFO] [stdout]                                at /opt/rustwide/cargo-home/registry/src/index.crates.io-1949cf8c6b5b557f/tokio-1.50.0/src/runtime/context/runtime.rs:65:16
[INFO] [stdout]   40:     0x57a1f7648314 - <tokio[c587b11c20739442]::runtime::scheduler::current_thread::CurrentThread>::block_on::<core[df12db4294e9bfd3]::pin::Pin<&mut dyn core[df12db4294e9bfd3]::future::future::Future<Output = ()>>>
[INFO] [stdout]                                at /opt/rustwide/cargo-home/registry/src/index.crates.io-1949cf8c6b5b557f/tokio-1.50.0/src/runtime/scheduler/current_thread/mod.rs:188:9
[INFO] [stdout]   41:     0x57a1f762585f - <tokio[c587b11c20739442]::runtime::runtime::Runtime>::block_on_inner::<core[df12db4294e9bfd3]::pin::Pin<&mut dyn core[df12db4294e9bfd3]::future::future::Future<Output = ()>>>
[INFO] [stdout]                                at /opt/rustwide/cargo-home/registry/src/index.crates.io-1949cf8c6b5b557f/tokio-1.50.0/src/runtime/runtime.rs:371:52
[INFO] [stdout]   42:     0x57a1f76259ab - <tokio[c587b11c20739442]::runtime::runtime::Runtime>::block_on::<core[df12db4294e9bfd3]::pin::Pin<&mut dyn core[df12db4294e9bfd3]::future::future::Future<Output = ()>>>
[INFO] [stdout]                                at /opt/rustwide/cargo-home/registry/src/index.crates.io-1949cf8c6b5b557f/tokio-1.50.0/src/runtime/runtime.rs:345:18
[INFO] [stdout]   43:     0x57a1f75c9a73 - persistence[ffd6d304d1b8cca4]::test_combined_rdb_and_aof_load
[INFO] [stdout]                                at /opt/rustwide/workdir/tests/persistence.rs:315:50
[INFO] [stdout]   44:     0x57a1f75b3147 - persistence[ffd6d304d1b8cca4]::test_combined_rdb_and_aof_load::{closure#0}
[INFO] [stdout]                                at /opt/rustwide/workdir/tests/persistence.rs:253:42
[INFO] [stdout]   45:     0x57a1f75aa1a6 - <persistence[ffd6d304d1b8cca4]::test_combined_rdb_and_aof_load::{closure#0} as core[df12db4294e9bfd3]::ops::function::FnOnce<()>>::call_once
[INFO] [stdout]                                at /rustc/dfb0accb7f508ae8be965d8629557221c889dd98/library/core/src/ops/function.rs:250:5
[INFO] [stdout]   46:     0x57a1f7653d1b - <fn() -> core[df12db4294e9bfd3]::result::Result<(), alloc[2182bb758b4b3781]::string::String> as core[df12db4294e9bfd3]::ops::function::FnOnce<()>>::call_once
[INFO] [stdout]                                at /rustc/dfb0accb7f508ae8be965d8629557221c889dd98/library/core/src/ops/function.rs:250:5
[INFO] [stdout]   47:     0x57a1f7653d1b - test[9d35eded1c95d3be]::__rust_begin_short_backtrace::<core[df12db4294e9bfd3]::result::Result<(), alloc[2182bb758b4b3781]::string::String>, fn() -> core[df12db4294e9bfd3]::result::Result<(), alloc[2182bb758b4b3781]::string::String>>
[INFO] [stdout]                                at /rustc/dfb0accb7f508ae8be965d8629557221c889dd98/library/test/src/lib.rs:733:18
[INFO] [stdout]   48:     0x57a1f7661385 - test[9d35eded1c95d3be]::run_test_in_process::{closure#0}
[INFO] [stdout]                                at /rustc/dfb0accb7f508ae8be965d8629557221c889dd98/library/test/src/lib.rs:756:74
[INFO] [stdout]   49:     0x57a1f7661385 - <core[df12db4294e9bfd3]::panic::unwind_safe::AssertUnwindSafe<test[9d35eded1c95d3be]::run_test_in_process::{closure#0}> as core[df12db4294e9bfd3]::ops::function::FnOnce<()>>::call_once
[INFO] [stdout]                                at /rustc/dfb0accb7f508ae8be965d8629557221c889dd98/library/core/src/panic/unwind_safe.rs:275:9
[INFO] [stdout]   50:     0x57a1f7661385 - std[70759c8f55707aa4]::panicking::catch_unwind::do_call::<core[df12db4294e9bfd3]::panic::unwind_safe::AssertUnwindSafe<test[9d35eded1c95d3be]::run_test_in_process::{closure#0}>, core[df12db4294e9bfd3]::result::Result<(), alloc[2182bb758b4b3781]::string::String>>
[INFO] [stdout]                                at /rustc/dfb0accb7f508ae8be965d8629557221c889dd98/library/std/src/panicking.rs:576:43
[INFO] [stdout]   51:     0x57a1f7661385 - std[70759c8f55707aa4]::panicking::catch_unwind::<core[df12db4294e9bfd3]::result::Result<(), alloc[2182bb758b4b3781]::string::String>, core[df12db4294e9bfd3]::panic::unwind_safe::AssertUnwindSafe<test[9d35eded1c95d3be]::run_test_in_process::{closure#0}>>
[INFO] [stdout]                                at /rustc/dfb0accb7f508ae8be965d8629557221c889dd98/library/std/src/panicking.rs:544:19
[INFO] [stdout]   52:     0x57a1f7661385 - std[70759c8f55707aa4]::panic::catch_unwind::<core[df12db4294e9bfd3]::panic::unwind_safe::AssertUnwindSafe<test[9d35eded1c95d3be]::run_test_in_process::{closure#0}>, core[df12db4294e9bfd3]::result::Result<(), alloc[2182bb758b4b3781]::string::String>>
[INFO] [stdout]                                at /rustc/dfb0accb7f508ae8be965d8629557221c889dd98/library/std/src/panic.rs:359:14
[INFO] [stdout]   53:     0x57a1f7661385 - test[9d35eded1c95d3be]::run_test_in_process
[INFO] [stdout]                                at /rustc/dfb0accb7f508ae8be965d8629557221c889dd98/library/test/src/lib.rs:756:27
[INFO] [stdout]   54:     0x57a1f7661385 - test[9d35eded1c95d3be]::run_test::{closure#0}
[INFO] [stdout]                                at /rustc/dfb0accb7f508ae8be965d8629557221c889dd98/library/test/src/lib.rs:677:43
[INFO] [stdout]   55:     0x57a1f765ac44 - test[9d35eded1c95d3be]::run_test::{closure#1}
[INFO] [stdout]                                at /rustc/dfb0accb7f508ae8be965d8629557221c889dd98/library/test/src/lib.rs:707:41
[INFO] [stdout]   56:     0x57a1f765ac44 - std[70759c8f55707aa4]::sys::backtrace::__rust_begin_short_backtrace::<test[9d35eded1c95d3be]::run_test::{closure#1}, ()>
[INFO] [stdout]                                at /rustc/dfb0accb7f508ae8be965d8629557221c889dd98/library/std/src/sys/backtrace.rs:166:18
[INFO] [stdout]   57:     0x57a1f76644e2 - std[70759c8f55707aa4]::thread::lifecycle::spawn_unchecked::<test[9d35eded1c95d3be]::run_test::{closure#1}, ()>::{closure#1}::{closure#0}
[INFO] [stdout]                                at /rustc/dfb0accb7f508ae8be965d8629557221c889dd98/library/std/src/thread/lifecycle.rs:70:13
[INFO] [stdout]   58:     0x57a1f76644e2 - <core[df12db4294e9bfd3]::panic::unwind_safe::AssertUnwindSafe<std[70759c8f55707aa4]::thread::lifecycle::spawn_unchecked<test[9d35eded1c95d3be]::run_test::{closure#1}, ()>::{closure#1}::{closure#0}> as core[df12db4294e9bfd3]::ops::function::FnOnce<()>>::call_once
[INFO] [stdout]                                at /rustc/dfb0accb7f508ae8be965d8629557221c889dd98/library/core/src/panic/unwind_safe.rs:275:9
[INFO] [stdout]   59:     0x57a1f76644e2 - std[70759c8f55707aa4]::panicking::catch_unwind::do_call::<core[df12db4294e9bfd3]::panic::unwind_safe::AssertUnwindSafe<std[70759c8f55707aa4]::thread::lifecycle::spawn_unchecked<test[9d35eded1c95d3be]::run_test::{closure#1}, ()>::{closure#1}::{closure#0}>, ()>
[INFO] [stdout]                                at /rustc/dfb0accb7f508ae8be965d8629557221c889dd98/library/std/src/panicking.rs:576:43
[INFO] [stdout]   60:     0x57a1f76644e2 - std[70759c8f55707aa4]::panicking::catch_unwind::<(), core[df12db4294e9bfd3]::panic::unwind_safe::AssertUnwindSafe<std[70759c8f55707aa4]::thread::lifecycle::spawn_unchecked<test[9d35eded1c95d3be]::run_test::{closure#1}, ()>::{closure#1}::{closure#0}>>
[INFO] [stdout]                                at /rustc/dfb0accb7f508ae8be965d8629557221c889dd98/library/std/src/panicking.rs:544:19
[INFO] [stdout]   61:     0x57a1f76644e2 - std[70759c8f55707aa4]::panic::catch_unwind::<core[df12db4294e9bfd3]::panic::unwind_safe::AssertUnwindSafe<std[70759c8f55707aa4]::thread::lifecycle::spawn_unchecked<test[9d35eded1c95d3be]::run_test::{closure#1}, ()>::{closure#1}::{closure#0}>, ()>
[INFO] [stdout]                                at /rustc/dfb0accb7f508ae8be965d8629557221c889dd98/library/std/src/panic.rs:359:14
[INFO] [stdout]   62:     0x57a1f76644e2 - std[70759c8f55707aa4]::thread::lifecycle::spawn_unchecked::<test[9d35eded1c95d3be]::run_test::{closure#1}, ()>::{closure#1}
[INFO] [stdout]                                at /rustc/dfb0accb7f508ae8be965d8629557221c889dd98/library/std/src/thread/lifecycle.rs:68:26
[INFO] [stdout]   63:     0x57a1f76644e2 - <std[70759c8f55707aa4]::thread::lifecycle::spawn_unchecked<test[9d35eded1c95d3be]::run_test::{closure#1}, ()>::{closure#1} as core[df12db4294e9bfd3]::ops::function::FnOnce<()>>::call_once::{shim:vtable#0}
[INFO] [stdout]                                at /rustc/dfb0accb7f508ae8be965d8629557221c889dd98/library/core/src/ops/function.rs:250:5
[INFO] [stdout]   64:     0x57a1f78e2829 - <alloc[2182bb758b4b3781]::boxed::Box<dyn core[df12db4294e9bfd3]::ops::function::FnOnce<(), Output = ()> + core[df12db4294e9bfd3]::marker::Send> as core[df12db4294e9bfd3]::ops::function::FnOnce<()>>::call_once
[INFO] [stdout]                                at /rustc/dfb0accb7f508ae8be965d8629557221c889dd98/library/alloc/src/boxed.rs:2320:9
[INFO] [stdout]   65:     0x57a1f78e2829 - <std[70759c8f55707aa4]::sys::thread::unix::Thread>::new::thread_start
[INFO] [stdout]                                at /rustc/dfb0accb7f508ae8be965d8629557221c889dd98/library/std/src/sys/thread/unix.rs:123:17
[INFO] [stdout]   66:     0x7d12d27cedfa - <unknown>
[INFO] [stdout]   67:     0x7d12d28623d4 - clone
[INFO] [stdout]   68:                0x0 - <unknown>
[INFO] [stdout] 
[INFO] [stdout] 
[INFO] [stdout] failures:
[INFO] [stdout]     test_combined_rdb_and_aof_load
[INFO] [stdout] 
[INFO] [stdout] test result: FAILED. 7 passed; 1 failed; 0 ignored; 0 measured; 0 filtered out; finished in 2.22s
[INFO] [stdout] 
[INFO] [stderr] error: test failed, to rerun pass `--test persistence`
[INFO] running `Command { std: "docker" "inspect" "b96b37b2aebe6674887f3e4fa511c2c94b31790e1e54cf6751ec4483834a7935", kill_on_drop: false }`
[INFO] running `Command { std: "docker" "rm" "-f" "b96b37b2aebe6674887f3e4fa511c2c94b31790e1e54cf6751ec4483834a7935", kill_on_drop: false }`
[INFO] [stdout] b96b37b2aebe6674887f3e4fa511c2c94b31790e1e54cf6751ec4483834a7935
