[INFO] fetching crate ez-q 0.0.1-alpha.3...
[INFO] testing ez-q-0.0.1-alpha.3 against 1.100.0-beta.1 for beta-1.100-4
[INFO] extracting crate ez-q 0.0.1-alpha.3 into /workspace/builds/worker-0-tc2/source
[INFO] started tweaking crates.io crate ez-q 0.0.1-alpha.3
[INFO] finished tweaking crates.io crate ez-q 0.0.1-alpha.3
[INFO] tweaked toml for crates.io crate ez-q 0.0.1-alpha.3 written to /workspace/builds/worker-0-tc2/source/Cargo.toml
[INFO] validating manifest of crates.io crate ez-q 0.0.1-alpha.3 on toolchain 1.100.0-beta.1
[INFO] running `Command { std: CARGO_HOME="/workspace/cargo-home" RUSTUP_HOME="/workspace/rustup-home" "/workspace/cargo-home/bin/cargo" "+1.100.0-beta.1" "metadata" "--manifest-path" "Cargo.toml" "--no-deps", kill_on_drop: false }`
[INFO] crate crates.io crate ez-q 0.0.1-alpha.3 already has a lockfile, it will not be regenerated
[INFO] running `Command { std: CARGO_HOME="/workspace/cargo-home" RUSTUP_HOME="/workspace/rustup-home" "/workspace/cargo-home/bin/cargo" "+1.100.0-beta.1" "fetch" "--manifest-path" "Cargo.toml", kill_on_drop: false }`
[INFO] [stderr] warning: Cargo.toml: only one of `license` or `license-file` is necessary
[INFO] [stderr] `license` should be used if the package license can be expressed with a standard SPDX expression.
[INFO] [stderr] `license-file` should be used if the package uses a non-standard license.
[INFO] [stderr] See https://doc.rust-lang.org/cargo/reference/manifest.html#the-license-and-license-file-fields for more information.
[INFO] [stderr] warning: `ez-q` (manifest) generated 1 warning
[INFO] [stderr]     Blocking waiting for file lock on package cache
[INFO] running `Command { std: "docker" "create" "-v" "/var/lib/crater-agent-workspace/builds/worker-0-tc2/source:/opt/rustwide/workdir:ro,Z" "-v" "/var/lib/crater-agent-workspace/builds/worker-0-tc2/target:/opt/rustwide/target:rw,Z" "-v" "/var/lib/crater-agent-workspace/cargo-home:/opt/rustwide/cargo-home:ro,Z" "-v" "/var/lib/crater-agent-workspace/rustup-home:/opt/rustwide/rustup-home:ro,Z" "-m" "1610612736" "--network" "none" "ghcr.io/rust-lang/crates-build-env/linux@sha256:77db811e55d90add9212f6832c23229e3de5f1c1f9905e8cb07319ea15df73ac" "sleep" "infinity", kill_on_drop: false }`
[INFO] [stdout] 9a74d922dabf22eac780a54490e2f0a1e88734a055e393668260881e72cbcb97
[INFO] running `Command { std: "docker" "start" "9a74d922dabf22eac780a54490e2f0a1e88734a055e393668260881e72cbcb97", kill_on_drop: false }`
[INFO] running `Command { std: "docker" "inspect" "9a74d922dabf22eac780a54490e2f0a1e88734a055e393668260881e72cbcb97", kill_on_drop: false }`
[INFO] running `Command { std: "docker" "exec" "-e" "SOURCE_DIR=/opt/rustwide/workdir" "-e" "CARGO_HOME=/opt/rustwide/cargo-home" "-e" "RUSTUP_HOME=/opt/rustwide/rustup-home" "-e" "CARGO_TARGET_DIR=/opt/rustwide/target" "-w" "/opt/rustwide/workdir" "--user" "0:0" "9a74d922dabf22eac780a54490e2f0a1e88734a055e393668260881e72cbcb97" "/opt/rustwide/cargo-home/bin/cargo" "+1.100.0-beta.1" "metadata" "--no-deps" "--format-version=1", kill_on_drop: false }`
[INFO] running `Command { std: "docker" "inspect" "9a74d922dabf22eac780a54490e2f0a1e88734a055e393668260881e72cbcb97", kill_on_drop: false }`
[INFO] running `Command { std: "docker" "exec" "-e" "SOURCE_DIR=/opt/rustwide/workdir" "-e" "CARGO_HOME=/opt/rustwide/cargo-home" "-e" "RUSTUP_HOME=/opt/rustwide/rustup-home" "-e" "CARGO_TARGET_DIR=/opt/rustwide/target" "-e" "CARGO_INCREMENTAL=0" "-e" "RUST_BACKTRACE=full" "-e" "RUSTFLAGS=--cap-lints=warn" "-e" "RUSTDOCFLAGS=--cap-lints=warn" "-w" "/opt/rustwide/workdir" "--user" "0:0" "9a74d922dabf22eac780a54490e2f0a1e88734a055e393668260881e72cbcb97" "/opt/rustwide/cargo-home/bin/cargo" "+1.100.0-beta.1" "build" "--frozen" "--message-format=json", kill_on_drop: false }`
[INFO] [stderr] warning: Cargo.toml: only one of `license` or `license-file` is necessary
[INFO] [stderr] `license` should be used if the package license can be expressed with a standard SPDX expression.
[INFO] [stderr] `license-file` should be used if the package uses a non-standard license.
[INFO] [stderr] See https://doc.rust-lang.org/cargo/reference/manifest.html#the-license-and-license-file-fields for more information.
[INFO] [stderr] warning: `ez-q` (manifest) generated 1 warning
[INFO] [stderr]    Compiling libc v0.2.119
[INFO] [stderr]    Compiling proc-macro2 v1.0.36
[INFO] [stderr]    Compiling unicode-xid v0.2.2
[INFO] [stderr]    Compiling syn v1.0.86
[INFO] [stderr]    Compiling memchr v2.4.1
[INFO] [stderr]    Compiling log v0.4.14
[INFO] [stderr]    Compiling bytes v1.1.0
[INFO] [stderr]    Compiling pin-project-lite v0.2.8
[INFO] [stderr]    Compiling futures-core v0.3.21
[INFO] [stderr]    Compiling smallvec v1.8.0
[INFO] [stderr]    Compiling scopeguard v1.1.0
[INFO] [stderr]    Compiling parking_lot_core v0.9.1
[INFO] [stderr]    Compiling once_cell v1.9.0
[INFO] [stderr]    Compiling futures-sink v0.3.21
[INFO] [stderr]    Compiling generic-array v0.14.5
[INFO] [stderr]    Compiling futures-task v0.3.21
[INFO] [stderr]    Compiling futures-channel v0.3.21
[INFO] [stderr]    Compiling lock_api v0.4.6
[INFO] [stderr]    Compiling itoa v1.0.1
[INFO] [stderr]    Compiling futures-util v0.3.21
[INFO] [stderr]    Compiling regex-syntax v0.6.25
[INFO] [stderr]    Compiling futures-io v0.3.21
[INFO] [stderr]    Compiling pkg-config v0.3.24
[INFO] [stderr]    Compiling slab v0.4.5
[INFO] [stderr]    Compiling ryu v1.0.9
[INFO] [stderr]    Compiling serde_derive v1.0.136
[INFO] [stderr]    Compiling percent-encoding v2.1.0
[INFO] [stderr]    Compiling num-traits v0.2.14
[INFO] [stderr]    Compiling serde v1.0.136
[INFO] [stderr]    Compiling ppv-lite86 v0.2.16
[INFO] [stderr]    Compiling lazy_static v1.4.0
[INFO] [stderr]    Compiling matches v0.1.9
[INFO] [stderr]    Compiling radium v0.5.3
[INFO] [stderr]    Compiling tinyvec_macros v0.1.0
[INFO] [stderr]    Compiling indexmap v1.8.0
[INFO] [stderr]    Compiling miniz_oxide v0.4.4
[INFO] [stderr]    Compiling zstd-safe v4.1.4+zstd.1.5.2
[INFO] [stderr]    Compiling tinyvec v1.5.1
[INFO] [stderr]    Compiling openssl v0.10.38
[INFO] [stderr]    Compiling local-waker v0.1.2
[INFO] [stderr]    Compiling quote v1.0.15
[INFO] [stderr]    Compiling lexical-core v0.7.6
[INFO] [stderr]    Compiling alloc-no-stdlib v2.0.3
[INFO] [stderr]    Compiling crc32fast v1.3.2
[INFO] [stderr]    Compiling cpufeatures v0.2.1
[INFO] [stderr]    Compiling http v0.2.6
[INFO] [stderr]    Compiling bytestring v1.0.0
[INFO] [stderr]    Compiling alloc-stdlib v0.2.1
[INFO] [stderr]    Compiling tracing-core v0.1.22
[INFO] [stderr]    Compiling aho-corasick v0.7.18
[INFO] [stderr]    Compiling crypto-common v0.1.3
[INFO] [stderr]    Compiling block-buffer v0.10.2
[INFO] [stderr]    Compiling form_urlencoded v1.0.1
[INFO] [stderr]    Compiling ahash v0.7.6
[INFO] [stderr]    Compiling nom v6.1.2
[INFO] [stderr]    Compiling firestorm v0.5.0
[INFO] [stderr]    Compiling jobserver v0.1.24
[INFO] [stderr]    Compiling signal-hook-registry v1.4.0
[INFO] [stderr]    Compiling mio v0.8.0
[INFO] [stderr]    Compiling socket2 v0.4.4
[INFO] [stderr]    Compiling num_cpus v1.13.1
[INFO] [stderr]    Compiling getrandom v0.2.5
[INFO] [stderr]    Compiling cc v1.0.73
[INFO] [stderr]    Compiling rand_core v0.6.3
[INFO] [stderr]    Compiling parking_lot v0.12.0
[INFO] [stderr]    Compiling unicode-normalization v0.1.19
[INFO] [stderr]    Compiling atty v0.2.14
[INFO] [stderr]    Compiling hashbrown v0.11.2
[INFO] [stderr]    Compiling quick-error v1.2.3
[INFO] [stderr]    Compiling arrayvec v0.5.2
[INFO] [stderr]    Compiling rand_chacha v0.3.1
[INFO] [stderr]    Compiling wyz v0.2.0
[INFO] [stderr]    Compiling funty v1.1.0
[INFO] [stderr]    Compiling parking_lot_core v0.8.5
[INFO] [stderr]    Compiling crc16 v0.4.0
[INFO] [stderr]    Compiling paste v1.0.6
[INFO] [stderr]    Compiling rand v0.8.5
[INFO] [stderr]    Compiling termcolor v1.1.3
[INFO] [stderr]    Compiling regex v1.5.4
[INFO] [stderr]    Compiling tap v1.0.1
[INFO] [stderr]    Compiling unicode-bidi v0.3.7
[INFO] [stderr]    Compiling encoding_rs v0.8.30
[INFO] [stderr]    Compiling httparse v1.6.0
[INFO] [stderr]    Compiling adler v1.0.2
[INFO] [stderr]    Compiling native-tls v0.2.8
[INFO] [stderr]    Compiling bitvec v0.19.6
[INFO] [stderr]    Compiling actix-service v2.0.2
[INFO] [stderr]    Compiling openssl-sys v0.9.72
[INFO] [stderr]    Compiling zstd-sys v1.6.3+zstd.1.5.2
[INFO] [stderr]    Compiling idna v0.2.3
[INFO] [stderr]    Compiling humantime v1.3.0
[INFO] [stderr]    Compiling tracing v0.1.31
[INFO] [stderr]    Compiling digest v0.10.3
[INFO] [stderr]    Compiling brotli-decompressor v2.3.2
[INFO] [stderr]    Compiling actix-utils v3.0.0
[INFO] [stderr]    Compiling cookie v0.16.0
[INFO] [stderr]    Compiling num-integer v0.1.44
[INFO] [stderr]    Compiling instant v0.1.12
[INFO] [stderr]    Compiling semver v1.0.6
[INFO] [stderr]    Compiling async-trait v0.1.52
[INFO] [stderr]    Compiling num_threads v0.1.3
[INFO] [stderr]    Compiling either v1.6.1
[INFO] [stderr]    Compiling time-macros v0.2.3
[INFO] [stderr]    Compiling convert_case v0.4.0
[INFO] [stderr]    Compiling serde_json v1.0.79
[INFO] [stderr]    Compiling url v2.2.2
[INFO] [stderr]    Compiling bytes-utils v0.1.2
[INFO] [stderr]    Compiling flate2 v1.0.22
[INFO] [stderr]    Compiling sha-1 v0.10.0
[INFO] [stderr]    Compiling env_logger v0.7.1
[INFO] [stderr]    Compiling block-buffer v0.9.0
[INFO] [stderr]    Compiling time v0.3.7
[INFO] [stderr]    Compiling digest v0.9.0
[INFO] [stderr]    Compiling cookie-factory v0.3.2
[INFO] [stderr]    Compiling anyhow v1.0.56
[INFO] [stderr]    Compiling mime v0.3.16
[INFO] [stderr]    Compiling httpdate v1.0.2
[INFO] [stderr]    Compiling sha-1 v0.9.8
[INFO] [stderr]    Compiling pretty_env_logger v0.4.0
[INFO] [stderr]    Compiling parking_lot v0.11.2
[INFO] [stderr]    Compiling float-cmp v0.8.0
[INFO] [stderr]    Compiling time v0.1.43
[INFO] [stderr]    Compiling humantime v2.1.0
[INFO] [stderr]    Compiling arc-swap v1.5.0
[INFO] [stderr]    Compiling brotli v3.3.3
[INFO] [stderr]    Compiling arcstr v1.1.3
[INFO] [stderr]    Compiling chrono v0.4.19
[INFO] [stderr]    Compiling env_logger v0.9.0
[INFO] [stderr]    Compiling uuid v1.0.0-alpha.1
[INFO] [stderr]    Compiling tokio-macros v1.7.0
[INFO] [stderr]    Compiling futures-macro v0.3.21
[INFO] [stderr]    Compiling tokio v1.17.0
[INFO] [stderr]    Compiling actix-router v0.5.0
[INFO] [stderr]    Compiling derive_more v0.99.17
[INFO] [stderr]    Compiling actix-macros v0.2.3
[INFO] [stderr]    Compiling redis-protocol v4.0.1
[INFO] [stderr]    Compiling actix-web-codegen v4.0.0
[INFO] [stderr]    Compiling local-channel v0.1.2
[INFO] [stderr]    Compiling futures-executor v0.3.21
[INFO] [stderr]    Compiling tokio-util v0.6.9
[INFO] [stderr]    Compiling tokio-util v0.7.0
[INFO] [stderr]    Compiling actix-rt v2.6.0
[INFO] [stderr]    Compiling h2 v0.3.11
[INFO] [stderr]    Compiling actix-codec v0.5.0
[INFO] [stderr]    Compiling actix-server v2.0.0
[INFO] [stderr]    Compiling tokio-native-tls v0.3.0
[INFO] [stderr]    Compiling tokio-stream v0.1.8
[INFO] [stderr]    Compiling futures v0.3.21
[INFO] [stderr]    Compiling fred v5.0.0
[INFO] [stderr]    Compiling serde_urlencoded v0.7.1
[INFO] [stderr]    Compiling zstd v0.10.0+zstd.1.5.2
[INFO] [stderr]    Compiling actix-http v3.0.0
[INFO] [stderr]    Compiling actix-web v4.0.1
[INFO] [stderr]    Compiling ez-q v0.0.1-alpha.3 (/opt/rustwide/workdir)
[INFO] [stdout] error[E0277]: the trait bound `!: FromRedis` is not satisfied
[INFO] [stdout]    --> src/core/add_message_to_complete.rs:10:10
[INFO] [stdout]     |
[INFO] [stdout]  10 |         .hset(redis_keys::complete(), (id, RedisValue::Integer(now)))
[INFO] [stdout]     |          ^^^^ the trait `FromRedis` is not implemented for `!`
[INFO] [stdout]     |
[INFO] [stdout]     = help: the following other types implement trait `FromRedis`:
[INFO] [stdout]               ()
[INFO] [stdout]               (T12,)
[INFO] [stdout]               (T11, T12)
[INFO] [stdout]               (T10, T11, T12)
[INFO] [stdout]               (T9, T10, T11, T12)
[INFO] [stdout]               (T8, T9, T10, T11, T12)
[INFO] [stdout]               (T7, T8, T9, T10, T11, T12)
[INFO] [stdout]               (T6, T7, T8, T9, T10, T11, T12)
[INFO] [stdout]             and 31 others
[INFO] [stdout]     = note: this error might have been caused by changes to Rust's type-inference algorithm (see issue #148922 <https://github.com/rust-lang/rust/issues/148922> for more information)
[INFO] [stdout]     = help: you might have intended to use the type `()` here instead
[INFO] [stdout] note: required by a bound in `hset`
[INFO] [stdout]    --> /opt/rustwide/cargo-home/registry/src/index.crates.io-1949cf8c6b5b557f/fred-5.0.0/src/commands/interfaces/hashes.rs:167:8
[INFO] [stdout]     |
[INFO] [stdout]   8 | pub trait HashesInterface: ClientLike + Sized {
[INFO] [stdout] ...
[INFO] [stdout] 165 |   fn hset<R, K, V>(&self, key: K, values: V) -> AsyncResult<R>
[INFO] [stdout] 166 |   where
[INFO] [stdout] 167 |     R: FromRedis + Unpin + Send,
[INFO] [stdout]     |        ^^^^^^^^^ required by this bound in `HashesInterface::hset`
[INFO] [stdout] 
[INFO] [stdout] 
[INFO] [stdout] error[E0277]: the trait bound `!: FromRedis` is not satisfied
[INFO] [stdout]    --> src/core/add_message_to_failed.rs:10:10
[INFO] [stdout]     |
[INFO] [stdout]  10 |         .hset(redis_keys::failed(), (id, RedisValue::Integer(now)))
[INFO] [stdout]     |          ^^^^ the trait `FromRedis` is not implemented for `!`
[INFO] [stdout]     |
[INFO] [stdout]     = help: the following other types implement trait `FromRedis`:
[INFO] [stdout]               ()
[INFO] [stdout]               (T12,)
[INFO] [stdout]               (T11, T12)
[INFO] [stdout]               (T10, T11, T12)
[INFO] [stdout]               (T9, T10, T11, T12)
[INFO] [stdout]               (T8, T9, T10, T11, T12)
[INFO] [stdout]               (T7, T8, T9, T10, T11, T12)
[INFO] [stdout]               (T6, T7, T8, T9, T10, T11, T12)
[INFO] [stdout]             and 31 others
[INFO] [stdout]     = note: this error might have been caused by changes to Rust's type-inference algorithm (see issue #148922 <https://github.com/rust-lang/rust/issues/148922> for more information)
[INFO] [stdout]     = help: you might have intended to use the type `()` here instead
[INFO] [stdout] note: required by a bound in `hset`
[INFO] [stdout]    --> /opt/rustwide/cargo-home/registry/src/index.crates.io-1949cf8c6b5b557f/fred-5.0.0/src/commands/interfaces/hashes.rs:167:8
[INFO] [stdout]     |
[INFO] [stdout]   8 | pub trait HashesInterface: ClientLike + Sized {
[INFO] [stdout] ...
[INFO] [stdout] 165 |   fn hset<R, K, V>(&self, key: K, values: V) -> AsyncResult<R>
[INFO] [stdout] 166 |   where
[INFO] [stdout] 167 |     R: FromRedis + Unpin + Send,
[INFO] [stdout]     |        ^^^^^^^^^ required by this bound in `HashesInterface::hset`
[INFO] [stdout] 
[INFO] [stdout] 
[INFO] [stdout] error[E0277]: the trait bound `!: FromRedis` is not satisfied
[INFO] [stdout]    --> src/core/add_message_to_processing.rs:10:10
[INFO] [stdout]     |
[INFO] [stdout]  10 |         .hset(redis_keys::processing(), (id, RedisValue::Integer(now)))
[INFO] [stdout]     |          ^^^^ the trait `FromRedis` is not implemented for `!`
[INFO] [stdout]     |
[INFO] [stdout]     = help: the following other types implement trait `FromRedis`:
[INFO] [stdout]               ()
[INFO] [stdout]               (T12,)
[INFO] [stdout]               (T11, T12)
[INFO] [stdout]               (T10, T11, T12)
[INFO] [stdout]               (T9, T10, T11, T12)
[INFO] [stdout]               (T8, T9, T10, T11, T12)
[INFO] [stdout]               (T7, T8, T9, T10, T11, T12)
[INFO] [stdout]               (T6, T7, T8, T9, T10, T11, T12)
[INFO] [stdout]             and 31 others
[INFO] [stdout]     = note: this error might have been caused by changes to Rust's type-inference algorithm (see issue #148922 <https://github.com/rust-lang/rust/issues/148922> for more information)
[INFO] [stdout]     = help: you might have intended to use the type `()` here instead
[INFO] [stdout] note: required by a bound in `hset`
[INFO] [stdout]    --> /opt/rustwide/cargo-home/registry/src/index.crates.io-1949cf8c6b5b557f/fred-5.0.0/src/commands/interfaces/hashes.rs:167:8
[INFO] [stdout]     |
[INFO] [stdout]   8 | pub trait HashesInterface: ClientLike + Sized {
[INFO] [stdout] ...
[INFO] [stdout] 165 |   fn hset<R, K, V>(&self, key: K, values: V) -> AsyncResult<R>
[INFO] [stdout] 166 |   where
[INFO] [stdout] 167 |     R: FromRedis + Unpin + Send,
[INFO] [stdout]     |        ^^^^^^^^^ required by this bound in `HashesInterface::hset`
[INFO] [stdout] 
[INFO] [stdout] 
[INFO] [stdout] For more information about this error, try `rustc --explain E0277`.
[INFO] [stdout] 
[INFO] [stderr] error: could not compile `ez-q` (bin "ez-q") due to 3 previous errors
[INFO] running `Command { std: "docker" "inspect" "9a74d922dabf22eac780a54490e2f0a1e88734a055e393668260881e72cbcb97", kill_on_drop: false }`
[INFO] running `Command { std: "docker" "rm" "-f" "9a74d922dabf22eac780a54490e2f0a1e88734a055e393668260881e72cbcb97", kill_on_drop: false }`
[INFO] [stdout] 9a74d922dabf22eac780a54490e2f0a1e88734a055e393668260881e72cbcb97
